From mboxrd@z Thu Jan 1 00:00:00 1970 From: Platform Team regression test user Subject: [linux-3.14 baseline-only test] 44329: tolerable FAIL Date: Thu, 14 Apr 2016 02:54:23 +0100 Message-ID: Mime-Version: 1.0 Content-Type: multipart/mixed; boundary="===============1031962753117727459==" Return-path: List-Unsubscribe: , List-Post: List-Help: List-Subscribe: , Errors-To: xen-devel-bounces@lists.xen.org Sender: "Xen-devel" To: xen-devel@lists.xensource.com, osstest-admin@xenproject.org List-Id: xen-devel@lists.xenproject.org --===============1031962753117727459== Content-Type: text/plain This run is configured for baseline tests only. flight 44329 linux-3.14 real [real] http://osstest.xs.citrite.net/~osstest/testlogs/logs/44329/ Failures :-/ but no regressions. Regressions which are regarded as allowable (not blocking): build-amd64-rumpuserxen 6 xen-build fail like 44255 build-i386-rumpuserxen 6 xen-build fail like 44255 test-amd64-amd64-xl-credit2 19 guest-start/debian.repeat fail like 44255 test-amd64-amd64-xl-qemuu-win7-amd64 16 guest-stop fail like 44255 test-amd64-amd64-xl-qemut-win7-amd64 16 guest-stop fail like 44255 test-amd64-i386-xl-qemuu-win7-amd64 16 guest-stop fail like 44255 Tests which did not succeed, but are not blocking: test-amd64-i386-rumpuserxen-i386 1 build-check(1) blocked n/a test-amd64-amd64-rumpuserxen-amd64 1 build-check(1) blocked n/a test-amd64-amd64-xl-pvh-amd 11 guest-start fail never pass test-amd64-amd64-xl-pvh-intel 11 guest-start fail never pass test-amd64-i386-libvirt-xsm 12 migrate-support-check fail never pass test-amd64-amd64-libvirt 12 migrate-support-check fail never pass test-amd64-amd64-libvirt-xsm 12 migrate-support-check fail never pass test-amd64-i386-libvirt 12 migrate-support-check fail never pass test-amd64-amd64-libvirt-qemuu-debianhvm-amd64-xsm 10 migrate-support-check fail never pass test-amd64-i386-libvirt-qemuu-debianhvm-amd64-xsm 10 migrate-support-check fail never pass test-amd64-amd64-libvirt-vhd 11 migrate-support-check fail never pass test-amd64-i386-xl-qemut-win7-amd64 16 guest-stop fail never pass test-amd64-amd64-qemuu-nested-amd 16 debian-hvm-install/l1/l2 fail never pass test-amd64-amd64-qemuu-nested-intel 16 debian-hvm-install/l1/l2 fail never pass version targeted for testing: linux 55d37e17318fd5cf40b62fd02ce6ff75e422d862 baseline version: linux dfbed80c63bb8d965067da3a6dbcc4682edcce0c Last test of basis 44255 2016-03-17 09:53:02 Z 27 days Testing same since 44329 2016-04-13 18:51:46 Z 0 days 1 attempts ------------------------------------------------------------ People who touched revisions under test: Aaro Koskinen Al Viro Alex Deucher Alexandre Bounine Andi Kleen Andrew Morton Andy Lutomirski Anton Staaf Artem Bityutskiy Aurelien Jacquiot Bjorn Helgaas Bjørn Mork Borislav Petkov Brian King Brian Norris Dan Carpenter Dave Chinner Dave Jones Dmitry Torokhov Dmitry Tunin Douglas Gilbert Eric Wheeler Eric Wheeler Gabriel Krisman Bertazi Grazvydas Ignotas Greg Kroah-Hartman Guenter Roeck Hans de Goede Hans Verkuil Hans Verkuil Herbert Xu Himanshu Madhani Ingo Molnar Insu Yun Jann Horn Jes Sorensen Jiri Kosina Jiri Olsa Jiri Olsa Johan Hovold Joseph Qi Josh Boyer Julia Lawall Kees Cook Linus Torvalds Marcel Holtmann Mario Kleiner Martin K. Petersen Martyn Welch Mateusz Guzik Maurizio Lombardi Mauro Carvalho Chehab Max Filippov Michael S. Tsirkin Michal Marek Ming Lei Nicholas Bellinger Nishanth Menon OGAWA Hirofumi Oliver Neukum Paolo Bonzini Peter Hurley Peter Zijlstra (Intel) Rabin Vincent Radim Krčmář Raghava Aditya Renukunta Rik van Riel Sebastian Frias Shaohua Li Steven Rostedt (Red Hat) Steven Rostedt Takashi Iwai Theodore Ts'o Thomas Gleixner Tiffany Lin Tom Lendacky Vittorio Gambaletta (VittGam) Vittorio Gambaletta Vladis Dronov Wim Van Sebroeck jobs: build-amd64-xsm pass build-i386-xsm pass build-amd64 pass build-i386 pass build-amd64-libvirt pass build-i386-libvirt pass build-amd64-pvops pass build-i386-pvops pass build-amd64-rumpuserxen fail build-i386-rumpuserxen fail test-amd64-amd64-xl pass test-amd64-i386-xl pass test-amd64-amd64-xl-qemut-debianhvm-amd64-xsm pass test-amd64-i386-xl-qemut-debianhvm-amd64-xsm pass test-amd64-amd64-libvirt-qemuu-debianhvm-amd64-xsm pass test-amd64-i386-libvirt-qemuu-debianhvm-amd64-xsm pass test-amd64-amd64-xl-qemuu-debianhvm-amd64-xsm pass test-amd64-i386-xl-qemuu-debianhvm-amd64-xsm pass test-amd64-amd64-xl-qemut-stubdom-debianhvm-amd64-xsm pass test-amd64-i386-xl-qemut-stubdom-debianhvm-amd64-xsm pass test-amd64-amd64-libvirt-xsm pass test-amd64-i386-libvirt-xsm pass test-amd64-amd64-xl-xsm pass test-amd64-i386-xl-xsm pass test-amd64-amd64-qemuu-nested-amd fail test-amd64-amd64-xl-pvh-amd fail test-amd64-i386-qemut-rhel6hvm-amd pass test-amd64-i386-qemuu-rhel6hvm-amd pass test-amd64-amd64-xl-qemut-debianhvm-amd64 pass test-amd64-i386-xl-qemut-debianhvm-amd64 pass test-amd64-amd64-xl-qemuu-debianhvm-amd64 pass test-amd64-i386-xl-qemuu-debianhvm-amd64 pass test-amd64-i386-freebsd10-amd64 pass test-amd64-amd64-xl-qemuu-ovmf-amd64 pass test-amd64-i386-xl-qemuu-ovmf-amd64 pass test-amd64-amd64-rumpuserxen-amd64 blocked test-amd64-amd64-xl-qemut-win7-amd64 fail test-amd64-i386-xl-qemut-win7-amd64 fail test-amd64-amd64-xl-qemuu-win7-amd64 fail test-amd64-i386-xl-qemuu-win7-amd64 fail test-amd64-amd64-xl-credit2 fail test-amd64-i386-freebsd10-i386 pass test-amd64-i386-rumpuserxen-i386 blocked test-amd64-amd64-qemuu-nested-intel fail test-amd64-amd64-xl-pvh-intel fail test-amd64-i386-qemut-rhel6hvm-intel pass test-amd64-i386-qemuu-rhel6hvm-intel pass test-amd64-amd64-libvirt pass test-amd64-i386-libvirt pass test-amd64-amd64-xl-multivcpu pass test-amd64-amd64-pair pass test-amd64-i386-pair pass test-amd64-amd64-libvirt-pair pass test-amd64-i386-libvirt-pair pass test-amd64-amd64-amd64-pvgrub pass test-amd64-amd64-i386-pvgrub pass test-amd64-amd64-pygrub pass test-amd64-amd64-xl-qcow2 pass test-amd64-i386-xl-raw pass test-amd64-amd64-xl-rtds pass test-amd64-i386-xl-qemut-winxpsp3-vcpus1 pass test-amd64-i386-xl-qemuu-winxpsp3-vcpus1 pass test-amd64-amd64-libvirt-vhd pass test-amd64-amd64-xl-qemut-winxpsp3 pass test-amd64-i386-xl-qemut-winxpsp3 pass test-amd64-amd64-xl-qemuu-winxpsp3 pass test-amd64-i386-xl-qemuu-winxpsp3 pass ------------------------------------------------------------ sg-report-flight on osstest.xs.citrite.net logs: /home/osstest/logs images: /home/osstest/images Logs, config files, etc. are available at http://osstest.xs.citrite.net/~osstest/testlogs/logs Test harness code can be found at http://xenbits.xensource.com/gitweb?p=osstest.git;a=summary Push not applicable. (No revision log; it would be 1818 lines long.) --===============1031962753117727459== Content-Type: text/plain; charset="utf-8" MIME-Version: 1.0 Content-Transfer-Encoding: base64 Content-Disposition: inline X19fX19fX19fX19fX19fX19fX19fX19fX19fX19fX19fX19fX19fX19fX19fX18KWGVuLWRldmVs IG1haWxpbmcgbGlzdApYZW4tZGV2ZWxAbGlzdHMueGVuLm9yZwpodHRwOi8vbGlzdHMueGVuLm9y Zy94ZW4tZGV2ZWwK --===============1031962753117727459==--