From mboxrd@z Thu Jan 1 00:00:00 1970 From: Platform Team regression test user Subject: [linux-4.1 baseline-only test] 44333: regressions - FAIL Date: Fri, 15 Apr 2016 16:06:37 +0100 Message-ID: Mime-Version: 1.0 Content-Type: multipart/mixed; boundary="===============0045200236820221797==" Return-path: List-Unsubscribe: , List-Post: List-Help: List-Subscribe: , Errors-To: xen-devel-bounces@lists.xen.org Sender: "Xen-devel" To: xen-devel@lists.xensource.com, osstest-admin@xenproject.org List-Id: xen-devel@lists.xenproject.org --===============0045200236820221797== Content-Type: text/plain This run is configured for baseline tests only. flight 44333 linux-4.1 real [real] http://osstest.xs.citrite.net/~osstest/testlogs/logs/44333/ Regressions :-( Tests which did not succeed and are blocking, including tests which could not be run: test-armhf-armhf-xl-midway 15 guest-start/debian.repeat fail REGR. vs. 44328 Regressions which are regarded as allowable (not blocking): build-amd64-rumpuserxen 6 xen-build fail like 44328 build-i386-rumpuserxen 6 xen-build fail like 44328 Tests which did not succeed, but are not blocking: test-amd64-amd64-rumpuserxen-amd64 1 build-check(1) blocked n/a test-amd64-i386-rumpuserxen-i386 1 build-check(1) blocked n/a test-armhf-armhf-libvirt-xsm 12 migrate-support-check fail never pass test-armhf-armhf-libvirt-xsm 14 guest-saverestore fail never pass test-armhf-armhf-libvirt 14 guest-saverestore fail never pass test-armhf-armhf-libvirt 12 migrate-support-check fail never pass test-amd64-amd64-xl-pvh-intel 14 guest-saverestore fail never pass test-amd64-amd64-xl-pvh-amd 11 guest-start fail never pass test-armhf-armhf-libvirt-qcow2 11 migrate-support-check fail never pass test-armhf-armhf-libvirt-qcow2 13 guest-saverestore fail never pass test-armhf-armhf-libvirt-raw 13 guest-saverestore fail never pass test-armhf-armhf-libvirt-raw 11 migrate-support-check fail never pass test-armhf-armhf-xl-multivcpu 13 saverestore-support-check fail never pass test-armhf-armhf-xl-multivcpu 12 migrate-support-check fail never pass test-armhf-armhf-xl-midway 13 saverestore-support-check fail never pass test-armhf-armhf-xl-midway 12 migrate-support-check fail never pass test-armhf-armhf-xl-credit2 13 saverestore-support-check fail never pass test-armhf-armhf-xl-credit2 12 migrate-support-check fail never pass test-armhf-armhf-xl 12 migrate-support-check fail never pass test-armhf-armhf-xl 13 saverestore-support-check fail never pass test-armhf-armhf-xl-xsm 13 saverestore-support-check fail never pass test-armhf-armhf-xl-xsm 12 migrate-support-check fail never pass test-armhf-armhf-xl-rtds 13 saverestore-support-check fail never pass test-armhf-armhf-xl-rtds 12 migrate-support-check fail never pass test-amd64-i386-libvirt-xsm 12 migrate-support-check fail never pass test-amd64-amd64-libvirt-xsm 12 migrate-support-check fail never pass test-amd64-i386-libvirt 12 migrate-support-check fail never pass test-amd64-amd64-libvirt 12 migrate-support-check fail never pass test-amd64-amd64-qemuu-nested-amd 16 debian-hvm-install/l1/l2 fail never pass test-armhf-armhf-xl-vhd 11 migrate-support-check fail never pass test-armhf-armhf-xl-vhd 12 saverestore-support-check fail never pass test-amd64-amd64-libvirt-vhd 11 migrate-support-check fail never pass test-amd64-amd64-libvirt-qemuu-debianhvm-amd64-xsm 10 migrate-support-check fail never pass test-amd64-amd64-xl-qemut-win7-amd64 16 guest-stop fail never pass test-amd64-i386-libvirt-qemuu-debianhvm-amd64-xsm 10 migrate-support-check fail never pass test-amd64-i386-xl-qemuu-win7-amd64 20 leak-check/check fail never pass test-amd64-amd64-xl-qemuu-win7-amd64 16 guest-stop fail never pass test-amd64-i386-xl-qemut-win7-amd64 16 guest-stop fail never pass version targeted for testing: linux 206f91a12c5f69c9b4dfd4e0029043794a046933 baseline version: linux 7f30737678023b5becaf0e2e012665f71b886a7d Last test of basis 44328 2016-04-13 11:24:00 Z 2 days Testing same since 44333 2016-04-15 04:27:20 Z 0 days 1 attempts ------------------------------------------------------------ People who touched revisions under test: Al Viro Alex Deucher Alexander Shishkin Anand Moon Avery Pennarun Catalin Marinas Charles Keepax Chris Bainbridge Dave Gerlach David Engraf Emmanuel Grumbach Felipe Balbi Felix Fietkau Greg Kroah-Hartman Grygorii Strashko Hauke Mehrtens He Kuang Ingo Molnar James Hogan Jan Kara Johannes Berg Jouni Malinen Ken Moffat Konstantin Khlebnikov Liad Kaufman Lokesh Vutla Ludovic Desroches Marc Kleine-Budde Mark Brown Markos Chandras Martin Schwidefsky Maximilain Schneider Maximilian Schneider Michael S. Tsirkin Miklos Szeredi Mugunthan V N Nicholas Bellinger Paolo Bonzini Paul Mackerras Paul Walmsley Peter Ujfalusi Peter Zijlstra (Intel) Peter Zijlstra Radim Krčmář Ralf Baechle Rob Herring Roger Quadros Rui Wang Sasha Levin Sekhar Nori Steven Rostedt (Red Hat) Steven Rostedt Sudeep Holla Sudip Mukherjee Sven Eckelmann Sven Eckelmann Takashi Iwai Theodore Ts'o Tony Lindgren Vinod Koul Vivek Goyal Will Deacon Yang Shi jobs: build-amd64-xsm pass build-armhf-xsm pass build-i386-xsm pass build-amd64 pass build-armhf pass build-i386 pass build-amd64-libvirt pass build-armhf-libvirt pass build-i386-libvirt pass build-amd64-pvops pass build-armhf-pvops pass build-i386-pvops pass build-amd64-rumpuserxen fail build-i386-rumpuserxen fail test-amd64-amd64-xl pass test-armhf-armhf-xl pass test-amd64-i386-xl pass test-amd64-amd64-xl-qemut-debianhvm-amd64-xsm pass test-amd64-i386-xl-qemut-debianhvm-amd64-xsm pass test-amd64-amd64-libvirt-qemuu-debianhvm-amd64-xsm pass test-amd64-i386-libvirt-qemuu-debianhvm-amd64-xsm pass test-amd64-amd64-xl-qemuu-debianhvm-amd64-xsm pass test-amd64-i386-xl-qemuu-debianhvm-amd64-xsm pass test-amd64-amd64-xl-qemut-stubdom-debianhvm-amd64-xsm pass test-amd64-i386-xl-qemut-stubdom-debianhvm-amd64-xsm pass test-amd64-amd64-libvirt-xsm pass test-armhf-armhf-libvirt-xsm fail test-amd64-i386-libvirt-xsm pass test-amd64-amd64-xl-xsm pass test-armhf-armhf-xl-xsm pass test-amd64-i386-xl-xsm pass test-amd64-amd64-qemuu-nested-amd fail test-amd64-amd64-xl-pvh-amd fail test-amd64-i386-qemut-rhel6hvm-amd pass test-amd64-i386-qemuu-rhel6hvm-amd pass test-amd64-amd64-xl-qemut-debianhvm-amd64 pass test-amd64-i386-xl-qemut-debianhvm-amd64 pass test-amd64-amd64-xl-qemuu-debianhvm-amd64 pass test-amd64-i386-xl-qemuu-debianhvm-amd64 pass test-amd64-i386-freebsd10-amd64 pass test-amd64-amd64-xl-qemuu-ovmf-amd64 pass test-amd64-i386-xl-qemuu-ovmf-amd64 pass test-amd64-amd64-rumpuserxen-amd64 blocked test-amd64-amd64-xl-qemut-win7-amd64 fail test-amd64-i386-xl-qemut-win7-amd64 fail test-amd64-amd64-xl-qemuu-win7-amd64 fail test-amd64-i386-xl-qemuu-win7-amd64 fail test-amd64-amd64-xl-credit2 pass test-armhf-armhf-xl-credit2 pass test-amd64-i386-freebsd10-i386 pass test-amd64-i386-rumpuserxen-i386 blocked test-amd64-amd64-qemuu-nested-intel pass test-amd64-amd64-xl-pvh-intel fail test-amd64-i386-qemut-rhel6hvm-intel pass test-amd64-i386-qemuu-rhel6hvm-intel pass test-amd64-amd64-libvirt pass test-armhf-armhf-libvirt fail test-amd64-i386-libvirt pass test-armhf-armhf-xl-midway fail test-amd64-amd64-xl-multivcpu pass test-armhf-armhf-xl-multivcpu pass test-amd64-amd64-pair pass test-amd64-i386-pair pass test-amd64-amd64-libvirt-pair pass test-amd64-i386-libvirt-pair pass test-amd64-amd64-amd64-pvgrub pass test-amd64-amd64-i386-pvgrub pass test-amd64-amd64-pygrub pass test-armhf-armhf-libvirt-qcow2 fail test-amd64-amd64-xl-qcow2 pass test-armhf-armhf-libvirt-raw fail test-amd64-i386-xl-raw pass test-amd64-amd64-xl-rtds pass test-armhf-armhf-xl-rtds pass test-amd64-i386-xl-qemut-winxpsp3-vcpus1 pass test-amd64-i386-xl-qemuu-winxpsp3-vcpus1 pass test-amd64-amd64-libvirt-vhd pass test-armhf-armhf-xl-vhd pass test-amd64-amd64-xl-qemut-winxpsp3 pass test-amd64-i386-xl-qemut-winxpsp3 pass test-amd64-amd64-xl-qemuu-winxpsp3 pass test-amd64-i386-xl-qemuu-winxpsp3 pass ------------------------------------------------------------ sg-report-flight on osstest.xs.citrite.net logs: /home/osstest/logs images: /home/osstest/images Logs, config files, etc. are available at http://osstest.xs.citrite.net/~osstest/testlogs/logs Test harness code can be found at http://xenbits.xensource.com/gitweb?p=osstest.git;a=summary Push not applicable. (No revision log; it would be 1324 lines long.) --===============0045200236820221797== Content-Type: text/plain; charset="utf-8" MIME-Version: 1.0 Content-Transfer-Encoding: base64 Content-Disposition: inline X19fX19fX19fX19fX19fX19fX19fX19fX19fX19fX19fX19fX19fX19fX19fX18KWGVuLWRldmVs IG1haWxpbmcgbGlzdApYZW4tZGV2ZWxAbGlzdHMueGVuLm9yZwpodHRwOi8vbGlzdHMueGVuLm9y Zy94ZW4tZGV2ZWwK --===============0045200236820221797==--