From mboxrd@z Thu Jan 1 00:00:00 1970 From: Platform Team regression test user Subject: [linux-3.16 baseline-only test] 44335: regressions - FAIL Date: Sat, 16 Apr 2016 07:10:41 +0100 Message-ID: Mime-Version: 1.0 Content-Type: multipart/mixed; boundary="===============8508357244605161585==" Return-path: List-Unsubscribe: , List-Post: List-Help: List-Subscribe: , Errors-To: xen-devel-bounces@lists.xen.org Sender: "Xen-devel" To: xen-devel@lists.xensource.com, osstest-admin@xenproject.org List-Id: xen-devel@lists.xenproject.org --===============8508357244605161585== Content-Type: text/plain This run is configured for baseline tests only. flight 44335 linux-3.16 real [real] http://osstest.xs.citrite.net/~osstest/testlogs/logs/44335/ Regressions :-( Tests which did not succeed and are blocking, including tests which could not be run: test-amd64-amd64-xl-xsm 17 guest-localmigrate/x10 fail REGR. vs. 44215 test-amd64-amd64-xl-qemuu-win7-amd64 6 xen-boot fail REGR. vs. 44215 test-amd64-amd64-xl-qcow2 21 leak-check/check fail REGR. vs. 44215 Regressions which are regarded as allowable (not blocking): build-i386-rumpuserxen 6 xen-build fail like 44215 build-amd64-rumpuserxen 6 xen-build fail like 44215 test-amd64-amd64-xl 19 guest-start/debian.repeat fail like 44215 test-amd64-amd64-xl-credit2 17 guest-localmigrate/x10 fail like 44215 test-amd64-amd64-qemuu-nested-intel 13 xen-boot/l1 fail like 44215 Tests which did not succeed, but are not blocking: test-amd64-i386-rumpuserxen-i386 1 build-check(1) blocked n/a test-amd64-amd64-rumpuserxen-amd64 1 build-check(1) blocked n/a test-amd64-amd64-xl-pvh-intel 11 guest-start fail never pass test-armhf-armhf-libvirt-xsm 12 migrate-support-check fail never pass test-armhf-armhf-libvirt-xsm 14 guest-saverestore fail never pass test-armhf-armhf-libvirt 14 guest-saverestore fail never pass test-armhf-armhf-libvirt 12 migrate-support-check fail never pass test-amd64-amd64-xl-pvh-amd 11 guest-start fail never pass test-armhf-armhf-libvirt-qcow2 11 migrate-support-check fail never pass test-armhf-armhf-libvirt-qcow2 13 guest-saverestore fail never pass test-armhf-armhf-xl-credit2 13 saverestore-support-check fail never pass test-armhf-armhf-xl-credit2 12 migrate-support-check fail never pass test-armhf-armhf-libvirt-raw 13 guest-saverestore fail never pass test-armhf-armhf-libvirt-raw 11 migrate-support-check fail never pass test-armhf-armhf-xl-midway 13 saverestore-support-check fail never pass test-armhf-armhf-xl-midway 12 migrate-support-check fail never pass test-armhf-armhf-xl-xsm 13 saverestore-support-check fail never pass test-armhf-armhf-xl-xsm 12 migrate-support-check fail never pass test-armhf-armhf-xl-multivcpu 13 saverestore-support-check fail never pass test-armhf-armhf-xl-multivcpu 12 migrate-support-check fail never pass test-armhf-armhf-xl 12 migrate-support-check fail never pass test-armhf-armhf-xl 13 saverestore-support-check fail never pass test-amd64-amd64-xl-multivcpu 17 guest-localmigrate/x10 fail never pass test-amd64-i386-libvirt-xsm 12 migrate-support-check fail never pass test-amd64-i386-libvirt 12 migrate-support-check fail never pass test-armhf-armhf-xl-rtds 13 saverestore-support-check fail never pass test-armhf-armhf-xl-rtds 12 migrate-support-check fail never pass test-amd64-amd64-libvirt 12 migrate-support-check fail never pass test-armhf-armhf-xl-vhd 11 migrate-support-check fail never pass test-armhf-armhf-xl-vhd 12 saverestore-support-check fail never pass test-amd64-amd64-libvirt-vhd 11 migrate-support-check fail never pass test-amd64-amd64-libvirt-xsm 12 migrate-support-check fail never pass test-amd64-amd64-qemuu-nested-amd 16 debian-hvm-install/l1/l2 fail never pass test-amd64-amd64-xl-rtds 17 guest-localmigrate/x10 fail never pass test-amd64-i386-libvirt-qemuu-debianhvm-amd64-xsm 10 migrate-support-check fail never pass test-amd64-amd64-libvirt-qemuu-debianhvm-amd64-xsm 10 migrate-support-check fail never pass test-amd64-i386-xl-qemuu-win7-amd64 16 guest-stop fail never pass test-amd64-i386-xl-qemut-win7-amd64 16 guest-stop fail never pass test-amd64-amd64-xl-qemut-win7-amd64 16 guest-stop fail never pass version targeted for testing: linux 3a96c6601b6fc47baa6d296f9111ba7be4dad6fc baseline version: linux 7f2a8840d127c8d5c59a5d79235e1205aba2e102 Last test of basis 44215 2016-03-03 15:35:17 Z 43 days Testing same since 44335 2016-04-15 22:53:49 Z 0 days 1 attempts ------------------------------------------------------------ People who touched revisions under test: Akshay Bhat Al Viro Alex Deucher Alex Williamson Alexander Deucher Amir Vadai Andreas Schwab Andrey Skvortsov Andy Lutomirski Andy Shevchenko Anton Protopopov Arnd Bergmann Avery Pennarun Ben Hutchings Benjamin Coddington Benjamin LaHaise Benjamin Poirier Bjørn Mork Chris Bainbridge Christian Borntraeger Christian König Christoffer Dall Christoph Hellwig Cong Wang CQ Tang Dan Carpenter Daniel Borkmann Daniele Palmas Dave Airlie David S. Miller David Vrabel David Woodhouse Dmitry Torokhov Dmitry V. Levin Dmitry Vyukov Doug Ledford Eric Dumazet Eryu Guan Eugenia Emantayev Felipe Balbi Felix Fietkau Florian Fainelli Florian Westphal Geert Uytterhoeven Gerd Hoffmann Gerhard Uttenthaler Greg Kroah-Hartman Gregory CLEMENT Guenter Roeck Guillaume Nault Hangbin Liu Hannes Frederic Sowa Hannes Reinecke Hans Verkuil Hans Verkuil Hans Westgaard Ry Harvey Hunt Heinrich Schuchardt Ilya Dryomov Ingo Molnar Insu Yun J. Bruce Fields Jack Morgenstein James Bottomley Jan Kara Jan Kara Jani Nikula Jason Andryuk Jay Vosburgh Jens Axboe Jianjian Huo Joerg Roedel Johan Hovold Johannes Berg Johannes Thumshirn John Youn John Youn Jordan Lazare Justin Maggard Justin Maggard Kai-Heng Feng Kai-Heng Feng Kamal Mostafa Ken Lin Konrad Rzeszutek Wilk Konstantin Khlebnikov Lee, Chun-Yi Linus Torvalds Linus Walleij Lisa Du Luis Henriques Maciej W. Rozycki Manfred Rudigier Mans Rullgard Marc Kleine-Budde Marc Zyngier Marcelo Tosatti Mark Brown Martin Schwidefsky Matt Fleming Matthew Garrett Mauro Carvalho Chehab Maximilain Schneider Maximilian Schneider Michael Chan Michael Ellerman Michael S. Tsirkin Mike Krinkin Mikulas Patocka Mikulas Patocka Neal Cardwell Neil Horman Nicholas Bellinger Nicholas Bellinger Nicolas Boichat Nicolas Pitre Olof Johansson Or Gerlitz Paolo Abeni Paolo Bonzini Patrik Halfar Paul Mackerras Pavel Shilovsky Peter Chen Peter Jones Peter Rosin Philipp Hahn Prashant Sreedharan Radim Krčmář Rafael J. Wysocki Rainer Weikusat Ralf Baechle Rasmus Villemoes Richard Cochran Richard Weinberger Sebastian Herbszt Shirish Pargaonkar Simon Guinot Simon South Siva Reddy Kallam Soohoon Lee Stefan Haberland Stefan Hajnoczi Steve French Steven Rostedt (Red Hat) Steven Rostedt Sudeep Holla Suravee Suthikulpanit Takashi Iwai Tejun Heo Theodore Ts'o Thomas Betker Timothy Pearson Todd Brandt Todd E Brandt Trond Myklebust Ursula Braun Varada Kari Vincent Donnefort Vinod Koul Viresh Kumar Vittorio Alfieri Vladis Dronov Willy Tarreau Xin Long Yadan Fan Yadan Fan Yegor Yefremov YOSHIFUJI Hideaki jobs: build-amd64-xsm pass build-armhf-xsm pass build-i386-xsm pass build-amd64 pass build-armhf pass build-i386 pass build-amd64-libvirt pass build-armhf-libvirt pass build-i386-libvirt pass build-amd64-pvops pass build-armhf-pvops pass build-i386-pvops pass build-amd64-rumpuserxen fail build-i386-rumpuserxen fail test-amd64-amd64-xl fail test-armhf-armhf-xl pass test-amd64-i386-xl pass test-amd64-amd64-xl-qemut-debianhvm-amd64-xsm pass test-amd64-i386-xl-qemut-debianhvm-amd64-xsm pass test-amd64-amd64-libvirt-qemuu-debianhvm-amd64-xsm pass test-amd64-i386-libvirt-qemuu-debianhvm-amd64-xsm pass test-amd64-amd64-xl-qemuu-debianhvm-amd64-xsm pass test-amd64-i386-xl-qemuu-debianhvm-amd64-xsm pass test-amd64-amd64-xl-qemut-stubdom-debianhvm-amd64-xsm pass test-amd64-i386-xl-qemut-stubdom-debianhvm-amd64-xsm pass test-amd64-amd64-libvirt-xsm pass test-armhf-armhf-libvirt-xsm fail test-amd64-i386-libvirt-xsm pass test-amd64-amd64-xl-xsm fail test-armhf-armhf-xl-xsm pass test-amd64-i386-xl-xsm pass test-amd64-amd64-qemuu-nested-amd fail test-amd64-amd64-xl-pvh-amd fail test-amd64-i386-qemut-rhel6hvm-amd pass test-amd64-i386-qemuu-rhel6hvm-amd pass test-amd64-amd64-xl-qemut-debianhvm-amd64 pass test-amd64-i386-xl-qemut-debianhvm-amd64 pass test-amd64-amd64-xl-qemuu-debianhvm-amd64 pass test-amd64-i386-xl-qemuu-debianhvm-amd64 pass test-amd64-i386-freebsd10-amd64 pass test-amd64-amd64-xl-qemuu-ovmf-amd64 pass test-amd64-i386-xl-qemuu-ovmf-amd64 pass test-amd64-amd64-rumpuserxen-amd64 blocked test-amd64-amd64-xl-qemut-win7-amd64 fail test-amd64-i386-xl-qemut-win7-amd64 fail test-amd64-amd64-xl-qemuu-win7-amd64 fail test-amd64-i386-xl-qemuu-win7-amd64 fail test-amd64-amd64-xl-credit2 fail test-armhf-armhf-xl-credit2 pass test-amd64-i386-freebsd10-i386 pass test-amd64-i386-rumpuserxen-i386 blocked test-amd64-amd64-qemuu-nested-intel fail test-amd64-amd64-xl-pvh-intel fail test-amd64-i386-qemut-rhel6hvm-intel pass test-amd64-i386-qemuu-rhel6hvm-intel pass test-amd64-amd64-libvirt pass test-armhf-armhf-libvirt fail test-amd64-i386-libvirt pass test-armhf-armhf-xl-midway pass test-amd64-amd64-xl-multivcpu fail test-armhf-armhf-xl-multivcpu pass test-amd64-amd64-pair pass test-amd64-i386-pair pass test-amd64-amd64-libvirt-pair pass test-amd64-i386-libvirt-pair pass test-amd64-amd64-amd64-pvgrub pass test-amd64-amd64-i386-pvgrub pass test-amd64-amd64-pygrub pass test-armhf-armhf-libvirt-qcow2 fail test-amd64-amd64-xl-qcow2 fail test-armhf-armhf-libvirt-raw fail test-amd64-i386-xl-raw pass test-amd64-amd64-xl-rtds fail test-armhf-armhf-xl-rtds pass test-amd64-i386-xl-qemut-winxpsp3-vcpus1 pass test-amd64-i386-xl-qemuu-winxpsp3-vcpus1 pass test-amd64-amd64-libvirt-vhd pass test-armhf-armhf-xl-vhd pass test-amd64-amd64-xl-qemut-winxpsp3 pass test-amd64-i386-xl-qemut-winxpsp3 pass test-amd64-amd64-xl-qemuu-winxpsp3 pass test-amd64-i386-xl-qemuu-winxpsp3 pass ------------------------------------------------------------ sg-report-flight on osstest.xs.citrite.net logs: /home/osstest/logs images: /home/osstest/images Logs, config files, etc. are available at http://osstest.xs.citrite.net/~osstest/testlogs/logs Test harness code can be found at http://xenbits.xensource.com/gitweb?p=osstest.git;a=summary Push not applicable. (No revision log; it would be 3889 lines long.) --===============8508357244605161585== Content-Type: text/plain; charset="utf-8" MIME-Version: 1.0 Content-Transfer-Encoding: base64 Content-Disposition: inline X19fX19fX19fX19fX19fX19fX19fX19fX19fX19fX19fX19fX19fX19fX19fX18KWGVuLWRldmVs IG1haWxpbmcgbGlzdApYZW4tZGV2ZWxAbGlzdHMueGVuLm9yZwpodHRwOi8vbGlzdHMueGVuLm9y Zy94ZW4tZGV2ZWwK --===============8508357244605161585==--