* [linux-3.16 baseline-only test] 44335: regressions - FAIL
@ 2016-04-16 6:10 Platform Team regression test user
0 siblings, 0 replies; only message in thread
From: Platform Team regression test user @ 2016-04-16 6:10 UTC (permalink / raw)
To: xen-devel, osstest-admin
[-- Attachment #1: Type: text/plain, Size: 17656 bytes --]
This run is configured for baseline tests only.
flight 44335 linux-3.16 real [real]
http://osstest.xs.citrite.net/~osstest/testlogs/logs/44335/
Regressions :-(
Tests which did not succeed and are blocking,
including tests which could not be run:
test-amd64-amd64-xl-xsm 17 guest-localmigrate/x10 fail REGR. vs. 44215
test-amd64-amd64-xl-qemuu-win7-amd64 6 xen-boot fail REGR. vs. 44215
test-amd64-amd64-xl-qcow2 21 leak-check/check fail REGR. vs. 44215
Regressions which are regarded as allowable (not blocking):
build-i386-rumpuserxen 6 xen-build fail like 44215
build-amd64-rumpuserxen 6 xen-build fail like 44215
test-amd64-amd64-xl 19 guest-start/debian.repeat fail like 44215
test-amd64-amd64-xl-credit2 17 guest-localmigrate/x10 fail like 44215
test-amd64-amd64-qemuu-nested-intel 13 xen-boot/l1 fail like 44215
Tests which did not succeed, but are not blocking:
test-amd64-i386-rumpuserxen-i386 1 build-check(1) blocked n/a
test-amd64-amd64-rumpuserxen-amd64 1 build-check(1) blocked n/a
test-amd64-amd64-xl-pvh-intel 11 guest-start fail never pass
test-armhf-armhf-libvirt-xsm 12 migrate-support-check fail never pass
test-armhf-armhf-libvirt-xsm 14 guest-saverestore fail never pass
test-armhf-armhf-libvirt 14 guest-saverestore fail never pass
test-armhf-armhf-libvirt 12 migrate-support-check fail never pass
test-amd64-amd64-xl-pvh-amd 11 guest-start fail never pass
test-armhf-armhf-libvirt-qcow2 11 migrate-support-check fail never pass
test-armhf-armhf-libvirt-qcow2 13 guest-saverestore fail never pass
test-armhf-armhf-xl-credit2 13 saverestore-support-check fail never pass
test-armhf-armhf-xl-credit2 12 migrate-support-check fail never pass
test-armhf-armhf-libvirt-raw 13 guest-saverestore fail never pass
test-armhf-armhf-libvirt-raw 11 migrate-support-check fail never pass
test-armhf-armhf-xl-midway 13 saverestore-support-check fail never pass
test-armhf-armhf-xl-midway 12 migrate-support-check fail never pass
test-armhf-armhf-xl-xsm 13 saverestore-support-check fail never pass
test-armhf-armhf-xl-xsm 12 migrate-support-check fail never pass
test-armhf-armhf-xl-multivcpu 13 saverestore-support-check fail never pass
test-armhf-armhf-xl-multivcpu 12 migrate-support-check fail never pass
test-armhf-armhf-xl 12 migrate-support-check fail never pass
test-armhf-armhf-xl 13 saverestore-support-check fail never pass
test-amd64-amd64-xl-multivcpu 17 guest-localmigrate/x10 fail never pass
test-amd64-i386-libvirt-xsm 12 migrate-support-check fail never pass
test-amd64-i386-libvirt 12 migrate-support-check fail never pass
test-armhf-armhf-xl-rtds 13 saverestore-support-check fail never pass
test-armhf-armhf-xl-rtds 12 migrate-support-check fail never pass
test-amd64-amd64-libvirt 12 migrate-support-check fail never pass
test-armhf-armhf-xl-vhd 11 migrate-support-check fail never pass
test-armhf-armhf-xl-vhd 12 saverestore-support-check fail never pass
test-amd64-amd64-libvirt-vhd 11 migrate-support-check fail never pass
test-amd64-amd64-libvirt-xsm 12 migrate-support-check fail never pass
test-amd64-amd64-qemuu-nested-amd 16 debian-hvm-install/l1/l2 fail never pass
test-amd64-amd64-xl-rtds 17 guest-localmigrate/x10 fail never pass
test-amd64-i386-libvirt-qemuu-debianhvm-amd64-xsm 10 migrate-support-check fail never pass
test-amd64-amd64-libvirt-qemuu-debianhvm-amd64-xsm 10 migrate-support-check fail never pass
test-amd64-i386-xl-qemuu-win7-amd64 16 guest-stop fail never pass
test-amd64-i386-xl-qemut-win7-amd64 16 guest-stop fail never pass
test-amd64-amd64-xl-qemut-win7-amd64 16 guest-stop fail never pass
version targeted for testing:
linux 3a96c6601b6fc47baa6d296f9111ba7be4dad6fc
baseline version:
linux 7f2a8840d127c8d5c59a5d79235e1205aba2e102
Last test of basis 44215 2016-03-03 15:35:17 Z 43 days
Testing same since 44335 2016-04-15 22:53:49 Z 0 days 1 attempts
------------------------------------------------------------
People who touched revisions under test:
Akshay Bhat <akshay.bhat@timesys.com>
Al Viro <viro@zeniv.linux.org.uk>
Alex Deucher <alexander.deucher@amd.com>
Alex Williamson <alex.williamson@redhat.com>
Alexander Deucher <Alexander.Deucher@amd.com>
Amir Vadai <amir@vadai.me>
Andreas Schwab <schwab@linux-m68k.org>
Andrey Skvortsov <andrej.skvortzov@gmail.com>
Andy Lutomirski <luto@kernel.org>
Andy Shevchenko <andriy.shevchenko@linux.intel.com>
Anton Protopopov <a.s.protopopov@gmail.com>
Arnd Bergmann <arnd@arndb.de>
Avery Pennarun <apenwarr@gmail.com>
Ben Hutchings <ben@decadent.org.uk>
Benjamin Coddington <bcodding@redhat.com>
Benjamin LaHaise <bcrl@kvack.org>
Benjamin Poirier <bpoirier@suse.com>
Bjørn Mork <bjorn@mork.no>
Chris Bainbridge <chris.bainbridge@gmail.com>
Christian Borntraeger <borntraeger@de.ibm.com>
Christian König <christian.koenig@amd.com>
Christoffer Dall <christoffer.dall@linaro.org>
Christoph Hellwig <hch@lst.de>
Cong Wang <xiyou.wangcong@gmail.com>
CQ Tang <cq.tang@intel.com>
Dan Carpenter <dan.carpenter@oracle.com>
Daniel Borkmann <daniel@iogearbox.net>
Daniele Palmas <dnlplm@gmail.com>
Dave Airlie <airlied@redhat.com>
David S. Miller <davem@davemloft.net>
David Vrabel <david.vrabel@citrix.com>
David Woodhouse <David.Woodhouse@intel.com>
Dmitry Torokhov <dmitry.torokhov@gmail.com>
Dmitry V. Levin <ldv@altlinux.org>
Dmitry Vyukov <dvyukov@google.com>
Doug Ledford <dledford@redhat.com>
Eric Dumazet <edumazet@google.com>
Eryu Guan <guaneryu@gmail.com>
Eugenia Emantayev <eugenia@mellanox.com>
Felipe Balbi <balbi@kernel.org>
Felix Fietkau <nbd@openwrt.org>
Florian Fainelli <f.fainelli@gmail.com>
Florian Westphal <fw@strlen.de>
Geert Uytterhoeven <geert+renesas@glider.be>
Gerd Hoffmann <kraxel@redhat.com>
Gerhard Uttenthaler <uttenthaler@ems-wuensche.com>
Greg Kroah-Hartman <gregkh@linuxfoundation.org>
Gregory CLEMENT <gregory.clement@free-electrons.com>
Guenter Roeck <linux@roeck-us.net>
Guillaume Nault <g.nault@alphalink.fr>
Hangbin Liu <liuhangbin@gmail.com>
Hannes Frederic Sowa <hannes@stressinduktion.org>
Hannes Reinecke <hare@suse.de>
Hans Verkuil <hans.verkuil@cisco.com>
Hans Verkuil <hansverk@cisco.com>
Hans Westgaard Ry <hans.westgaard.ry@oracle.com>
Harvey Hunt <harvey.hunt@imgtec.com>
Heinrich Schuchardt <xypron.glpk@gmx.de>
Ilya Dryomov <idryomov@gmail.com>
Ingo Molnar <mingo@kernel.org>
Insu Yun <wuninsu@gmail.com>
J. Bruce Fields <bfields@redhat.com>
Jack Morgenstein <jackm@dev.mellanox.co.il>
James Bottomley <James.Bottomley@HansenPartnership.com>
Jan Kara <jack@suse.com>
Jan Kara <jack@suse.cz>
Jani Nikula <jani.nikula@intel.com>
Jason Andryuk <jandryuk@gmail.com>
Jay Vosburgh <jay.vosburgh@canonical.com>
Jens Axboe <axboe@fb.com>
Jianjian Huo <samuel.huo@gmail.com>
Joerg Roedel <jroedel@suse.de>
Johan Hovold <johan@kernel.org>
Johannes Berg <johannes.berg@intel.com>
Johannes Thumshirn <jthumshirn@suse.de>
John Youn <John.Youn@synopsys.com>
John Youn <johnyoun@synopsys.com>
Jordan Lazare <Jordan.Lazare@amd.com>
Justin Maggard <jmaggard10@gmail.com>
Justin Maggard <jmaggard@netgear.com>
Kai-Heng Feng <kai.heng.feng@canonical.com>
Kai-Heng Feng <kaihengfeng@gmail.com>
Kamal Mostafa <kamal@canonical.com>
Ken Lin <ken.lin@advantech.com.tw>
Konrad Rzeszutek Wilk <konrad.wilk@oracle.com>
Konstantin Khlebnikov <khlebnikov@yandex-team.ru>
Lee, Chun-Yi <jlee@suse.com>
Linus Torvalds <torvalds@linux-foundation.org>
Linus Walleij <linus.walleij@linaro.org>
Lisa Du <cldu@marvell.com>
Luis Henriques <luis.henriques@canonical.com>
Maciej W. Rozycki <macro@imgtec.com>
Manfred Rudigier <manfred.rudigier@omicron.at>
Mans Rullgard <mans@mansr.com>
Marc Kleine-Budde <mkl@pengutronix.de>
Marc Zyngier <marc.zyngier@arm.com>
Marcelo Tosatti <mtosatti@redhat.com>
Mark Brown <broonie@kernel.org>
Martin Schwidefsky <schwidefsky@de.ibm.com>
Matt Fleming <matt@codeblueprint.co.uk>
Matthew Garrett <mjg59@coreos.com>
Mauro Carvalho Chehab <mchehab@osg.samsung.com>
Maximilain Schneider <max@schneidersoft.net>
Maximilian Schneider <max@schneidersoft.net>
Michael Chan <mchan@broadcom.com>
Michael Ellerman <mpe@ellerman.id.au>
Michael S. Tsirkin <mst@redhat.com>
Mike Krinkin <krinkin.m.u@gmail.com>
Mikulas Patocka <mikulas@artax.karlin.mff.cuni.cz>
Mikulas Patocka <mikulas@twibright.com>
Neal Cardwell <ncardwell@google.com>
Neil Horman <nhorman@tuxdriver.com>
Nicholas Bellinger <nab@daterainc.com>
Nicholas Bellinger <nab@linux-iscsi.org>
Nicolas Boichat <drinkcat@chromium.org>
Nicolas Pitre <nico@linaro.org>
Olof Johansson <olof@lixom.net>
Or Gerlitz <ogerlitz@mellanox.com>
Paolo Abeni <pabeni@redhat.com>
Paolo Bonzini <pbonzini@redhat.com>
Patrik Halfar <patrik_halfar@halfarit.cz>
Paul Mackerras <paulus@samba.org>
Pavel Shilovsky <pshilovsky@samba.org>
Peter Chen <peter.chen@nxp.com>
Peter Jones <pjones@redhat.com>
Peter Rosin <peda@axentia.se>
Philipp Hahn <pmhahn@pmhahn.de>
Prashant Sreedharan <prashant@broadcom.com>
Radim KrÄmáŠ<rkrcmar@redhat.com>
Rafael J. Wysocki <rafael.j.wysocki@intel.com>
Rainer Weikusat <rweikusat@mobileactivedefense.com>
Ralf Baechle <ralf@linux-mips.org>
Rasmus Villemoes <linux@rasmusvillemoes.dk>
Richard Cochran <richardcochran@gmail.com>
Richard Weinberger <richard@nod.at>
Sebastian Herbszt <herbszt@gmx.de>
Shirish Pargaonkar <shirishpargaonkar@gmail.com>
Simon Guinot <simon.guinot@sequanux.org>
Simon South <simon@simonsouth.com>
Siva Reddy Kallam <siva.kallam@broadcom.com>
Soohoon Lee <Soohoon.Lee@f5.com>
Stefan Haberland <stefan.haberland@de.ibm.com>
Stefan Hajnoczi <stefanha@redhat.com>
Steve French <smfrench@gmail.com>
Steven Rostedt (Red Hat) <rostedt@goodmis.org>
Steven Rostedt <rostedt@goodmis.org>
Sudeep Holla <sudeep.holla@arm.com>
Suravee Suthikulpanit <Suravee.Suthikulpanit@amd.com>
Takashi Iwai <tiwai@suse.de>
Tejun Heo <tj@kernel.org>
Theodore Ts'o <tytso@mit.edu>
Thomas Betker <thomas.betker@rohde-schwarz.com>
Timothy Pearson <tpearson@raptorengineeringinc.com>
Todd Brandt <todd.e.brandt@linux.intel.com>
Todd E Brandt <todd.e.brandt@linux.intel.com>
Trond Myklebust <trond.myklebust@primarydata.com>
Ursula Braun <ursula.braun@de.ibm.com>
Varada Kari <Varada.Kari@sandisk.com>
Vincent Donnefort <vdonnefort@gmail.com>
Vinod Koul <vinod.koul@intel.com>
Viresh Kumar <viresh.kumar@linaro.org>
Vittorio Alfieri <vittorio88@gmail.com>
Vladis Dronov <vdronov@redhat.com>
Willy Tarreau <w@1wt.eu>
Xin Long <lucien.xin@gmail.com>
Yadan Fan <ydfan@novell.com>
Yadan Fan <ydfan@suse.com>
Yegor Yefremov <yegorslists@googlemail.com>
YOSHIFUJI Hideaki <hideaki.yoshifuji@miraclelinux.com>
jobs:
build-amd64-xsm pass
build-armhf-xsm pass
build-i386-xsm pass
build-amd64 pass
build-armhf pass
build-i386 pass
build-amd64-libvirt pass
build-armhf-libvirt pass
build-i386-libvirt pass
build-amd64-pvops pass
build-armhf-pvops pass
build-i386-pvops pass
build-amd64-rumpuserxen fail
build-i386-rumpuserxen fail
test-amd64-amd64-xl fail
test-armhf-armhf-xl pass
test-amd64-i386-xl pass
test-amd64-amd64-xl-qemut-debianhvm-amd64-xsm pass
test-amd64-i386-xl-qemut-debianhvm-amd64-xsm pass
test-amd64-amd64-libvirt-qemuu-debianhvm-amd64-xsm pass
test-amd64-i386-libvirt-qemuu-debianhvm-amd64-xsm pass
test-amd64-amd64-xl-qemuu-debianhvm-amd64-xsm pass
test-amd64-i386-xl-qemuu-debianhvm-amd64-xsm pass
test-amd64-amd64-xl-qemut-stubdom-debianhvm-amd64-xsm pass
test-amd64-i386-xl-qemut-stubdom-debianhvm-amd64-xsm pass
test-amd64-amd64-libvirt-xsm pass
test-armhf-armhf-libvirt-xsm fail
test-amd64-i386-libvirt-xsm pass
test-amd64-amd64-xl-xsm fail
test-armhf-armhf-xl-xsm pass
test-amd64-i386-xl-xsm pass
test-amd64-amd64-qemuu-nested-amd fail
test-amd64-amd64-xl-pvh-amd fail
test-amd64-i386-qemut-rhel6hvm-amd pass
test-amd64-i386-qemuu-rhel6hvm-amd pass
test-amd64-amd64-xl-qemut-debianhvm-amd64 pass
test-amd64-i386-xl-qemut-debianhvm-amd64 pass
test-amd64-amd64-xl-qemuu-debianhvm-amd64 pass
test-amd64-i386-xl-qemuu-debianhvm-amd64 pass
test-amd64-i386-freebsd10-amd64 pass
test-amd64-amd64-xl-qemuu-ovmf-amd64 pass
test-amd64-i386-xl-qemuu-ovmf-amd64 pass
test-amd64-amd64-rumpuserxen-amd64 blocked
test-amd64-amd64-xl-qemut-win7-amd64 fail
test-amd64-i386-xl-qemut-win7-amd64 fail
test-amd64-amd64-xl-qemuu-win7-amd64 fail
test-amd64-i386-xl-qemuu-win7-amd64 fail
test-amd64-amd64-xl-credit2 fail
test-armhf-armhf-xl-credit2 pass
test-amd64-i386-freebsd10-i386 pass
test-amd64-i386-rumpuserxen-i386 blocked
test-amd64-amd64-qemuu-nested-intel fail
test-amd64-amd64-xl-pvh-intel fail
test-amd64-i386-qemut-rhel6hvm-intel pass
test-amd64-i386-qemuu-rhel6hvm-intel pass
test-amd64-amd64-libvirt pass
test-armhf-armhf-libvirt fail
test-amd64-i386-libvirt pass
test-armhf-armhf-xl-midway pass
test-amd64-amd64-xl-multivcpu fail
test-armhf-armhf-xl-multivcpu pass
test-amd64-amd64-pair pass
test-amd64-i386-pair pass
test-amd64-amd64-libvirt-pair pass
test-amd64-i386-libvirt-pair pass
test-amd64-amd64-amd64-pvgrub pass
test-amd64-amd64-i386-pvgrub pass
test-amd64-amd64-pygrub pass
test-armhf-armhf-libvirt-qcow2 fail
test-amd64-amd64-xl-qcow2 fail
test-armhf-armhf-libvirt-raw fail
test-amd64-i386-xl-raw pass
test-amd64-amd64-xl-rtds fail
test-armhf-armhf-xl-rtds pass
test-amd64-i386-xl-qemut-winxpsp3-vcpus1 pass
test-amd64-i386-xl-qemuu-winxpsp3-vcpus1 pass
test-amd64-amd64-libvirt-vhd pass
test-armhf-armhf-xl-vhd pass
test-amd64-amd64-xl-qemut-winxpsp3 pass
test-amd64-i386-xl-qemut-winxpsp3 pass
test-amd64-amd64-xl-qemuu-winxpsp3 pass
test-amd64-i386-xl-qemuu-winxpsp3 pass
------------------------------------------------------------
sg-report-flight on osstest.xs.citrite.net
logs: /home/osstest/logs
images: /home/osstest/images
Logs, config files, etc. are available at
http://osstest.xs.citrite.net/~osstest/testlogs/logs
Test harness code can be found at
http://xenbits.xensource.com/gitweb?p=osstest.git;a=summary
Push not applicable.
(No revision log; it would be 3889 lines long.)
[-- Attachment #2: Type: text/plain, Size: 126 bytes --]
_______________________________________________
Xen-devel mailing list
Xen-devel@lists.xen.org
http://lists.xen.org/xen-devel
^ permalink raw reply [flat|nested] only message in thread
only message in thread, other threads:[~2016-04-16 6:10 UTC | newest]
Thread overview: (only message) (download: mbox.gz follow: Atom feed
-- links below jump to the message on this page --
2016-04-16 6:10 [linux-3.16 baseline-only test] 44335: regressions - FAIL Platform Team regression test user
This is a public inbox, see mirroring instructions
for how to clone and mirror all data and code used for this inbox;
as well as URLs for NNTP newsgroup(s).