* [xen-unstable baseline-only test] 44338: regressions - FAIL
@ 2016-04-17 1:10 Platform Team regression test user
0 siblings, 0 replies; only message in thread
From: Platform Team regression test user @ 2016-04-17 1:10 UTC (permalink / raw)
To: xen-devel, osstest-admin
[-- Attachment #1: Type: text/plain, Size: 13705 bytes --]
This run is configured for baseline tests only.
flight 44338 xen-unstable real [real]
http://osstest.xs.citrite.net/~osstest/testlogs/logs/44338/
Regressions :-(
Tests which did not succeed and are blocking,
including tests which could not be run:
test-amd64-i386-libvirt-qemuu-debianhvm-amd64-xsm 6 xen-boot fail REGR. vs. 44258
test-amd64-amd64-xl-qemuu-debianhvm-amd64-xsm 15 guest-localmigrate/x10 fail REGR. vs. 44258
test-amd64-amd64-xl-qemuu-ovmf-amd64 14 guest-saverestore.2 fail REGR. vs. 44258
test-amd64-i386-xl-qemuu-debianhvm-amd64-xsm 15 guest-localmigrate/x10 fail REGR. vs. 44258
test-amd64-amd64-xl-qemut-win7-amd64 9 windows-install fail REGR. vs. 44258
Regressions which are regarded as allowable (not blocking):
build-i386-rumpuserxen 6 xen-build fail like 44258
build-amd64-rumpuserxen 6 xen-build fail like 44258
test-amd64-amd64-xl-xsm 19 guest-start/debian.repeat fail like 44258
test-amd64-i386-xl-qemuu-win7-amd64 16 guest-stop fail like 44258
test-amd64-amd64-qemuu-nested-intel 16 debian-hvm-install/l1/l2 fail like 44258
Tests which did not succeed, but are not blocking:
test-amd64-amd64-rumpuserxen-amd64 1 build-check(1) blocked n/a
test-amd64-i386-rumpuserxen-i386 1 build-check(1) blocked n/a
test-armhf-armhf-libvirt 14 guest-saverestore fail never pass
test-armhf-armhf-libvirt 12 migrate-support-check fail never pass
test-amd64-amd64-xl-pvh-amd 11 guest-start fail never pass
test-armhf-armhf-libvirt-xsm 12 migrate-support-check fail never pass
test-armhf-armhf-libvirt-xsm 14 guest-saverestore fail never pass
test-amd64-amd64-xl-pvh-intel 11 guest-start fail never pass
test-armhf-armhf-libvirt-raw 13 guest-saverestore fail never pass
test-armhf-armhf-libvirt-raw 11 migrate-support-check fail never pass
test-armhf-armhf-xl 12 migrate-support-check fail never pass
test-armhf-armhf-xl 13 saverestore-support-check fail never pass
test-armhf-armhf-xl-midway 13 saverestore-support-check fail never pass
test-armhf-armhf-xl-midway 12 migrate-support-check fail never pass
test-armhf-armhf-xl-multivcpu 13 saverestore-support-check fail never pass
test-armhf-armhf-xl-multivcpu 12 migrate-support-check fail never pass
test-armhf-armhf-xl-xsm 13 saverestore-support-check fail never pass
test-armhf-armhf-xl-xsm 12 migrate-support-check fail never pass
test-armhf-armhf-xl-credit2 13 saverestore-support-check fail never pass
test-armhf-armhf-xl-credit2 12 migrate-support-check fail never pass
test-amd64-amd64-libvirt-xsm 12 migrate-support-check fail never pass
test-armhf-armhf-xl-rtds 13 saverestore-support-check fail never pass
test-armhf-armhf-xl-rtds 12 migrate-support-check fail never pass
test-amd64-i386-libvirt-xsm 12 migrate-support-check fail never pass
test-amd64-i386-libvirt 12 migrate-support-check fail never pass
test-armhf-armhf-libvirt-qcow2 11 migrate-support-check fail never pass
test-armhf-armhf-libvirt-qcow2 13 guest-saverestore fail never pass
test-amd64-amd64-libvirt 12 migrate-support-check fail never pass
test-amd64-amd64-qemuu-nested-amd 16 debian-hvm-install/l1/l2 fail never pass
test-armhf-armhf-xl-vhd 11 migrate-support-check fail never pass
test-armhf-armhf-xl-vhd 12 saverestore-support-check fail never pass
test-amd64-amd64-libvirt-vhd 11 migrate-support-check fail never pass
test-amd64-amd64-libvirt-qemuu-debianhvm-amd64-xsm 10 migrate-support-check fail never pass
test-amd64-amd64-xl-qemuu-win7-amd64 16 guest-stop fail never pass
test-amd64-i386-xl-qemut-win7-amd64 16 guest-stop fail never pass
version targeted for testing:
xen f3a7ca02400d1c416e97451b4aebfaf608fc8192
baseline version:
xen a6f2cdb633bf519244a16674031b8034b581ba7f
Last test of basis 44258 2016-03-18 11:28:34 Z 29 days
Testing same since 44338 2016-04-16 17:50:42 Z 0 days 1 attempts
------------------------------------------------------------
People who touched revisions under test:
Andrew Cooper <andrew.cooper3@citrix.com>
Andrew Cooper <andrew.cooper3@citrix.com> [for the Ocaml stubs]
Anthony PERARD <anthony.perard@citrix.com>
Boris Ostrovsky <boris.ostrovsky@oracle.com>
Changlong Xie <xiecl.fnst@cn.fujitsu.com>
Chong Li <chong.li@wustl.edu>
Chong Li <lichong659@gmail.com>
Chunyan Liu <cyliu@suse.com>
Dagaen Golomb <dgolomb@seas.upenn.edu>
Daniel De Graaf <dgdegra@tycho.nsa.gov>
Daniel De Graaf <dgdegra@tycho.nsa.gov> [XSM bits]
Dario Fagggioli <dario.faggioli@citrix.com>
Dario Faggioli <dario.faggioli@citrix.com>
Dasaratharaman Chandramouli <dasaratharaman.chandramouli@intel.com>
Dave Scott <dave@recoil.org>
David Scott <dave@recoil.org>
David Vrabel <david.vrabel@citrix.com>
Doug Goldstein <cardoe@cardoe.com>
Fu Wei <fu.wei@linaro.org>
George Dunlap <george.dunlap@citrix.com>
George Dunlap <george.dunlap@eu.citrix.com>
George Dunlap <george.dunlap@eu.citrix.com> [xenctx bits]
Harmandeep Kaur <write.harmandeep@gmail.com>
Ian Campbell <ian.campbell@citrix.com>
Ian Jackson <Ian.Jackson@eu.citrix.com>
Jan Beulich <jbeulich@suse.com>
Jim Fehlig <jfehlig@suse.com>
Joao Martins <joao.m.martins@oracle.com>
Jonathan Davies <jonathan.davies@citrix.com>
Juergen Gross <jgross@suse.com>
Julien Grall <julien.grall@arm.com>
Justin Weaver <jtweaver@hawaii.edu>
Kevin Tian <kevin.tian@intel.com>
Konrad Rzeszutek Wilk <konrad.wilk@oracle.com>
Len Brown <len.brown@intel.com>
Meng Xu <mengxu@cis.upenn.edu>
Micah Barany <micah.barany@intel.com>
Mike Meyer <mike.meyer@teradata.com>
Naresh Bhat <naresh.bhat@linaro.org>
Olaf Hering <olaf@aepfle.de>
Parth Dixit <parth.dixit@linaro.org>
Paul Durrant <paul.durrant@citrix.com>
Robert VanVossen <robert.vanvossen@dornerworks.com>
Roger Pau Monne <roger.pau@citrix.com>
Roger Pau Monné <roger.pau@citrix.com>
Ross Philipson <ross.philipson@ainfosec.com>
Ross Philipson <ross.philipson@gmail.com>
Shanker Donthineni <shankerd@codeaurora.org>
Shannon Zhao <shannon.zhao@linaro.org>
Shuai Ruan <shuai.ruan@intel.com>
Shuai Ruan <shuai.ruan@linux.intel.com>
Simon Cao <caobosimon@gmail.com>
Sisu Xi <xisisu@gmail.com>
Stefano Stabellini <stefano.stabellini@eu.citrix.com>
Tianyang Chen <tiche@seas.upenn.edu>
Tim Deegan <tim@xen.org>
Uma Sharma <uma.sharma523@gmail.com>
Vikram Sethi <vikrams@codeaurora.org>
Vitaly Kuznetsov <vkuznets@redhat.com>
Wei Liu <wei.liu2@citrix.com>
Wen Congyang <wency@cn.fujitsu.com>
Yang Hongyang <hongyang.yang@easystack.cn>
Zhigang Wang <zhigang.x.wang@oracle.com>
jobs:
build-amd64-xsm pass
build-armhf-xsm pass
build-i386-xsm pass
build-amd64 pass
build-armhf pass
build-i386 pass
build-amd64-libvirt pass
build-armhf-libvirt pass
build-i386-libvirt pass
build-amd64-oldkern pass
build-i386-oldkern pass
build-amd64-prev pass
build-i386-prev pass
build-amd64-pvops pass
build-armhf-pvops pass
build-i386-pvops pass
build-amd64-rumpuserxen fail
build-i386-rumpuserxen fail
test-amd64-amd64-xl pass
test-armhf-armhf-xl pass
test-amd64-i386-xl pass
test-amd64-amd64-xl-qemut-debianhvm-amd64-xsm pass
test-amd64-i386-xl-qemut-debianhvm-amd64-xsm pass
test-amd64-amd64-libvirt-qemuu-debianhvm-amd64-xsm pass
test-amd64-i386-libvirt-qemuu-debianhvm-amd64-xsm fail
test-amd64-amd64-xl-qemuu-debianhvm-amd64-xsm fail
test-amd64-i386-xl-qemuu-debianhvm-amd64-xsm fail
test-amd64-amd64-xl-qemut-stubdom-debianhvm-amd64-xsm pass
test-amd64-i386-xl-qemut-stubdom-debianhvm-amd64-xsm pass
test-amd64-amd64-libvirt-xsm pass
test-armhf-armhf-libvirt-xsm fail
test-amd64-i386-libvirt-xsm pass
test-amd64-amd64-xl-xsm fail
test-armhf-armhf-xl-xsm pass
test-amd64-i386-xl-xsm pass
test-amd64-amd64-qemuu-nested-amd fail
test-amd64-amd64-xl-pvh-amd fail
test-amd64-i386-qemut-rhel6hvm-amd pass
test-amd64-i386-qemuu-rhel6hvm-amd pass
test-amd64-amd64-xl-qemut-debianhvm-amd64 pass
test-amd64-i386-xl-qemut-debianhvm-amd64 pass
test-amd64-amd64-xl-qemuu-debianhvm-amd64 pass
test-amd64-i386-xl-qemuu-debianhvm-amd64 pass
test-amd64-i386-freebsd10-amd64 pass
test-amd64-amd64-xl-qemuu-ovmf-amd64 fail
test-amd64-i386-xl-qemuu-ovmf-amd64 pass
test-amd64-amd64-rumpuserxen-amd64 blocked
test-amd64-amd64-xl-qemut-win7-amd64 fail
test-amd64-i386-xl-qemut-win7-amd64 fail
test-amd64-amd64-xl-qemuu-win7-amd64 fail
test-amd64-i386-xl-qemuu-win7-amd64 fail
test-amd64-amd64-xl-credit2 pass
test-armhf-armhf-xl-credit2 pass
test-amd64-i386-freebsd10-i386 pass
test-amd64-i386-rumpuserxen-i386 blocked
test-amd64-amd64-qemuu-nested-intel fail
test-amd64-amd64-xl-pvh-intel fail
test-amd64-i386-qemut-rhel6hvm-intel pass
test-amd64-i386-qemuu-rhel6hvm-intel pass
test-amd64-amd64-libvirt pass
test-armhf-armhf-libvirt fail
test-amd64-i386-libvirt pass
test-armhf-armhf-xl-midway pass
test-amd64-amd64-migrupgrade pass
test-amd64-i386-migrupgrade pass
test-amd64-amd64-xl-multivcpu pass
test-armhf-armhf-xl-multivcpu pass
test-amd64-amd64-pair pass
test-amd64-i386-pair pass
test-amd64-amd64-libvirt-pair pass
test-amd64-i386-libvirt-pair pass
test-amd64-amd64-amd64-pvgrub pass
test-amd64-amd64-i386-pvgrub pass
test-amd64-amd64-pygrub pass
test-armhf-armhf-libvirt-qcow2 fail
test-amd64-amd64-xl-qcow2 pass
test-armhf-armhf-libvirt-raw fail
test-amd64-i386-xl-raw pass
test-amd64-amd64-xl-rtds pass
test-armhf-armhf-xl-rtds pass
test-amd64-i386-xl-qemut-winxpsp3-vcpus1 pass
test-amd64-i386-xl-qemuu-winxpsp3-vcpus1 pass
test-amd64-amd64-libvirt-vhd pass
test-armhf-armhf-xl-vhd pass
test-amd64-amd64-xl-qemut-winxpsp3 pass
test-amd64-i386-xl-qemut-winxpsp3 pass
test-amd64-amd64-xl-qemuu-winxpsp3 pass
test-amd64-i386-xl-qemuu-winxpsp3 pass
------------------------------------------------------------
sg-report-flight on osstest.xs.citrite.net
logs: /home/osstest/logs
images: /home/osstest/images
Logs, config files, etc. are available at
http://osstest.xs.citrite.net/~osstest/testlogs/logs
Test harness code can be found at
http://xenbits.xensource.com/gitweb?p=osstest.git;a=summary
Push not applicable.
(No revision log; it would be 4898 lines long.)
[-- Attachment #2: Type: text/plain, Size: 126 bytes --]
_______________________________________________
Xen-devel mailing list
Xen-devel@lists.xen.org
http://lists.xen.org/xen-devel
^ permalink raw reply [flat|nested] only message in thread
only message in thread, other threads:[~2016-04-17 1:10 UTC | newest]
Thread overview: (only message) (download: mbox.gz follow: Atom feed
-- links below jump to the message on this page --
2016-04-17 1:10 [xen-unstable baseline-only test] 44338: regressions - FAIL Platform Team regression test user
This is a public inbox, see mirroring instructions
for how to clone and mirror all data and code used for this inbox;
as well as URLs for NNTP newsgroup(s).