xen-devel.lists.xenproject.org archive mirror
 help / color / mirror / Atom feed
* [seabios baseline-only test] 44361: tolerable FAIL
@ 2016-04-24  6:40 Platform Team regression test user
  0 siblings, 0 replies; only message in thread
From: Platform Team regression test user @ 2016-04-24  6:40 UTC (permalink / raw)
  To: xen-devel, osstest-admin

This run is configured for baseline tests only.

flight 44361 seabios real [real]
http://osstest.xs.citrite.net/~osstest/testlogs/logs/44361/

Failures :-/ but no regressions.

Regressions which are regarded as allowable (not blocking):
 test-amd64-i386-xl-qemuu-win7-amd64 16 guest-stop              fail like 44345
 test-amd64-amd64-xl-qemuu-win7-amd64 16 guest-stop             fail like 44345
 test-amd64-amd64-qemuu-nested-intel 16 debian-hvm-install/l1/l2 fail like 44345

Tests which did not succeed, but are not blocking:
 test-amd64-amd64-qemuu-nested-amd 16 debian-hvm-install/l1/l2  fail never pass
 test-amd64-amd64-libvirt-qemuu-debianhvm-amd64-xsm 10 migrate-support-check fail never pass
 test-amd64-i386-libvirt-qemuu-debianhvm-amd64-xsm 10 migrate-support-check fail never pass

version targeted for testing:
 seabios              c8e105a4d5e52e8e7539ab1f2cd07ebe0ae9033a
baseline version:
 seabios              79bafa1f4037f371b2f03c54647565c9537cc0c2

Last test of basis    44345  2016-04-19 20:20:45 Z    4 days
Testing same since    44361  2016-04-24 01:21:29 Z    0 days    1 attempts

------------------------------------------------------------
People who touched revisions under test:
  Kevin O'Connor <kevin@koconnor.net>

jobs:
 build-amd64-xsm                                              pass    
 build-i386-xsm                                               pass    
 build-amd64                                                  pass    
 build-i386                                                   pass    
 build-amd64-libvirt                                          pass    
 build-i386-libvirt                                           pass    
 build-amd64-pvops                                            pass    
 build-i386-pvops                                             pass    
 test-amd64-amd64-libvirt-qemuu-debianhvm-amd64-xsm           pass    
 test-amd64-i386-libvirt-qemuu-debianhvm-amd64-xsm            pass    
 test-amd64-amd64-xl-qemuu-debianhvm-amd64-xsm                pass    
 test-amd64-i386-xl-qemuu-debianhvm-amd64-xsm                 pass    
 test-amd64-amd64-qemuu-nested-amd                            fail    
 test-amd64-i386-qemuu-rhel6hvm-amd                           pass    
 test-amd64-amd64-xl-qemuu-debianhvm-amd64                    pass    
 test-amd64-i386-xl-qemuu-debianhvm-amd64                     pass    
 test-amd64-amd64-xl-qemuu-ovmf-amd64                         pass    
 test-amd64-i386-xl-qemuu-ovmf-amd64                          pass    
 test-amd64-amd64-xl-qemuu-win7-amd64                         fail    
 test-amd64-i386-xl-qemuu-win7-amd64                          fail    
 test-amd64-amd64-qemuu-nested-intel                          fail    
 test-amd64-i386-qemuu-rhel6hvm-intel                         pass    
 test-amd64-i386-xl-qemuu-winxpsp3-vcpus1                     pass    
 test-amd64-amd64-xl-qemuu-winxpsp3                           pass    
 test-amd64-i386-xl-qemuu-winxpsp3                            pass    


------------------------------------------------------------
sg-report-flight on osstest.xs.citrite.net
logs: /home/osstest/logs
images: /home/osstest/images

Logs, config files, etc. are available at
    http://osstest.xs.citrite.net/~osstest/testlogs/logs

Test harness code can be found at
    http://xenbits.xensource.com/gitweb?p=osstest.git;a=summary


Push not applicable.

------------------------------------------------------------
commit c8e105a4d5e52e8e7539ab1f2cd07ebe0ae9033a
Author: Kevin O'Connor <kevin@koconnor.net>
Date:   Fri Apr 22 08:32:13 2016 -0400

    docs: Note release date of 1.9.2
    
    Signed-off-by: Kevin O'Connor <kevin@koconnor.net>

_______________________________________________
Xen-devel mailing list
Xen-devel@lists.xen.org
http://lists.xen.org/xen-devel

^ permalink raw reply	[flat|nested] only message in thread

only message in thread, other threads:[~2016-04-24  6:40 UTC | newest]

Thread overview: (only message) (download: mbox.gz follow: Atom feed
-- links below jump to the message on this page --
2016-04-24  6:40 [seabios baseline-only test] 44361: tolerable FAIL Platform Team regression test user

This is a public inbox, see mirroring instructions
for how to clone and mirror all data and code used for this inbox;
as well as URLs for NNTP newsgroup(s).