From: Platform Team regression test user <citrix-osstest@xenproject.org>
To: xen-devel@lists.xensource.com, osstest-admin@xenproject.org
Subject: [xen-unstable baseline-only test] 44362: tolerable FAIL
Date: Sun, 24 Apr 2016 13:32:59 +0100 [thread overview]
Message-ID: <osstest-44362-mainreport@xen.org> (raw)
[-- Attachment #1: Type: text/plain, Size: 19124 bytes --]
This run is configured for baseline tests only.
flight 44362 xen-unstable real [real]
http://osstest.xs.citrite.net/~osstest/testlogs/logs/44362/
Failures :-/ but no regressions.
Regressions which are regarded as allowable (not blocking):
build-amd64-rumpuserxen 6 xen-build fail like 44351
test-amd64-amd64-xl-xsm 19 guest-start/debian.repeat fail like 44351
build-i386-rumpuserxen 6 xen-build fail like 44351
test-amd64-i386-xl-qemuu-win7-amd64 16 guest-stop fail like 44351
test-amd64-amd64-qemuu-nested-intel 16 debian-hvm-install/l1/l2 fail like 44351
Tests which did not succeed, but are not blocking:
test-amd64-amd64-rumpuserxen-amd64 1 build-check(1) blocked n/a
test-amd64-i386-rumpuserxen-i386 1 build-check(1) blocked n/a
test-armhf-armhf-libvirt 14 guest-saverestore fail never pass
test-armhf-armhf-libvirt 12 migrate-support-check fail never pass
test-armhf-armhf-libvirt-xsm 12 migrate-support-check fail never pass
test-armhf-armhf-libvirt-xsm 14 guest-saverestore fail never pass
test-amd64-amd64-xl-pvh-amd 11 guest-start fail never pass
test-amd64-amd64-xl-pvh-intel 11 guest-start fail never pass
test-armhf-armhf-xl 12 migrate-support-check fail never pass
test-armhf-armhf-xl 13 saverestore-support-check fail never pass
test-armhf-armhf-xl-credit2 13 saverestore-support-check fail never pass
test-armhf-armhf-xl-credit2 12 migrate-support-check fail never pass
test-armhf-armhf-libvirt-raw 13 guest-saverestore fail never pass
test-armhf-armhf-libvirt-raw 11 migrate-support-check fail never pass
test-armhf-armhf-xl-midway 13 saverestore-support-check fail never pass
test-armhf-armhf-xl-midway 12 migrate-support-check fail never pass
test-armhf-armhf-xl-multivcpu 13 saverestore-support-check fail never pass
test-armhf-armhf-xl-multivcpu 12 migrate-support-check fail never pass
test-armhf-armhf-xl-xsm 13 saverestore-support-check fail never pass
test-armhf-armhf-xl-xsm 12 migrate-support-check fail never pass
test-armhf-armhf-xl-rtds 13 saverestore-support-check fail never pass
test-armhf-armhf-xl-rtds 12 migrate-support-check fail never pass
test-amd64-i386-libvirt 12 migrate-support-check fail never pass
test-amd64-i386-libvirt-xsm 12 migrate-support-check fail never pass
test-armhf-armhf-libvirt-qcow2 11 migrate-support-check fail never pass
test-armhf-armhf-libvirt-qcow2 13 guest-saverestore fail never pass
test-amd64-amd64-libvirt 12 migrate-support-check fail never pass
test-armhf-armhf-xl-vhd 11 migrate-support-check fail never pass
test-armhf-armhf-xl-vhd 12 saverestore-support-check fail never pass
test-amd64-amd64-qemuu-nested-amd 16 debian-hvm-install/l1/l2 fail never pass
test-amd64-amd64-libvirt-xsm 12 migrate-support-check fail never pass
test-amd64-amd64-libvirt-qemuu-debianhvm-amd64-xsm 10 migrate-support-check fail never pass
test-amd64-amd64-xl-qemuu-win7-amd64 16 guest-stop fail never pass
test-amd64-i386-libvirt-qemuu-debianhvm-amd64-xsm 10 migrate-support-check fail never pass
test-amd64-i386-xl-qemut-win7-amd64 16 guest-stop fail never pass
test-amd64-amd64-libvirt-vhd 11 migrate-support-check fail never pass
test-amd64-amd64-xl-qemut-win7-amd64 16 guest-stop fail never pass
version targeted for testing:
xen e0ec0a717d882ff0c0935b4893792d6aa95df3ef
baseline version:
xen 4e4689e74d012b737bbca820cfe52c689c7d9cef
Last test of basis 44351 2016-04-21 15:29:10 Z 2 days
Testing same since 44362 2016-04-24 05:50:01 Z 0 days 1 attempts
------------------------------------------------------------
People who touched revisions under test:
Andrew Cooper <andrew.cooper3@citrix.com>
David Vrabel <david.vrabel@citrix.com>
Dirk Behme <dirk.behme@de.bosch.com>
Fu Wei <fu.wei@linaro.org>
George Dunlap <george.dunlap@citrix.com>
Ian Jackson <Ian.Jackson@eu.citrix.com>
Jan Beulich <jbeulich@suse.com>
Juergen Gross <jgross@suse.com>
Julien Grall <julien.grall@arm.com>
Kevin Tian <kevin.tian@intel.com>
Konrad Rzeszutek Wilk <konrad.wilk@oracle.com>
Olaf Hering <olaf@aepfle.de>
Razvan Cojocaru <rcojocaru@bitdefender.com>
Roger Pau Monné <roger.pau@citrix.com>
Stefano Stabellini <sstabellini@kernel.org>
Tamas K Lengyel <tamas@tklengyel.com>
Tim Deegan <tim@xen.org>
Wei Liu <wei.liu2@citrix.com>
Zhigang Wang <zhigang.x.wang@oracle.com>
jobs:
build-amd64-xsm pass
build-armhf-xsm pass
build-i386-xsm pass
build-amd64 pass
build-armhf pass
build-i386 pass
build-amd64-libvirt pass
build-armhf-libvirt pass
build-i386-libvirt pass
build-amd64-oldkern pass
build-i386-oldkern pass
build-amd64-prev pass
build-i386-prev pass
build-amd64-pvops pass
build-armhf-pvops pass
build-i386-pvops pass
build-amd64-rumpuserxen fail
build-i386-rumpuserxen fail
test-amd64-amd64-xl pass
test-armhf-armhf-xl pass
test-amd64-i386-xl pass
test-amd64-amd64-xl-qemut-debianhvm-amd64-xsm pass
test-amd64-i386-xl-qemut-debianhvm-amd64-xsm pass
test-amd64-amd64-libvirt-qemuu-debianhvm-amd64-xsm pass
test-amd64-i386-libvirt-qemuu-debianhvm-amd64-xsm pass
test-amd64-amd64-xl-qemuu-debianhvm-amd64-xsm pass
test-amd64-i386-xl-qemuu-debianhvm-amd64-xsm pass
test-amd64-amd64-xl-qemut-stubdom-debianhvm-amd64-xsm pass
test-amd64-i386-xl-qemut-stubdom-debianhvm-amd64-xsm pass
test-amd64-amd64-libvirt-xsm pass
test-armhf-armhf-libvirt-xsm fail
test-amd64-i386-libvirt-xsm pass
test-amd64-amd64-xl-xsm fail
test-armhf-armhf-xl-xsm pass
test-amd64-i386-xl-xsm pass
test-amd64-amd64-qemuu-nested-amd fail
test-amd64-amd64-xl-pvh-amd fail
test-amd64-i386-qemut-rhel6hvm-amd pass
test-amd64-i386-qemuu-rhel6hvm-amd pass
test-amd64-amd64-xl-qemut-debianhvm-amd64 pass
test-amd64-i386-xl-qemut-debianhvm-amd64 pass
test-amd64-amd64-xl-qemuu-debianhvm-amd64 pass
test-amd64-i386-xl-qemuu-debianhvm-amd64 pass
test-amd64-i386-freebsd10-amd64 pass
test-amd64-amd64-xl-qemuu-ovmf-amd64 pass
test-amd64-i386-xl-qemuu-ovmf-amd64 pass
test-amd64-amd64-rumpuserxen-amd64 blocked
test-amd64-amd64-xl-qemut-win7-amd64 fail
test-amd64-i386-xl-qemut-win7-amd64 fail
test-amd64-amd64-xl-qemuu-win7-amd64 fail
test-amd64-i386-xl-qemuu-win7-amd64 fail
test-amd64-amd64-xl-credit2 pass
test-armhf-armhf-xl-credit2 pass
test-amd64-i386-freebsd10-i386 pass
test-amd64-i386-rumpuserxen-i386 blocked
test-amd64-amd64-qemuu-nested-intel fail
test-amd64-amd64-xl-pvh-intel fail
test-amd64-i386-qemut-rhel6hvm-intel pass
test-amd64-i386-qemuu-rhel6hvm-intel pass
test-amd64-amd64-libvirt pass
test-armhf-armhf-libvirt fail
test-amd64-i386-libvirt pass
test-armhf-armhf-xl-midway pass
test-amd64-amd64-migrupgrade pass
test-amd64-i386-migrupgrade pass
test-amd64-amd64-xl-multivcpu pass
test-armhf-armhf-xl-multivcpu pass
test-amd64-amd64-pair pass
test-amd64-i386-pair pass
test-amd64-amd64-libvirt-pair pass
test-amd64-i386-libvirt-pair pass
test-amd64-amd64-amd64-pvgrub pass
test-amd64-amd64-i386-pvgrub pass
test-amd64-amd64-pygrub pass
test-armhf-armhf-libvirt-qcow2 fail
test-amd64-amd64-xl-qcow2 pass
test-armhf-armhf-libvirt-raw fail
test-amd64-i386-xl-raw pass
test-amd64-amd64-xl-rtds pass
test-armhf-armhf-xl-rtds pass
test-amd64-i386-xl-qemut-winxpsp3-vcpus1 pass
test-amd64-i386-xl-qemuu-winxpsp3-vcpus1 pass
test-amd64-amd64-libvirt-vhd pass
test-armhf-armhf-xl-vhd pass
test-amd64-amd64-xl-qemut-winxpsp3 pass
test-amd64-i386-xl-qemut-winxpsp3 pass
test-amd64-amd64-xl-qemuu-winxpsp3 pass
test-amd64-i386-xl-qemuu-winxpsp3 pass
------------------------------------------------------------
sg-report-flight on osstest.xs.citrite.net
logs: /home/osstest/logs
images: /home/osstest/images
Logs, config files, etc. are available at
http://osstest.xs.citrite.net/~osstest/testlogs/logs
Test harness code can be found at
http://xenbits.xensource.com/gitweb?p=osstest.git;a=summary
Push not applicable.
------------------------------------------------------------
commit e0ec0a717d882ff0c0935b4893792d6aa95df3ef
Author: Olaf Hering <olaf@aepfle.de>
Date: Tue Apr 12 15:55:19 2016 +0200
tools: fix compile errors with -Og
At least gcc-4.8 and older fails to recognize that err is always
initialized, the build fails:
xc_cpupool.c: In function 'xc_cpupool_removecpu':
xc_cpupool.c:168:5: error: 'err' may be used uninitialized in this function [-Werror=maybe-uninitialized]
return err;
Fix this in blktap2 and libxc.
Signed-off-by: Olaf Hering <olaf@aepfle.de>
Cc: Ian Jackson <ian.jackson@eu.citrix.com>
Cc: Wei Liu <wei.liu2@citrix.com>
Reviewed-by: Dario Faggioli <dario.faggioli@citrix.com>
Acked-by: Wei Liu <wei.liu2@citrix.com>
Release-acked-by: Wei Liu <wei.liu2@citrix.com>
commit d2d7024f8842aa78bd521a5b520aa971ae4d1604
Author: Wei Liu <wei.liu2@citrix.com>
Date: Fri Apr 22 19:04:35 2016 +0100
Config.mk: update seabios revision
Signed-off-by: Wei Liu <wei.liu2@citrix.com>
Acked-by: Roger Pau Monné <roger.pau@citrix.com>
Acked-by: Jan Beulich <jbeulich@suse.com>
Release-acked-by: Wei Liu <wei.liu2@citrix.com>
commit a20e8c7a68971696477704fa617c02027f4237a6
Author: Wei Liu <wei.liu2@citrix.com>
Date: Mon Apr 11 14:08:03 2016 +0100
libxl: pvusb: use %u to convert unsigned number
Both be_domid and fe_domid are unsigned.
Reported-by: Olaf Hering <olaf@aepfle.de>
Signed-off-by: Wei Liu <wei.liu2@citrix.com>
Reviewed-by: Juergen Gross <jgross@suse.com>
Release-acked-by: Wei Liu <wei.liu2@citrix.com>
commit 99b0acd17557ca45ee713ca0029e01e5921b3edc
Author: Tamas K Lengyel <tamas@tklengyel.com>
Date: Wed Apr 20 18:39:25 2016 -0600
xenaccess: minor fixes and extra printouts
Without specifying the altp2m flag on the response the view never got switched.
Also, add extra information printouts that can be useful during debugging.
Signed-off-by: Tamas K Lengyel <tamas@tklengyel.com>
Acked-by: Razvan Cojocaru <rcojocaru@bitdefender.com>
Release-acked-by: Wei Liu <wei.liu2@citrix.com>
commit 67831c4c407728fa3ceb81129988716aff2ca947
Author: Fu Wei <fu.wei@linaro.org>
Date: Thu Apr 21 19:07:09 2016 +0800
docs/arm64: update the documentation for loading XSM support
This patch updates the documentation for allowing detection of an XSM
module that lacks a specific compatible string.
This mechanism has been added by the commit
ca32012341f3de7d3975407fb963e6028f0d0c8b.
Signed-off-by: Fu Wei <fu.wei@linaro.org>
Signed-off-by: Stefano Stabellini <sstabellini@kernel.org>
Acked-by: Julien Grall <julien.grall@arm.com>
Release-acked-by: Wei Liu <wei.liu2@citrix.com>
commit 945bfa1acd2db0acada234796dc471550caaa08c
Author: Dirk Behme <dirk.behme@de.bosch.com>
Date: Thu Apr 21 07:33:50 2016 +0200
xen/arm: domain_build: Add PSCI 1.0 compatibility
Xen needs to blacklist any PSCI node as it will be recreated for DOM0.
Up to now, this was done only for arm,psci and arm,psci-0.2 compatible
nodes. Add PSCI 1.0 compatibility to make device tree nodes with
compatible = "arm,psci-1.0";
blacklisted, too
Signed-off-by: Dirk Behme <dirk.behme@de.bosch.com>
Acked-by: Julien Grall <julien.grall@arm.com>
Acked-by: Stefano Stabellini <sstabellini@kernel.org>
Release-acked-by: Wei Liu <wei.liu2@citrix.com>
commit ef94415df1f078c2cde4687d3e4fb898b3e0d122
Author: Jan Beulich <JBeulich@suse.com>
Date: Fri Apr 22 18:01:37 2016 +0100
MAINTAINERS: ARM docs to be maintained by ARM maintainers
I've been getting increasingly annoyed by people not applying common
sense to these docs updates.
Signed-off-by: Jan Beulich <jbeulich@suse.com>
Acked-by: Stefano Stabellini <sstabellini@kernel.org>
Acked-by: Julien Grall <julien.grall@arm.com>
commit 3515e222a8a51a273b8e628b39afe949802a2337
Author: George Dunlap <george.dunlap@citrix.com>
Date: Fri Apr 22 12:19:23 2016 +0100
committers to be REST maintainers
As proposed on the hackathon.
Signed-off-by: Jan Beulich <jbeulich@suse.com>
Acked-by: Ian Jackson <Ian.Jackson@eu.citrix.com>
Acked-by: Andrew Cooper <andrew.cooper3@citrix.com>
Acked-by: Wei Liu <wei.liu2@citrix.com>
Acked-by: Stefano Stabellini <sstabellini@kernel.org>
Acked-by: Konrad Rzeszutek Wilk <konrad.wilk@oracle.com>
Acked-by: George Dunlap <george.dunlap@citrix.com>
commit 09fc40ed3054fe58528c3847d2fcb77d8249b726
Author: David Vrabel <david.vrabel@citrix.com>
Date: Tue Apr 12 17:19:43 2016 +0100
x86/ept: defer the invalidation until the p2m lock is released
Holding the p2m lock while calling ept_sync_domain() is very expensive
since it does an on_selected_cpus() call. IPIs on many socket
machines can be very slow and on_selected_cpus() is serialized.
It is safe to defer the invalidate until the p2m lock is released
except for two cases:
1. When freeing a page table page (since partial translations may be
cached).
2. When reclaiming a zero page as part of PoD.
For these cases, add p2m_tlb_flush_sync() calls which will immediately
perform the invalidate before the page is freed or reclaimed.
Signed-off-by: David Vrabel <david.vrabel@citrix.com>
Acked-by: Kevin Tian <kevin.tian@intel.com>
Reviewed-by: George Dunlap <geroge.dunlap@citrix.com>
Release-acked-by: Wei Liu <wei.liu2@citrix.com>
commit 83a5839960db70f3552417379ad2677a6b473b20
Author: Zhigang Wang <zhigang.x.wang@oracle.com>
Date: Wed Apr 20 10:16:35 2016 -0400
tools/xenstat: handle network interface name in uppercase.
xentop will segmentation fault in this case:
# ip link set eth1 down
# ip link set eth1 name ETH
# xentop
This patch will let xentop to handle all uppercase network interface name.
Signed-off-by: Zhigang Wang <zhigang.x.wang@oracle.com>
Acked-by: Wei Liu <wei.liu2@citrix.com>
Release-acked-by: Wei Liu <wei.liu2@citrix.com>
commit 1e9f929b7875a0f630f229127127179ed3d5aefa
Author: Juergen Gross <jgross@suse.com>
Date: Mon Apr 11 15:04:09 2016 +0200
docs: add misc/qemu-backends.txt
Document the interface between qemu and libxl regarding backends
supported by qemu.
Signed-off-by: Juergen Gross <jgross@suse.com>
Reviewed-by: Konrad Rzeszutek Wilk <konrad.wilk@oracle.com>
Reviewed-by: Stefano Stabellini <stefano.stabellini@eu.citrix.com>
Reviewed-by: Wei Liu <wei.liu2@citrix.com>
Release-acked-by: Wei Liu <wei.liu2@citrix.com>
commit 8b17648339ba801c4c7937b5f13dd25068e54e60
Author: Tim Deegan <tim@xen.org>
Date: Mon Mar 14 11:05:48 2016 +0000
x86: limit GFNs to 32 bits for shadowed superpages.
Superpage shadows store the shadowed GFN in the backpointer field,
which for non-BIGMEM builds is 32 bits wide. Shadowing a superpage
mapping of a guest-physical address above 2^44 would lead to the GFN
being truncated there, and a crash when we come to remove the shadow
from the hash table.
Track the valid width of a GFN for each guest, including reporting it
through CPUID, and enforce it in the shadow pagetables. Set the
maximum witth to 32 for guests where this truncation could occur.
This is XSA-173.
Reported-by: Ling Liu <liuling-it@360.cn>
Signed-off-by: Tim Deegan <tim@xen.org>
Signed-off-by: Jan Beulich <jbeulich@suse.com>
(qemu changes not included)
[-- Attachment #2: Type: text/plain, Size: 126 bytes --]
_______________________________________________
Xen-devel mailing list
Xen-devel@lists.xen.org
http://lists.xen.org/xen-devel
reply other threads:[~2016-04-24 12:32 UTC|newest]
Thread overview: [no followups] expand[flat|nested] mbox.gz Atom feed
Reply instructions:
You may reply publicly to this message via plain-text email
using any one of the following methods:
* Save the following mbox file, import it into your mail client,
and reply-to-all from there: mbox
Avoid top-posting and favor interleaved quoting:
https://en.wikipedia.org/wiki/Posting_style#Interleaved_style
* Reply using the --to, --cc, and --in-reply-to
switches of git-send-email(1):
git send-email \
--in-reply-to=osstest-44362-mainreport@xen.org \
--to=citrix-osstest@xenproject.org \
--cc=osstest-admin@xenproject.org \
--cc=xen-devel@lists.xensource.com \
/path/to/YOUR_REPLY
https://kernel.org/pub/software/scm/git/docs/git-send-email.html
* If your mail client supports setting the In-Reply-To header
via mailto: links, try the mailto: link
Be sure your reply has a Subject: header at the top and a blank line
before the message body.
This is a public inbox, see mirroring instructions
for how to clone and mirror all data and code used for this inbox;
as well as URLs for NNTP newsgroup(s).