* [qemu-mainline baseline-only test] 44364: regressions - FAIL
@ 2016-04-26 12:03 Platform Team regression test user
0 siblings, 0 replies; only message in thread
From: Platform Team regression test user @ 2016-04-26 12:03 UTC (permalink / raw)
To: xen-devel, osstest-admin
This run is configured for baseline tests only.
flight 44364 qemu-mainline real [real]
http://osstest.xs.citrite.net/~osstest/testlogs/logs/44364/
Regressions :-(
Tests which did not succeed and are blocking,
including tests which could not be run:
test-amd64-amd64-pair 10 xen-boot/dst_host fail REGR. vs. 44359
Regressions which are regarded as allowable (not blocking):
test-amd64-amd64-qemuu-nested-intel 13 xen-boot/l1 fail like 44359
test-amd64-amd64-i386-pvgrub 10 guest-start fail like 44359
Tests which did not succeed, but are not blocking:
test-amd64-amd64-xl-pvh-intel 11 guest-start fail never pass
test-armhf-armhf-libvirt-xsm 12 migrate-support-check fail never pass
test-armhf-armhf-libvirt 14 guest-saverestore fail never pass
test-armhf-armhf-libvirt-xsm 14 guest-saverestore fail never pass
test-armhf-armhf-libvirt 12 migrate-support-check fail never pass
test-amd64-amd64-xl-pvh-amd 11 guest-start fail never pass
test-armhf-armhf-libvirt-qcow2 11 migrate-support-check fail never pass
test-armhf-armhf-libvirt-qcow2 13 guest-saverestore fail never pass
test-armhf-armhf-xl-credit2 13 saverestore-support-check fail never pass
test-armhf-armhf-xl-credit2 12 migrate-support-check fail never pass
test-armhf-armhf-xl-multivcpu 13 saverestore-support-check fail never pass
test-armhf-armhf-xl-multivcpu 12 migrate-support-check fail never pass
test-armhf-armhf-xl-xsm 13 saverestore-support-check fail never pass
test-armhf-armhf-xl-xsm 12 migrate-support-check fail never pass
test-armhf-armhf-xl-midway 13 saverestore-support-check fail never pass
test-armhf-armhf-xl-midway 12 migrate-support-check fail never pass
test-armhf-armhf-xl 12 migrate-support-check fail never pass
test-armhf-armhf-xl 13 saverestore-support-check fail never pass
test-armhf-armhf-xl-rtds 13 saverestore-support-check fail never pass
test-armhf-armhf-xl-rtds 12 migrate-support-check fail never pass
test-amd64-amd64-libvirt-xsm 12 migrate-support-check fail never pass
test-amd64-amd64-libvirt 12 migrate-support-check fail never pass
test-armhf-armhf-xl-vhd 11 migrate-support-check fail never pass
test-armhf-armhf-xl-vhd 12 saverestore-support-check fail never pass
test-amd64-i386-libvirt-xsm 12 migrate-support-check fail never pass
test-amd64-i386-libvirt 12 migrate-support-check fail never pass
test-amd64-i386-libvirt-qemuu-debianhvm-amd64-xsm 10 migrate-support-check fail never pass
test-amd64-i386-xl-qemuu-win7-amd64 16 guest-stop fail never pass
test-amd64-amd64-qemuu-nested-amd 16 debian-hvm-install/l1/l2 fail never pass
test-amd64-amd64-libvirt-qemuu-debianhvm-amd64-xsm 10 migrate-support-check fail never pass
test-amd64-amd64-xl-qemuu-win7-amd64 16 guest-stop fail never pass
test-amd64-amd64-libvirt-vhd 11 migrate-support-check fail never pass
test-armhf-armhf-libvirt-raw 13 guest-saverestore fail never pass
test-armhf-armhf-libvirt-raw 11 migrate-support-check fail never pass
version targeted for testing:
qemuu f419a626c76bcb26697883af702862e8623056f9
baseline version:
qemuu 53343338a6e7b83777b82803398572b40afc8c0f
Last test of basis 44359 2016-04-23 15:00:13 Z 2 days
Testing same since 44364 2016-04-26 05:49:20 Z 0 days 1 attempts
------------------------------------------------------------
People who touched revisions under test:
David Gibson <david@gibson.dropbear.id.au>
Gerd Hoffmann <kraxel@redhat.com>
Joe Clifford <joe@thunderbug.co.uk>
Peter Maydell <peter.maydell@linaro.org>
Thomas Huth <thuth@redhat.com>
jobs:
build-amd64-xsm pass
build-armhf-xsm pass
build-i386-xsm pass
build-amd64 pass
build-armhf pass
build-i386 pass
build-amd64-libvirt pass
build-armhf-libvirt pass
build-i386-libvirt pass
build-amd64-pvops pass
build-armhf-pvops pass
build-i386-pvops pass
test-amd64-amd64-xl pass
test-armhf-armhf-xl pass
test-amd64-i386-xl pass
test-amd64-amd64-libvirt-qemuu-debianhvm-amd64-xsm pass
test-amd64-i386-libvirt-qemuu-debianhvm-amd64-xsm pass
test-amd64-amd64-xl-qemuu-debianhvm-amd64-xsm pass
test-amd64-i386-xl-qemuu-debianhvm-amd64-xsm pass
test-amd64-amd64-libvirt-xsm pass
test-armhf-armhf-libvirt-xsm fail
test-amd64-i386-libvirt-xsm pass
test-amd64-amd64-xl-xsm pass
test-armhf-armhf-xl-xsm pass
test-amd64-i386-xl-xsm pass
test-amd64-amd64-qemuu-nested-amd fail
test-amd64-amd64-xl-pvh-amd fail
test-amd64-i386-qemuu-rhel6hvm-amd pass
test-amd64-amd64-xl-qemuu-debianhvm-amd64 pass
test-amd64-i386-xl-qemuu-debianhvm-amd64 pass
test-amd64-i386-freebsd10-amd64 pass
test-amd64-amd64-xl-qemuu-ovmf-amd64 pass
test-amd64-i386-xl-qemuu-ovmf-amd64 pass
test-amd64-amd64-xl-qemuu-win7-amd64 fail
test-amd64-i386-xl-qemuu-win7-amd64 fail
test-amd64-amd64-xl-credit2 pass
test-armhf-armhf-xl-credit2 pass
test-amd64-i386-freebsd10-i386 pass
test-amd64-amd64-qemuu-nested-intel fail
test-amd64-amd64-xl-pvh-intel fail
test-amd64-i386-qemuu-rhel6hvm-intel pass
test-amd64-amd64-libvirt pass
test-armhf-armhf-libvirt fail
test-amd64-i386-libvirt pass
test-armhf-armhf-xl-midway pass
test-amd64-amd64-xl-multivcpu pass
test-armhf-armhf-xl-multivcpu pass
test-amd64-amd64-pair fail
test-amd64-i386-pair pass
test-amd64-amd64-libvirt-pair pass
test-amd64-i386-libvirt-pair pass
test-amd64-amd64-amd64-pvgrub pass
test-amd64-amd64-i386-pvgrub fail
test-amd64-amd64-pygrub pass
test-armhf-armhf-libvirt-qcow2 fail
test-amd64-amd64-xl-qcow2 pass
test-armhf-armhf-libvirt-raw fail
test-amd64-i386-xl-raw pass
test-amd64-amd64-xl-rtds pass
test-armhf-armhf-xl-rtds pass
test-amd64-i386-xl-qemuu-winxpsp3-vcpus1 pass
test-amd64-amd64-libvirt-vhd pass
test-armhf-armhf-xl-vhd pass
test-amd64-amd64-xl-qemuu-winxpsp3 pass
test-amd64-i386-xl-qemuu-winxpsp3 pass
------------------------------------------------------------
sg-report-flight on osstest.xs.citrite.net
logs: /home/osstest/logs
images: /home/osstest/images
Logs, config files, etc. are available at
http://osstest.xs.citrite.net/~osstest/testlogs/logs
Test harness code can be found at
http://xenbits.xensource.com/gitweb?p=osstest.git;a=summary
Push not applicable.
------------------------------------------------------------
commit f419a626c76bcb26697883af702862e8623056f9
Author: Gerd Hoffmann <kraxel@redhat.com>
Date: Fri Apr 22 12:44:53 2016 +0200
usb/uhci: move pid check
commit "5f77e06 usb: add pid check at the first of uhci_handle_td()"
moved the pid verification to the start of the uhci_handle_td function,
to simplify the error handling (we don't have to free stuff which we
didn't allocate in the first place ...).
Problem is now the check fires too often, it raises error IRQs even for
TDs which we are not going to process because they are not set active.
So, lets move down the check a bit, so it is done only for active TDs,
but still before we are going to allocate stuff to process the requested
transfer.
Reported-by: Joe Clifford <joe@thunderbug.co.uk>
Tested-by: Joe Clifford <joe@thunderbug.co.uk>
Signed-off-by: Gerd Hoffmann <kraxel@redhat.com>
Message-id: 1461321893-15811-1-git-send-email-kraxel@redhat.com
Signed-off-by: Peter Maydell <peter.maydell@linaro.org>
commit 3123bd8ebf3749be5b6ef815229c8c9dfb13c16d
Merge: 5334333 da34fed
Author: Peter Maydell <peter.maydell@linaro.org>
Date: Mon Apr 25 11:15:53 2016 +0100
Merge remote-tracking branch 'remotes/dgibson/tags/ppc-for-2.6-20160423' into staging
ppc patch queue for 2016-03-23
A single fix for a bug in parameter handling for the spapr PCI host
bridge.
# gpg: Signature made Sat 23 Apr 2016 07:55:29 BST using RSA key ID 20D9B392
# gpg: Good signature from "David Gibson <david@gibson.dropbear.id.au>"
# gpg: aka "David Gibson (Red Hat) <dgibson@redhat.com>"
# gpg: aka "David Gibson (ozlabs.org) <dgibson@ozlabs.org>"
# gpg: WARNING: This key is not certified with sufficiently trusted signatures!
# gpg: It is not certain that the signature belongs to the owner.
# Primary key fingerprint: 75F4 6586 AE61 A66C C44E 87DC 6C38 CACA 20D9 B392
* remotes/dgibson/tags/ppc-for-2.6-20160423:
hw/ppc/spapr: Fix crash when specifying bad parameters to spapr-pci-host-bridge
Signed-off-by: Peter Maydell <peter.maydell@linaro.org>
commit da34fed707a3a3ffa229f4e724aea06da1b53fb0
Author: Thomas Huth <thuth@redhat.com>
Date: Thu Apr 21 12:08:58 2016 +0200
hw/ppc/spapr: Fix crash when specifying bad parameters to spapr-pci-host-bridge
QEMU currently crashes when using bad parameters for the
spapr-pci-host-bridge device:
$ qemu-system-ppc64 -device spapr-pci-host-bridge,buid=0x123,liobn=0x321,mem_win_addr=0x1,io_win_addr=0x10
Segmentation fault
The problem is that spapr_tce_find_by_liobn() might return NULL, but
the code in spapr_populate_pci_dt() does not check for this condition
and then tries to dereference this NULL pointer.
Apart from that, the return value of spapr_populate_pci_dt() also
has to be checked for all PCI buses, not only for the last one, to
make sure we catch all errors.
Signed-off-by: Thomas Huth <thuth@redhat.com>
Signed-off-by: David Gibson <david@gibson.dropbear.id.au>
_______________________________________________
Xen-devel mailing list
Xen-devel@lists.xen.org
http://lists.xen.org/xen-devel
^ permalink raw reply [flat|nested] only message in thread
only message in thread, other threads:[~2016-04-26 12:03 UTC | newest]
Thread overview: (only message) (download: mbox.gz follow: Atom feed
-- links below jump to the message on this page --
2016-04-26 12:03 [qemu-mainline baseline-only test] 44364: regressions - FAIL Platform Team regression test user
This is a public inbox, see mirroring instructions
for how to clone and mirror all data and code used for this inbox;
as well as URLs for NNTP newsgroup(s).