From mboxrd@z Thu Jan 1 00:00:00 1970 From: Platform Team regression test user Subject: [linux-3.4 baseline-only test] 44372: regressions - FAIL Date: Sat, 30 Apr 2016 04:34:21 +0100 Message-ID: Mime-Version: 1.0 Content-Type: multipart/mixed; boundary="===============2555918901912310593==" Return-path: List-Unsubscribe: , List-Post: List-Help: List-Subscribe: , Errors-To: xen-devel-bounces@lists.xen.org Sender: "Xen-devel" To: xen-devel@lists.xensource.com, osstest-admin@xenproject.org List-Id: xen-devel@lists.xenproject.org --===============2555918901912310593== Content-Type: text/plain This run is configured for baseline tests only. flight 44372 linux-3.4 real [real] http://osstest.xs.citrite.net/~osstest/testlogs/logs/44372/ Regressions :-( Tests which did not succeed and are blocking, including tests which could not be run: test-amd64-i386-xl-qemuu-debianhvm-amd64 6 xen-boot fail REGR. vs. 44273 test-amd64-i386-xl-raw 18 guest-start/debian.repeat fail REGR. vs. 44273 Regressions which are regarded as allowable (not blocking): build-i386-rumpuserxen 6 xen-build fail like 44273 build-amd64-rumpuserxen 6 xen-build fail like 44273 Tests which did not succeed, but are not blocking: test-amd64-i386-rumpuserxen-i386 1 build-check(1) blocked n/a test-amd64-amd64-rumpuserxen-amd64 1 build-check(1) blocked n/a test-amd64-amd64-xl-pvh-amd 11 guest-start fail never pass test-amd64-amd64-xl-pvh-intel 11 guest-start fail never pass test-amd64-i386-libvirt-xsm 12 migrate-support-check fail never pass test-amd64-i386-libvirt 12 migrate-support-check fail never pass test-amd64-amd64-libvirt 12 migrate-support-check fail never pass test-amd64-amd64-libvirt-xsm 12 migrate-support-check fail never pass test-amd64-i386-libvirt-qemuu-debianhvm-amd64-xsm 10 migrate-support-check fail never pass test-amd64-amd64-qemuu-nested-amd 16 debian-hvm-install/l1/l2 fail never pass test-amd64-amd64-libvirt-qemuu-debianhvm-amd64-xsm 10 migrate-support-check fail never pass test-amd64-amd64-xl-qemuu-win7-amd64 16 guest-stop fail never pass test-amd64-i386-xl-qemuu-win7-amd64 16 guest-stop fail never pass test-amd64-i386-xl-qemut-win7-amd64 16 guest-stop fail never pass test-amd64-amd64-xl-qemut-win7-amd64 16 guest-stop fail never pass test-amd64-amd64-qemuu-nested-intel 16 debian-hvm-install/l1/l2 fail never pass test-amd64-amd64-libvirt-vhd 11 migrate-support-check fail never pass version targeted for testing: linux 343a5fbeef08baf2097b8cf4e26137cebe3cfef4 baseline version: linux 3389604d77540abf738b486d650c1745b2d663ca Last test of basis 44273 2016-03-22 11:52:37 Z 38 days Testing same since 44372 2016-04-29 15:54:02 Z 0 days 1 attempts ------------------------------------------------------------ People who touched revisions under test: Alan Stern Alex Deucher Alexander Duyck Alexey Klimov Andreas Schwab Andrew Morton Andrey Ryabinin Andy Lutomirski kernel.org> Andy Lutomirski Ard Biesheuvel Arnaldo Carvalho de Melo Ben Hutchings Ben Skeggs Bjorn Helgaas Bob Copeland Borislav Petkov Cathy Avery Charles Keepax Christian Zander Christoph Biedl Christoph Hellwig Christophe Leroy Chuck Lever Dan Carpenter Dave Airlie David Daney David Härdeman David Vrabel David Woodhouse David Woodhouse Doron Tsur Doug Ledford Dāvis Mosāns Felix Fietkau G. Richard Bellamy Geert Uytterhoeven Grant Likely Grazvydas Ignotas Greg Kroah-Hartman Guenter Roeck H. Nikolaus Schaller Herbert Xu Hin-Tak Leung Ilia Mirkin Ingo Molnar J. Bruce Fields James Bottomley James Hogan Jan Kara Jann Horn Jarkko Nikula Jeff Mahoney Jeffery Miller Jens Axboe Jesse Jones Joe Thornber Joerg Roedel Johan Hovold Johannes Berg John Stultz Joseph Qi Kalle Valo Kamal Mostafa canonical.com> Kees Cook Konrad Rzeszutek Wilk Kosuke Tatsukawa Laura Abbott Linus Torvalds Luca Coelho Malcolm Crossley Mark Brown Mark Rustad Masahiro Yamada Matan Barak Mathias Nyman Matthijs Kooijman Mauro Carvalho Chehab Mel Gorman Michael Ellerman Mike Snitzer Mikulas Patocka Mikulas Patocka Namhyung Kim Nate Dailey NeilBrown Nicolas Pitre Noa Osherovich Or Gerlitz Paolo Bonzini Paul Bolle Paul Mackerras Paul Mackerras Paul Moore Peter Chen Peter Seiderer Peter Zijlstra (Intel) Peter Zijlstra Ralf Baechle Ricardo Ribalda Delgado Richard Weinberger Rob Herring Robert Jarzmik Roger Quadros Russell King Rusty Russell Serge Hallyn Sergei Antonov Shachar Raindel Shani Michaeli Shaohua Li Sheng Yong shengyong Steffen Klassert Stephen Chandler Paul Steve French Sudip Mukherjee Sudip Mukherjee T.J. Purtell Takashi Iwai Tan, Jui Nee Tejun Heo Thomas Gleixner Thomas Huth Tony Lindgren Trond Myklebust Tyler Hicks Vasant Hegde Vincent Palatin Vincent Pelletier Wolfram Sang Yao-Wen Mao Yishai Hadas Zefan Li jobs: build-amd64-xsm pass build-i386-xsm pass build-amd64 pass build-i386 pass build-amd64-libvirt pass build-i386-libvirt pass build-amd64-pvops pass build-i386-pvops pass build-amd64-rumpuserxen fail build-i386-rumpuserxen fail test-amd64-amd64-xl pass test-amd64-i386-xl pass test-amd64-amd64-xl-qemut-debianhvm-amd64-xsm pass test-amd64-i386-xl-qemut-debianhvm-amd64-xsm pass test-amd64-amd64-libvirt-qemuu-debianhvm-amd64-xsm pass test-amd64-i386-libvirt-qemuu-debianhvm-amd64-xsm pass test-amd64-amd64-xl-qemuu-debianhvm-amd64-xsm pass test-amd64-i386-xl-qemuu-debianhvm-amd64-xsm pass test-amd64-amd64-xl-qemut-stubdom-debianhvm-amd64-xsm pass test-amd64-i386-xl-qemut-stubdom-debianhvm-amd64-xsm pass test-amd64-amd64-libvirt-xsm pass test-amd64-i386-libvirt-xsm pass test-amd64-amd64-xl-xsm pass test-amd64-i386-xl-xsm pass test-amd64-amd64-qemuu-nested-amd fail test-amd64-amd64-xl-pvh-amd fail test-amd64-i386-qemut-rhel6hvm-amd pass test-amd64-i386-qemuu-rhel6hvm-amd pass test-amd64-amd64-xl-qemut-debianhvm-amd64 pass test-amd64-i386-xl-qemut-debianhvm-amd64 pass test-amd64-amd64-xl-qemuu-debianhvm-amd64 pass test-amd64-i386-xl-qemuu-debianhvm-amd64 fail test-amd64-i386-freebsd10-amd64 pass test-amd64-amd64-xl-qemuu-ovmf-amd64 pass test-amd64-i386-xl-qemuu-ovmf-amd64 pass test-amd64-amd64-rumpuserxen-amd64 blocked test-amd64-amd64-xl-qemut-win7-amd64 fail test-amd64-i386-xl-qemut-win7-amd64 fail test-amd64-amd64-xl-qemuu-win7-amd64 fail test-amd64-i386-xl-qemuu-win7-amd64 fail test-amd64-amd64-xl-credit2 pass test-amd64-i386-freebsd10-i386 pass test-amd64-i386-rumpuserxen-i386 blocked test-amd64-amd64-qemuu-nested-intel fail test-amd64-amd64-xl-pvh-intel fail test-amd64-i386-qemut-rhel6hvm-intel pass test-amd64-i386-qemuu-rhel6hvm-intel pass test-amd64-amd64-libvirt pass test-amd64-i386-libvirt pass test-amd64-amd64-xl-multivcpu pass test-amd64-amd64-pair pass test-amd64-i386-pair pass test-amd64-amd64-libvirt-pair pass test-amd64-i386-libvirt-pair pass test-amd64-amd64-amd64-pvgrub pass test-amd64-amd64-i386-pvgrub pass test-amd64-amd64-pygrub pass test-amd64-amd64-xl-qcow2 pass test-amd64-i386-xl-raw fail test-amd64-amd64-xl-rtds pass test-amd64-i386-xl-qemut-winxpsp3-vcpus1 pass test-amd64-i386-xl-qemuu-winxpsp3-vcpus1 pass test-amd64-amd64-libvirt-vhd pass test-amd64-amd64-xl-qemut-winxpsp3 pass test-amd64-i386-xl-qemut-winxpsp3 pass test-amd64-amd64-xl-qemuu-winxpsp3 pass test-amd64-i386-xl-qemuu-winxpsp3 pass ------------------------------------------------------------ sg-report-flight on osstest.xs.citrite.net logs: /home/osstest/logs images: /home/osstest/images Logs, config files, etc. are available at http://osstest.xs.citrite.net/~osstest/testlogs/logs Test harness code can be found at http://xenbits.xensource.com/gitweb?p=osstest.git;a=summary Push not applicable. (No revision log; it would be 2860 lines long.) --===============2555918901912310593== Content-Type: text/plain; charset="utf-8" MIME-Version: 1.0 Content-Transfer-Encoding: base64 Content-Disposition: inline X19fX19fX19fX19fX19fX19fX19fX19fX19fX19fX19fX19fX19fX19fX19fX18KWGVuLWRldmVs IG1haWxpbmcgbGlzdApYZW4tZGV2ZWxAbGlzdHMueGVuLm9yZwpodHRwOi8vbGlzdHMueGVuLm9y Zy94ZW4tZGV2ZWwK --===============2555918901912310593==--