* [qemu-mainline baseline-only test] 44373: regressions - FAIL
@ 2016-04-30 7:53 Platform Team regression test user
0 siblings, 0 replies; only message in thread
From: Platform Team regression test user @ 2016-04-30 7:53 UTC (permalink / raw)
To: xen-devel, osstest-admin
This run is configured for baseline tests only.
flight 44373 qemu-mainline real [real]
http://osstest.xs.citrite.net/~osstest/testlogs/logs/44373/
Regressions :-(
Tests which did not succeed and are blocking,
including tests which could not be run:
test-armhf-armhf-xl-multivcpu 15 guest-start/debian.repeat fail REGR. vs. 44364
test-armhf-armhf-xl-xsm 15 guest-start/debian.repeat fail REGR. vs. 44364
test-armhf-armhf-xl-credit2 15 guest-start/debian.repeat fail REGR. vs. 44364
test-armhf-armhf-xl-midway 4 host-ping-check-native fail REGR. vs. 44364
test-amd64-i386-xl-qemuu-winxpsp3-vcpus1 9 windows-install fail REGR. vs. 44364
Regressions which are regarded as allowable (not blocking):
test-amd64-amd64-qemuu-nested-intel 13 xen-boot/l1 fail like 44364
test-amd64-amd64-i386-pvgrub 10 guest-start fail like 44364
Tests which did not succeed, but are not blocking:
test-amd64-amd64-xl-pvh-intel 11 guest-start fail never pass
test-armhf-armhf-libvirt 14 guest-saverestore fail never pass
test-armhf-armhf-libvirt 12 migrate-support-check fail never pass
test-armhf-armhf-libvirt-xsm 12 migrate-support-check fail never pass
test-armhf-armhf-libvirt-xsm 14 guest-saverestore fail never pass
test-amd64-amd64-xl-pvh-amd 11 guest-start fail never pass
test-armhf-armhf-libvirt-qcow2 11 migrate-support-check fail never pass
test-armhf-armhf-libvirt-qcow2 13 guest-saverestore fail never pass
test-armhf-armhf-xl-multivcpu 13 saverestore-support-check fail never pass
test-armhf-armhf-xl-multivcpu 12 migrate-support-check fail never pass
test-armhf-armhf-xl-xsm 13 saverestore-support-check fail never pass
test-armhf-armhf-xl-xsm 12 migrate-support-check fail never pass
test-armhf-armhf-xl-credit2 13 saverestore-support-check fail never pass
test-armhf-armhf-xl-credit2 12 migrate-support-check fail never pass
test-armhf-armhf-xl 12 migrate-support-check fail never pass
test-armhf-armhf-xl 13 saverestore-support-check fail never pass
test-armhf-armhf-xl-rtds 13 saverestore-support-check fail never pass
test-armhf-armhf-xl-rtds 12 migrate-support-check fail never pass
test-amd64-amd64-libvirt-xsm 12 migrate-support-check fail never pass
test-amd64-amd64-libvirt 12 migrate-support-check fail never pass
test-amd64-i386-libvirt-xsm 12 migrate-support-check fail never pass
test-armhf-armhf-xl-vhd 11 migrate-support-check fail never pass
test-armhf-armhf-xl-vhd 12 saverestore-support-check fail never pass
test-amd64-i386-libvirt 12 migrate-support-check fail never pass
test-amd64-amd64-libvirt-qemuu-debianhvm-amd64-xsm 10 migrate-support-check fail never pass
test-amd64-i386-xl-qemuu-win7-amd64 16 guest-stop fail never pass
test-amd64-amd64-qemuu-nested-amd 16 debian-hvm-install/l1/l2 fail never pass
test-amd64-amd64-xl-qemuu-win7-amd64 16 guest-stop fail never pass
test-amd64-i386-libvirt-qemuu-debianhvm-amd64-xsm 10 migrate-support-check fail never pass
test-amd64-amd64-libvirt-vhd 11 migrate-support-check fail never pass
test-armhf-armhf-libvirt-raw 13 guest-saverestore fail never pass
test-armhf-armhf-libvirt-raw 11 migrate-support-check fail never pass
version targeted for testing:
qemuu 61861eff69279e20428c10be269ce1c1bba2c7b1
baseline version:
qemuu f419a626c76bcb26697883af702862e8623056f9
Last test of basis 44364 2016-04-26 05:49:20 Z 4 days
Testing same since 44373 2016-04-29 16:29:12 Z 0 days 1 attempts
------------------------------------------------------------
People who touched revisions under test:
David Gibson <david@gibson.dropbear.id.au>
Michael Roth <mdroth@linux.vnet.ibm.com>
Peter Maydell <peter.maydell@linaro.org>
jobs:
build-amd64-xsm pass
build-armhf-xsm pass
build-i386-xsm pass
build-amd64 pass
build-armhf pass
build-i386 pass
build-amd64-libvirt pass
build-armhf-libvirt pass
build-i386-libvirt pass
build-amd64-pvops pass
build-armhf-pvops pass
build-i386-pvops pass
test-amd64-amd64-xl pass
test-armhf-armhf-xl pass
test-amd64-i386-xl pass
test-amd64-amd64-libvirt-qemuu-debianhvm-amd64-xsm pass
test-amd64-i386-libvirt-qemuu-debianhvm-amd64-xsm pass
test-amd64-amd64-xl-qemuu-debianhvm-amd64-xsm pass
test-amd64-i386-xl-qemuu-debianhvm-amd64-xsm pass
test-amd64-amd64-libvirt-xsm pass
test-armhf-armhf-libvirt-xsm fail
test-amd64-i386-libvirt-xsm pass
test-amd64-amd64-xl-xsm pass
test-armhf-armhf-xl-xsm fail
test-amd64-i386-xl-xsm pass
test-amd64-amd64-qemuu-nested-amd fail
test-amd64-amd64-xl-pvh-amd fail
test-amd64-i386-qemuu-rhel6hvm-amd pass
test-amd64-amd64-xl-qemuu-debianhvm-amd64 pass
test-amd64-i386-xl-qemuu-debianhvm-amd64 pass
test-amd64-i386-freebsd10-amd64 pass
test-amd64-amd64-xl-qemuu-ovmf-amd64 pass
test-amd64-i386-xl-qemuu-ovmf-amd64 pass
test-amd64-amd64-xl-qemuu-win7-amd64 fail
test-amd64-i386-xl-qemuu-win7-amd64 fail
test-amd64-amd64-xl-credit2 pass
test-armhf-armhf-xl-credit2 fail
test-amd64-i386-freebsd10-i386 pass
test-amd64-amd64-qemuu-nested-intel fail
test-amd64-amd64-xl-pvh-intel fail
test-amd64-i386-qemuu-rhel6hvm-intel pass
test-amd64-amd64-libvirt pass
test-armhf-armhf-libvirt fail
test-amd64-i386-libvirt pass
test-armhf-armhf-xl-midway fail
test-amd64-amd64-xl-multivcpu pass
test-armhf-armhf-xl-multivcpu fail
test-amd64-amd64-pair pass
test-amd64-i386-pair pass
test-amd64-amd64-libvirt-pair pass
test-amd64-i386-libvirt-pair pass
test-amd64-amd64-amd64-pvgrub pass
test-amd64-amd64-i386-pvgrub fail
test-amd64-amd64-pygrub pass
test-armhf-armhf-libvirt-qcow2 fail
test-amd64-amd64-xl-qcow2 pass
test-armhf-armhf-libvirt-raw fail
test-amd64-i386-xl-raw pass
test-amd64-amd64-xl-rtds pass
test-armhf-armhf-xl-rtds pass
test-amd64-i386-xl-qemuu-winxpsp3-vcpus1 fail
test-amd64-amd64-libvirt-vhd pass
test-armhf-armhf-xl-vhd pass
test-amd64-amd64-xl-qemuu-winxpsp3 pass
test-amd64-i386-xl-qemuu-winxpsp3 pass
------------------------------------------------------------
sg-report-flight on osstest.xs.citrite.net
logs: /home/osstest/logs
images: /home/osstest/images
Logs, config files, etc. are available at
http://osstest.xs.citrite.net/~osstest/testlogs/logs
Test harness code can be found at
http://xenbits.xensource.com/gitweb?p=osstest.git;a=summary
Push not applicable.
------------------------------------------------------------
commit 61861eff69279e20428c10be269ce1c1bba2c7b1
Merge: f419a62 df18b2d
Author: Peter Maydell <peter.maydell@linaro.org>
Date: Thu Apr 28 10:25:26 2016 +0100
Merge remote-tracking branch 'remotes/dgibson/tags/ppc-for-2.6-20160426' into staging
ppc patch queue for 2016-04-26 (last minute qemu-2.6 fix)
This just has one, last-minute, fix for a serious regression of memory
hotplug.
Patch author's comment:
Really sorry for the way last-minute fix, but without this memory
hotplug is totally broken :( Hoping to get this in for Wednesday's
RC4, which I think will be the final before release.
# gpg: Signature made Tue 26 Apr 2016 03:52:20 BST using RSA key ID 20D9B392
# gpg: Good signature from "David Gibson <david@gibson.dropbear.id.au>"
# gpg: aka "David Gibson (Red Hat) <dgibson@redhat.com>"
# gpg: aka "David Gibson (ozlabs.org) <dgibson@ozlabs.org>"
# gpg: WARNING: This key is not certified with sufficiently trusted signatures!
# gpg: It is not certain that the signature belongs to the owner.
# Primary key fingerprint: 75F4 6586 AE61 A66C C44E 87DC 6C38 CACA 20D9 B392
* remotes/dgibson/tags/ppc-for-2.6-20160426:
spapr_drc: fix aborts during DRC-count based hotplug
Signed-off-by: Peter Maydell <peter.maydell@linaro.org>
commit df18b2db69fd1696e1f2eb1d8652340b4c57793a
Author: Michael Roth <mdroth@linux.vnet.ibm.com>
Date: Mon Apr 25 17:24:25 2016 -0500
spapr_drc: fix aborts during DRC-count based hotplug
CPU/memory resources can be signalled en-masse via
spapr_hotplug_req_add_by_count(), and when doing so, actually change
the meaning of the 'drc' parameter passed to
spapr_hotplug_req_event() to be a count rather than an index.
f40eb92 added a hook in spapr_hotplug_req_event() to record when a
device had been 'signalled' to the guest, but that code assumes that
drc is always an index. In cases where it's a count, such as memory
hotplug, the DRC lookup will fail, leading to an assert.
Fix this by only explicitly setting the signalled state for cases where
we are doing PCI hotplug.
For other resources types, since we cannot selectively track whether a
resource has been signalled in cases where we signal attach as a count,
set the 'signalled' state to true immediately upon making the
resource available via drck->attach().
Reported-by: Bharata B Rao <bharata@linux.vnet.ibm.com>
Cc: Bharata B Rao <bharata@linux.vnet.ibm.com>
Cc: david@gibson.dropbear.id.au
Cc: qemu-ppc@nongnu.org
Signed-off-by: Michael Roth <mdroth@linux.vnet.ibm.com>
Signed-off-by: David Gibson <david@gibson.dropbear.id.au>
_______________________________________________
Xen-devel mailing list
Xen-devel@lists.xen.org
http://lists.xen.org/xen-devel
^ permalink raw reply [flat|nested] only message in thread
only message in thread, other threads:[~2016-04-30 7:53 UTC | newest]
Thread overview: (only message) (download: mbox.gz follow: Atom feed
-- links below jump to the message on this page --
2016-04-30 7:53 [qemu-mainline baseline-only test] 44373: regressions - FAIL Platform Team regression test user
This is a public inbox, see mirroring instructions
for how to clone and mirror all data and code used for this inbox;
as well as URLs for NNTP newsgroup(s).