xen-devel.lists.xenproject.org archive mirror
 help / color / mirror / Atom feed
From: Platform Team regression test user <citrix-osstest@xenproject.org>
To: xen-devel@lists.xensource.com, osstest-admin@xenproject.org
Subject: [linux-3.14 baseline-only test] 44408: regressions - FAIL
Date: Thu, 12 May 2016 16:30:02 +0100	[thread overview]
Message-ID: <osstest-44408-mainreport@xen.org> (raw)

[-- Attachment #1: Type: text/plain, Size: 9624 bytes --]

This run is configured for baseline tests only.

flight 44408 linux-3.14 real [real]
http://osstest.xs.citrite.net/~osstest/testlogs/logs/44408/

Regressions :-(

Tests which did not succeed and are blocking,
including tests which could not be run:
 test-amd64-amd64-xl-qemuu-ovmf-amd64 15 guest-localmigrate/x10 fail REGR. vs. 44388

Regressions which are regarded as allowable (not blocking):
 build-i386-rumpuserxen        6 xen-build                    fail   like 44388
 build-amd64-rumpuserxen       6 xen-build                    fail   like 44388
 test-amd64-amd64-xl-qemuu-win7-amd64 16 guest-stop             fail like 44388
 test-amd64-amd64-xl-qemut-win7-amd64 16 guest-stop             fail like 44388
 test-amd64-i386-xl-qemuu-win7-amd64 16 guest-stop              fail like 44388

Tests which did not succeed, but are not blocking:
 test-amd64-amd64-rumpuserxen-amd64  1 build-check(1)               blocked n/a
 test-amd64-i386-rumpuserxen-i386  1 build-check(1)               blocked  n/a
 test-amd64-amd64-xl-pvh-amd  11 guest-start                  fail   never pass
 test-amd64-amd64-xl-pvh-intel 11 guest-start                  fail  never pass
 test-amd64-amd64-libvirt-xsm 12 migrate-support-check        fail   never pass
 test-amd64-i386-libvirt-xsm  12 migrate-support-check        fail   never pass
 test-amd64-amd64-libvirt     12 migrate-support-check        fail   never pass
 test-amd64-i386-libvirt      12 migrate-support-check        fail   never pass
 test-amd64-i386-libvirt-qemuu-debianhvm-amd64-xsm 10 migrate-support-check fail never pass
 test-amd64-amd64-libvirt-qemuu-debianhvm-amd64-xsm 10 migrate-support-check fail never pass
 test-amd64-i386-xl-qemut-win7-amd64 16 guest-stop              fail never pass
 test-amd64-amd64-qemuu-nested-amd 16 debian-hvm-install/l1/l2  fail never pass
 test-amd64-amd64-libvirt-vhd 11 migrate-support-check        fail   never pass

version targeted for testing:
 linux                1c767107ef341cdc080d44d3ee1c9ca1b6957ce0
baseline version:
 linux                48763742b1bceb119b04656b8dd06e0617dfa89a

Last test of basis    44388  2016-05-05 04:53:57 Z    7 days
Testing same since    44408  2016-05-12 04:24:42 Z    0 days    1 attempts

------------------------------------------------------------
People who touched revisions under test:
  Andrew Morton <akpm@linux-foundation.org>
  Andrey Gelman <andrey.gelman@compulab.co.il>
  Andy Lutomirski <luto@kernel.org> # On a Dell XPS 13 9350
  Anton Blanchard <anton@samba.org>
  Antonio Quartulli <a@unstable.cc>
  Arnd Bergmann <arnd@arndb.de>
  Behan Webster <behanw@converseincode.com>
  Bob Moore <robert.moore@intel.com>
  Chen Yu <yu.c.chen@intel.com>
  Chunyu Hu <chuhu@redhat.com>
  Dan Streetman <dan.streetman@canonical.com>
  Dinh Nguyen <dinguyen@opensource.altera.com>
  Dirk Behme <dirk.behme@de.bosch.com>
  Dmitry Torokhov <dmitry.torokhov@gmail.com>
  Greg Kroah-Hartman <gregkh@linuxfoundation.org>
  Gregor Boirie <gregor.boirie@parrot.com>
  Haibo Chen <haibo.chen@freescale.com>
  Igor Grinberg <grinberg@compulab.co.il>
  Ingo Molnar <mingo@kernel.org>
  Jan-Simon Möller <dl9pf@gmx.de>
  Jasem Mutlaq <mutlaqja@ikarustech.com>
  Joe Perches <joe@perches.com>
  Johan Hovold <johan@kernel.org>
  Jonathan Cameron <jic23@kernel.org>
  Julian Anastasov <ja@ssi.bg>
  Kevin Hilman <khilman@baylibre.com>
  Knut Wohlrab <Knut.Wohlrab@de.bosch.com>
  Krzysztof Kozlowski <k.kozlowski@samsung.com>
  Linus Lüssing <linus.luessing@c0d3.blue>
  Linus Torvalds <torvalds@linux-foundation.org>
  Linus Walleij <linus.walleij@linaro.org>
  Lv Zheng <lv.zheng@intel.com>
  Marco Angaroni <marcoangaroni@gmail.com>
  Marek Lindner <mareklindner@neomailbox.ch>
  Markus Pargmann <mpa@pengutronix.de>
  Martin K. Petersen <martin.petersen@oracle.com>
  Mathias Krause <minipli@googlemail.com>
  Matt Fleming <matt@codeblueprint.co.uk>
  Michael Ellerman <mpe@ellerman.id.au>
  Mike Manning <michael@bsch.com.au>
  Oleksij Rempel <linux@rempel-privat.de>
  Paolo Bonzini <pbonzini@redhat.com>
  Prarit Bhargava <prarit@redhat.com>
  Rafael J. Wysocki <rafael.j.wysocki@intel.com>
  Sascha Hauer <s.hauer@pengutronix.de>
  Sasha Levin <sasha.levin@oracle.com>
  Simon Horman <horms@verge.net.au>
  Stephen Boyd <sboyd@codeaurora.org>
  Steven Rostedt <rostedt@goodmis.org>
  Sven Eckelmann <sven@narfation.org>
  Thomas Gleixner <tglx@linutronix.de>
  Wang YanQing <udknight@gmail.com>

jobs:
 build-amd64-xsm                                              pass    
 build-i386-xsm                                               pass    
 build-amd64                                                  pass    
 build-i386                                                   pass    
 build-amd64-libvirt                                          pass    
 build-i386-libvirt                                           pass    
 build-amd64-pvops                                            pass    
 build-i386-pvops                                             pass    
 build-amd64-rumpuserxen                                      fail    
 build-i386-rumpuserxen                                       fail    
 test-amd64-amd64-xl                                          pass    
 test-amd64-i386-xl                                           pass    
 test-amd64-amd64-xl-qemut-debianhvm-amd64-xsm                pass    
 test-amd64-i386-xl-qemut-debianhvm-amd64-xsm                 pass    
 test-amd64-amd64-libvirt-qemuu-debianhvm-amd64-xsm           pass    
 test-amd64-i386-libvirt-qemuu-debianhvm-amd64-xsm            pass    
 test-amd64-amd64-xl-qemuu-debianhvm-amd64-xsm                pass    
 test-amd64-i386-xl-qemuu-debianhvm-amd64-xsm                 pass    
 test-amd64-amd64-xl-qemut-stubdom-debianhvm-amd64-xsm        pass    
 test-amd64-i386-xl-qemut-stubdom-debianhvm-amd64-xsm         pass    
 test-amd64-amd64-libvirt-xsm                                 pass    
 test-amd64-i386-libvirt-xsm                                  pass    
 test-amd64-amd64-xl-xsm                                      pass    
 test-amd64-i386-xl-xsm                                       pass    
 test-amd64-amd64-qemuu-nested-amd                            fail    
 test-amd64-amd64-xl-pvh-amd                                  fail    
 test-amd64-i386-qemut-rhel6hvm-amd                           pass    
 test-amd64-i386-qemuu-rhel6hvm-amd                           pass    
 test-amd64-amd64-xl-qemut-debianhvm-amd64                    pass    
 test-amd64-i386-xl-qemut-debianhvm-amd64                     pass    
 test-amd64-amd64-xl-qemuu-debianhvm-amd64                    pass    
 test-amd64-i386-xl-qemuu-debianhvm-amd64                     pass    
 test-amd64-i386-freebsd10-amd64                              pass    
 test-amd64-amd64-xl-qemuu-ovmf-amd64                         fail    
 test-amd64-i386-xl-qemuu-ovmf-amd64                          pass    
 test-amd64-amd64-rumpuserxen-amd64                           blocked 
 test-amd64-amd64-xl-qemut-win7-amd64                         fail    
 test-amd64-i386-xl-qemut-win7-amd64                          fail    
 test-amd64-amd64-xl-qemuu-win7-amd64                         fail    
 test-amd64-i386-xl-qemuu-win7-amd64                          fail    
 test-amd64-amd64-xl-credit2                                  pass    
 test-amd64-i386-freebsd10-i386                               pass    
 test-amd64-i386-rumpuserxen-i386                             blocked 
 test-amd64-amd64-qemuu-nested-intel                          pass    
 test-amd64-amd64-xl-pvh-intel                                fail    
 test-amd64-i386-qemut-rhel6hvm-intel                         pass    
 test-amd64-i386-qemuu-rhel6hvm-intel                         pass    
 test-amd64-amd64-libvirt                                     pass    
 test-amd64-i386-libvirt                                      pass    
 test-amd64-amd64-xl-multivcpu                                pass    
 test-amd64-amd64-pair                                        pass    
 test-amd64-i386-pair                                         pass    
 test-amd64-amd64-libvirt-pair                                pass    
 test-amd64-i386-libvirt-pair                                 pass    
 test-amd64-amd64-amd64-pvgrub                                pass    
 test-amd64-amd64-i386-pvgrub                                 pass    
 test-amd64-amd64-pygrub                                      pass    
 test-amd64-amd64-xl-qcow2                                    pass    
 test-amd64-i386-xl-raw                                       pass    
 test-amd64-amd64-xl-rtds                                     pass    
 test-amd64-i386-xl-qemut-winxpsp3-vcpus1                     pass    
 test-amd64-i386-xl-qemuu-winxpsp3-vcpus1                     pass    
 test-amd64-amd64-libvirt-vhd                                 pass    
 test-amd64-amd64-xl-qemut-winxpsp3                           pass    
 test-amd64-i386-xl-qemut-winxpsp3                            pass    
 test-amd64-amd64-xl-qemuu-winxpsp3                           pass    
 test-amd64-i386-xl-qemuu-winxpsp3                            pass    


------------------------------------------------------------
sg-report-flight on osstest.xs.citrite.net
logs: /home/osstest/logs
images: /home/osstest/images

Logs, config files, etc. are available at
    http://osstest.xs.citrite.net/~osstest/testlogs/logs

Test harness code can be found at
    http://xenbits.xensource.com/gitweb?p=osstest.git;a=summary


Push not applicable.

(No revision log; it would be 710 lines long.)


[-- Attachment #2: Type: text/plain, Size: 126 bytes --]

_______________________________________________
Xen-devel mailing list
Xen-devel@lists.xen.org
http://lists.xen.org/xen-devel

                 reply	other threads:[~2016-05-12 15:30 UTC|newest]

Thread overview: [no followups] expand[flat|nested]  mbox.gz  Atom feed

Reply instructions:

You may reply publicly to this message via plain-text email
using any one of the following methods:

* Save the following mbox file, import it into your mail client,
  and reply-to-all from there: mbox

  Avoid top-posting and favor interleaved quoting:
  https://en.wikipedia.org/wiki/Posting_style#Interleaved_style

* Reply using the --to, --cc, and --in-reply-to
  switches of git-send-email(1):

  git send-email \
    --in-reply-to=osstest-44408-mainreport@xen.org \
    --to=citrix-osstest@xenproject.org \
    --cc=osstest-admin@xenproject.org \
    --cc=xen-devel@lists.xensource.com \
    /path/to/YOUR_REPLY

  https://kernel.org/pub/software/scm/git/docs/git-send-email.html

* If your mail client supports setting the In-Reply-To header
  via mailto: links, try the mailto: link
Be sure your reply has a Subject: header at the top and a blank line before the message body.
This is a public inbox, see mirroring instructions
for how to clone and mirror all data and code used for this inbox;
as well as URLs for NNTP newsgroup(s).