From: Platform Team regression test user <citrix-osstest@xenproject.org>
To: xen-devel@lists.xensource.com, osstest-admin@xenproject.org
Subject: [linux-4.1 baseline-only test] 44410: regressions - trouble: blocked/broken/fail/pass
Date: Thu, 12 May 2016 22:38:08 +0100 [thread overview]
Message-ID: <osstest-44410-mainreport@xen.org> (raw)
[-- Attachment #1: Type: text/plain, Size: 12139 bytes --]
This run is configured for baseline tests only.
flight 44410 linux-4.1 real [real]
http://osstest.xs.citrite.net/~osstest/testlogs/logs/44410/
Regressions :-(
Tests which did not succeed and are blocking,
including tests which could not be run:
build-armhf 4 capture-logs !broken [st=!broken!]
build-armhf-xsm 4 capture-logs !broken [st=!broken!]
build-armhf-pvops 4 capture-logs !broken [st=!broken!]
build-armhf 3 host-install(3) broken REGR. vs. 44375
build-armhf-xsm 3 host-install(3) broken REGR. vs. 44375
build-armhf-pvops 3 host-install(3) broken REGR. vs. 44375
test-amd64-amd64-xl-qemuu-debianhvm-amd64 15 guest-localmigrate/x10 fail REGR. vs. 44375
test-amd64-i386-xl-qemut-debianhvm-amd64 14 guest-saverestore.2 fail REGR. vs. 44375
Regressions which are regarded as allowable (not blocking):
test-amd64-i386-xl-qemuu-win7-amd64 16 guest-stop fail REGR. vs. 44375
build-amd64-rumpuserxen 6 xen-build fail like 44375
build-i386-rumpuserxen 6 xen-build fail like 44375
test-amd64-amd64-qemuu-nested-intel 13 xen-boot/l1 fail like 44375
Tests which did not succeed, but are not blocking:
test-amd64-amd64-rumpuserxen-amd64 1 build-check(1) blocked n/a
test-amd64-i386-rumpuserxen-i386 1 build-check(1) blocked n/a
build-armhf-libvirt 1 build-check(1) blocked n/a
test-armhf-armhf-libvirt-xsm 1 build-check(1) blocked n/a
test-armhf-armhf-libvirt 1 build-check(1) blocked n/a
test-armhf-armhf-libvirt-qcow2 1 build-check(1) blocked n/a
test-armhf-armhf-libvirt-raw 1 build-check(1) blocked n/a
test-armhf-armhf-xl-multivcpu 1 build-check(1) blocked n/a
test-armhf-armhf-xl 1 build-check(1) blocked n/a
test-armhf-armhf-xl-midway 1 build-check(1) blocked n/a
test-armhf-armhf-xl-credit2 1 build-check(1) blocked n/a
test-armhf-armhf-xl-xsm 1 build-check(1) blocked n/a
test-armhf-armhf-xl-rtds 1 build-check(1) blocked n/a
test-armhf-armhf-xl-vhd 1 build-check(1) blocked n/a
test-amd64-amd64-xl-pvh-amd 11 guest-start fail never pass
test-amd64-amd64-xl-pvh-intel 14 guest-saverestore fail never pass
test-amd64-i386-libvirt 12 migrate-support-check fail never pass
test-amd64-amd64-libvirt 12 migrate-support-check fail never pass
test-amd64-amd64-libvirt-xsm 12 migrate-support-check fail never pass
test-amd64-i386-libvirt-xsm 12 migrate-support-check fail never pass
test-amd64-amd64-qemuu-nested-amd 16 debian-hvm-install/l1/l2 fail never pass
test-amd64-i386-libvirt-qemuu-debianhvm-amd64-xsm 10 migrate-support-check fail never pass
test-amd64-amd64-libvirt-qemuu-debianhvm-amd64-xsm 10 migrate-support-check fail never pass
test-amd64-amd64-xl-qemut-win7-amd64 16 guest-stop fail never pass
test-amd64-amd64-xl-qemuu-win7-amd64 16 guest-stop fail never pass
test-amd64-i386-xl-qemut-win7-amd64 16 guest-stop fail never pass
test-amd64-amd64-libvirt-vhd 11 migrate-support-check fail never pass
version targeted for testing:
linux 648d744eff1aedea4ffe49dfca07aa465669e1f4
baseline version:
linux 54419e3efcd6677e4b0841666e2fc605d2e5df86
Last test of basis 44375 2016-04-29 23:32:00 Z 12 days
Testing same since 44410 2016-05-12 12:24:13 Z 0 days 1 attempts
------------------------------------------------------------
People who touched revisions under test:
Alex Deucher <alexander.deucher@amd.com>
Andrew Morton <akpm@linux-foundation.org>
Anton Blanchard <anton@samba.org>
Bastien Nocera <hadess@hadess.net>
cpaul@redhat.com <cpaul@redhat.com>
Dave Airlie <airlied@redhat.com>
David S. Miller <davem@davemloft.net>
Dmitry Ivanov <dima@ubnt.com>
Dmitry Ivanov <dmitrijs.ivanovs@ubnt.com>
Dmitry Torokhov <dmitry.torokhov@gmail.com>
Dominik Dingel <dingel@linux.vnet.ibm.com>
Emmanuel Grumbach <emmanuel.grumbach@intel.com>
Felipe Balbi <felipe.balbi@linux.intel.com>
Herbert Xu <herbert@gondor.apana.org.au>
Hongzhou Yang <hongzhou.yang@mediatek.com>
Huacai Chen <chenhc@lemote.com>
Ingo Molnar <mingo@kernel.org>
Jan Beulich <jbeulich@suse.com>
Jani Nikula <jani.nikula@intel.com>
Johannes Berg <johannes.berg@intel.com>
Jérôme Glisse <jglisse@redhat.com>
Lars-Peter Clausen <lars@metafoo.de>
Linus Torvalds <torvalds@linux-foundation.org>
Linus Walleij <linus.walleij@linaro.org>
Lu, Han <han.lu@intel.com>
Lyude <cpaul@redhat.com>
Martin Schwidefsky <schwidefsky@de.ibm.com>
Mauro Carvalho Chehab <mchehab@osg.samsung.com>
Maxim Sheviakov <mrader3940@yandex.ru>
Michael Ellerman <mpe@ellerman.id.au>
Patrick Geary <patrickg@supermicro.com>
Sasha Levin <sasha.levin@oracle.com>
Sebastian Andrzej Siewior <bigeasy@linutronix.de>
Sebastian Ott <sebott@linux.vnet.ibm.com>
Takashi Iwai <tiwai@suse.de>
Thomas Gleixner <tglx@linutronix.de>
Tim Chen <tim.c.chen@linux.intel.com>
Tom Lendacky <thomas.lendacky@amd.com>
Tony Luck <tony.luck@intel.com>
Ville Syrjälä <ville.syrjala@linux.intel.com>
Vladis Dronov <vdronov@redhat.com>
Xiaodong Liu <xiaodong.liu@intel.com>
Yingjoe Chen <yingjoe.chen@mediatek.com>
jobs:
build-amd64-xsm pass
build-armhf-xsm broken
build-i386-xsm pass
build-amd64 pass
build-armhf broken
build-i386 pass
build-amd64-libvirt pass
build-armhf-libvirt blocked
build-i386-libvirt pass
build-amd64-pvops pass
build-armhf-pvops broken
build-i386-pvops pass
build-amd64-rumpuserxen fail
build-i386-rumpuserxen fail
test-amd64-amd64-xl pass
test-armhf-armhf-xl blocked
test-amd64-i386-xl pass
test-amd64-amd64-xl-qemut-debianhvm-amd64-xsm pass
test-amd64-i386-xl-qemut-debianhvm-amd64-xsm pass
test-amd64-amd64-libvirt-qemuu-debianhvm-amd64-xsm pass
test-amd64-i386-libvirt-qemuu-debianhvm-amd64-xsm pass
test-amd64-amd64-xl-qemuu-debianhvm-amd64-xsm pass
test-amd64-i386-xl-qemuu-debianhvm-amd64-xsm pass
test-amd64-amd64-xl-qemut-stubdom-debianhvm-amd64-xsm pass
test-amd64-i386-xl-qemut-stubdom-debianhvm-amd64-xsm pass
test-amd64-amd64-libvirt-xsm pass
test-armhf-armhf-libvirt-xsm blocked
test-amd64-i386-libvirt-xsm pass
test-amd64-amd64-xl-xsm pass
test-armhf-armhf-xl-xsm blocked
test-amd64-i386-xl-xsm pass
test-amd64-amd64-qemuu-nested-amd fail
test-amd64-amd64-xl-pvh-amd fail
test-amd64-i386-qemut-rhel6hvm-amd pass
test-amd64-i386-qemuu-rhel6hvm-amd pass
test-amd64-amd64-xl-qemut-debianhvm-amd64 pass
test-amd64-i386-xl-qemut-debianhvm-amd64 fail
test-amd64-amd64-xl-qemuu-debianhvm-amd64 fail
test-amd64-i386-xl-qemuu-debianhvm-amd64 pass
test-amd64-i386-freebsd10-amd64 pass
test-amd64-amd64-xl-qemuu-ovmf-amd64 pass
test-amd64-i386-xl-qemuu-ovmf-amd64 pass
test-amd64-amd64-rumpuserxen-amd64 blocked
test-amd64-amd64-xl-qemut-win7-amd64 fail
test-amd64-i386-xl-qemut-win7-amd64 fail
test-amd64-amd64-xl-qemuu-win7-amd64 fail
test-amd64-i386-xl-qemuu-win7-amd64 fail
test-amd64-amd64-xl-credit2 pass
test-armhf-armhf-xl-credit2 blocked
test-amd64-i386-freebsd10-i386 pass
test-amd64-i386-rumpuserxen-i386 blocked
test-amd64-amd64-qemuu-nested-intel fail
test-amd64-amd64-xl-pvh-intel fail
test-amd64-i386-qemut-rhel6hvm-intel pass
test-amd64-i386-qemuu-rhel6hvm-intel pass
test-amd64-amd64-libvirt pass
test-armhf-armhf-libvirt blocked
test-amd64-i386-libvirt pass
test-armhf-armhf-xl-midway blocked
test-amd64-amd64-xl-multivcpu pass
test-armhf-armhf-xl-multivcpu blocked
test-amd64-amd64-pair pass
test-amd64-i386-pair pass
test-amd64-amd64-libvirt-pair pass
test-amd64-i386-libvirt-pair pass
test-amd64-amd64-amd64-pvgrub pass
test-amd64-amd64-i386-pvgrub pass
test-amd64-amd64-pygrub pass
test-armhf-armhf-libvirt-qcow2 blocked
test-amd64-amd64-xl-qcow2 pass
test-armhf-armhf-libvirt-raw blocked
test-amd64-i386-xl-raw pass
test-amd64-amd64-xl-rtds pass
test-armhf-armhf-xl-rtds blocked
test-amd64-i386-xl-qemut-winxpsp3-vcpus1 pass
test-amd64-i386-xl-qemuu-winxpsp3-vcpus1 pass
test-amd64-amd64-libvirt-vhd pass
test-armhf-armhf-xl-vhd blocked
test-amd64-amd64-xl-qemut-winxpsp3 pass
test-amd64-i386-xl-qemut-winxpsp3 pass
test-amd64-amd64-xl-qemuu-winxpsp3 pass
test-amd64-i386-xl-qemuu-winxpsp3 pass
------------------------------------------------------------
sg-report-flight on osstest.xs.citrite.net
logs: /home/osstest/logs
images: /home/osstest/images
Logs, config files, etc. are available at
http://osstest.xs.citrite.net/~osstest/testlogs/logs
Test harness code can be found at
http://xenbits.xensource.com/gitweb?p=osstest.git;a=summary
broken-step build-armhf host-install(3)
broken build-armhf capture-logs !broken
broken build-armhf-xsm capture-logs !broken
broken-step build-armhf-xsm host-install(3)
broken-step build-armhf-pvops host-install(3)
broken build-armhf-pvops capture-logs !broken
Push not applicable.
(No revision log; it would be 777 lines long.)
[-- Attachment #2: Type: text/plain, Size: 126 bytes --]
_______________________________________________
Xen-devel mailing list
Xen-devel@lists.xen.org
http://lists.xen.org/xen-devel
reply other threads:[~2016-05-12 21:38 UTC|newest]
Thread overview: [no followups] expand[flat|nested] mbox.gz Atom feed
Reply instructions:
You may reply publicly to this message via plain-text email
using any one of the following methods:
* Save the following mbox file, import it into your mail client,
and reply-to-all from there: mbox
Avoid top-posting and favor interleaved quoting:
https://en.wikipedia.org/wiki/Posting_style#Interleaved_style
* Reply using the --to, --cc, and --in-reply-to
switches of git-send-email(1):
git send-email \
--in-reply-to=osstest-44410-mainreport@xen.org \
--to=citrix-osstest@xenproject.org \
--cc=osstest-admin@xenproject.org \
--cc=xen-devel@lists.xensource.com \
/path/to/YOUR_REPLY
https://kernel.org/pub/software/scm/git/docs/git-send-email.html
* If your mail client supports setting the In-Reply-To header
via mailto: links, try the mailto: link
Be sure your reply has a Subject: header at the top and a blank line
before the message body.
This is a public inbox, see mirroring instructions
for how to clone and mirror all data and code used for this inbox;
as well as URLs for NNTP newsgroup(s).