From mboxrd@z Thu Jan 1 00:00:00 1970 From: osstest service user Subject: [linux-3.4 test] 56478: regressions - FAIL Date: Sat, 16 May 2015 14:03:22 +0000 Message-ID: Mime-Version: 1.0 Content-Type: text/plain; charset="us-ascii" Content-Transfer-Encoding: 7bit Return-path: List-Unsubscribe: , List-Post: List-Help: List-Subscribe: , Sender: xen-devel-bounces@lists.xen.org Errors-To: xen-devel-bounces@lists.xen.org To: xen-devel@lists.xensource.com Cc: ian.jackson@eu.citrix.com List-Id: xen-devel@lists.xenproject.org flight 56478 linux-3.4 real [real] http://logs.test-lab.xenproject.org/osstest/logs/56478/ Regressions :-( Tests which did not succeed and are blocking, including tests which could not be run: test-amd64-amd64-xl 9 debian-install fail REGR. vs. 52209-bisect test-amd64-amd64-pair 15 debian-install/dst_host fail REGR. vs. 52715-bisect test-amd64-i386-pair 15 debian-install/dst_host fail REGR. vs. 56366-bisect Regressions which are regarded as allowable (not blocking): test-amd64-amd64-xl-sedf 9 debian-install fail blocked in 56366-bisect test-amd64-amd64-libvirt 9 debian-install fail blocked in 56366-bisect test-amd64-amd64-rumpuserxen-amd64 15 rumpuserxen-demo-xenstorels/xenstorels.repeat fail blocked in 56366-bisect test-amd64-amd64-xl-multivcpu 6 xen-boot fail blocked in 56366-bisect test-amd64-i386-libvirt-xsm 6 xen-boot fail blocked in 56366-bisect test-amd64-i386-qemut-rhel6hvm-intel 6 xen-boot fail blocked in 56366-bisect test-amd64-i386-libvirt 9 debian-install fail blocked in 56366-bisect test-amd64-i386-freebsd10-amd64 6 xen-boot fail blocked in 56366-bisect test-amd64-amd64-xl-sedf-pin 9 debian-install fail blocked in 56366-bisect test-amd64-i386-xl-qemuu-winxpsp3 6 xen-boot fail blocked in 56366-bisect test-amd64-i386-freebsd10-i386 13 guest-localmigrate fail blocked in 56366-bisect test-amd64-i386-xl 9 debian-install fail blocked in 56366-bisect test-amd64-i386-xl-qemuu-ovmf-amd64 6 xen-boot fail blocked in 56366-bisect test-amd64-i386-rumpuserxen-i386 15 rumpuserxen-demo-xenstorels/xenstorels.repeat fail blocked in 56366-bisect test-amd64-amd64-xl-qemut-debianhvm-amd64 6 xen-boot fail blocked in 56366-bisect test-amd64-i386-xl-qemuu-win7-amd64 9 windows-install fail blocked in 56366-bisect Tests which did not succeed, but are not blocking: test-amd64-amd64-xl-qemuu-debianhvm-amd64-xsm 9 debian-hvm-install fail never pass test-amd64-amd64-xl-credit2 9 debian-install fail never pass test-amd64-i386-xl-qemut-debianhvm-amd64-xsm 9 debian-hvm-install fail never pass test-amd64-amd64-xl-pvh-amd 9 debian-install fail never pass test-amd64-i386-xl-xsm 9 debian-install fail never pass test-amd64-i386-xl-qemuu-debianhvm-amd64-xsm 9 debian-hvm-install fail never pass test-amd64-amd64-xl-pvh-intel 9 debian-install fail never pass test-amd64-amd64-libvirt-xsm 9 debian-install fail never pass test-amd64-amd64-xl-xsm 9 debian-install fail never pass test-amd64-amd64-xl-qemut-debianhvm-amd64-xsm 9 debian-hvm-install fail never pass version targeted for testing: linux 56b48fcda5076d4070ab00df32ff5ff834e0be86 baseline version: linux bb4a05a0400ed6d2f1e13d1f82f289ff74300a70 ------------------------------------------------------------ 370 people touched revisions under test, not listing them all ------------------------------------------------------------ jobs: build-amd64-xsm pass build-i386-xsm pass build-amd64 pass build-i386 pass build-amd64-libvirt pass build-i386-libvirt pass build-amd64-pvops pass build-i386-pvops pass build-amd64-rumpuserxen pass build-i386-rumpuserxen pass test-amd64-amd64-xl fail test-amd64-i386-xl fail test-amd64-amd64-xl-qemut-debianhvm-amd64-xsm fail test-amd64-i386-xl-qemut-debianhvm-amd64-xsm fail test-amd64-amd64-xl-qemuu-debianhvm-amd64-xsm fail test-amd64-i386-xl-qemuu-debianhvm-amd64-xsm fail test-amd64-amd64-libvirt-xsm fail test-amd64-i386-libvirt-xsm fail test-amd64-amd64-xl-xsm fail test-amd64-i386-xl-xsm fail test-amd64-amd64-xl-pvh-amd fail test-amd64-i386-qemut-rhel6hvm-amd pass test-amd64-i386-qemuu-rhel6hvm-amd pass test-amd64-amd64-xl-qemut-debianhvm-amd64 fail test-amd64-i386-xl-qemut-debianhvm-amd64 pass test-amd64-amd64-xl-qemuu-debianhvm-amd64 pass test-amd64-i386-xl-qemuu-debianhvm-amd64 pass test-amd64-i386-freebsd10-amd64 fail test-amd64-amd64-xl-qemuu-ovmf-amd64 pass test-amd64-i386-xl-qemuu-ovmf-amd64 fail test-amd64-amd64-rumpuserxen-amd64 fail test-amd64-amd64-xl-qemut-win7-amd64 pass test-amd64-i386-xl-qemut-win7-amd64 pass test-amd64-amd64-xl-qemuu-win7-amd64 pass test-amd64-i386-xl-qemuu-win7-amd64 fail test-amd64-amd64-xl-credit2 fail test-amd64-i386-freebsd10-i386 fail test-amd64-i386-rumpuserxen-i386 fail test-amd64-amd64-xl-pvh-intel fail test-amd64-i386-qemut-rhel6hvm-intel fail test-amd64-i386-qemuu-rhel6hvm-intel pass test-amd64-amd64-libvirt fail test-amd64-i386-libvirt fail test-amd64-amd64-xl-multivcpu fail test-amd64-amd64-pair fail test-amd64-i386-pair fail test-amd64-amd64-xl-sedf-pin fail test-amd64-amd64-xl-sedf fail test-amd64-i386-xl-qemut-winxpsp3-vcpus1 pass test-amd64-i386-xl-qemuu-winxpsp3-vcpus1 pass test-amd64-amd64-xl-qemut-winxpsp3 pass test-amd64-i386-xl-qemut-winxpsp3 pass test-amd64-amd64-xl-qemuu-winxpsp3 pass test-amd64-i386-xl-qemuu-winxpsp3 fail ------------------------------------------------------------ sg-report-flight on osstest.test-lab.xenproject.org logs: /home/osstest/pub/logs images: /home/osstest/pub/images Logs, config files, etc. are available at http://logs.test-lab.xenproject.org/osstest/logs Test harness code can be found at http://xenbits.xen.org/gitweb?p=osstest.git;a=summary Not pushing. (No revision log; it would be 12844 lines long.)