* [linux-linus test] 56507: regressions - FAIL
@ 2015-05-16 20:48 osstest service user
0 siblings, 0 replies; only message in thread
From: osstest service user @ 2015-05-16 20:48 UTC (permalink / raw)
To: xen-devel; +Cc: ian.jackson
flight 56507 linux-linus real [real]
http://logs.test-lab.xenproject.org/osstest/logs/56507/
Regressions :-(
Tests which did not succeed and are blocking,
including tests which could not be run:
test-armhf-armhf-xl-multivcpu 6 xen-boot fail REGR. vs. 50329
test-armhf-armhf-xl-credit2 6 xen-boot fail REGR. vs. 50329
test-armhf-armhf-xl 6 xen-boot fail REGR. vs. 50329
test-armhf-armhf-xl-arndale 6 xen-boot fail REGR. vs. 50329
Regressions which are regarded as allowable (not blocking):
test-armhf-armhf-libvirt 6 xen-boot fail REGR. vs. 50329
test-armhf-armhf-xl-sedf-pin 6 xen-boot fail REGR. vs. 50329
test-armhf-armhf-xl-sedf 6 xen-boot fail REGR. vs. 50329
test-amd64-i386-libvirt 11 guest-start fail REGR. vs. 50329
test-amd64-amd64-libvirt 11 guest-start fail REGR. vs. 50329
test-amd64-i386-freebsd10-amd64 9 freebsd-install fail like 50329
test-amd64-i386-freebsd10-i386 9 freebsd-install fail like 50329
Tests which did not succeed, but are not blocking:
test-amd64-i386-xl-qemut-debianhvm-amd64-xsm 9 debian-hvm-install fail never pass
test-amd64-amd64-xl-qemut-debianhvm-amd64-xsm 9 debian-hvm-install fail never pass
test-amd64-i386-libvirt-xsm 11 guest-start fail never pass
test-amd64-amd64-xl-qemuu-debianhvm-amd64-xsm 9 debian-hvm-install fail never pass
test-amd64-amd64-xl-pvh-amd 11 guest-start fail never pass
test-amd64-amd64-xl-xsm 11 guest-start fail never pass
test-amd64-i386-xl-qemuu-debianhvm-amd64-xsm 9 debian-hvm-install fail never pass
test-amd64-amd64-xl-pvh-intel 11 guest-start fail never pass
test-amd64-i386-xl-xsm 11 guest-start fail never pass
test-amd64-amd64-libvirt-xsm 11 guest-start fail never pass
test-armhf-armhf-xl-xsm 6 xen-boot fail never pass
test-armhf-armhf-libvirt-xsm 6 xen-boot fail never pass
test-amd64-amd64-xl-qemut-win7-amd64 16 guest-stop fail never pass
test-amd64-i386-xl-qemut-win7-amd64 16 guest-stop fail never pass
test-armhf-armhf-xl-cubietruck 12 migrate-support-check fail never pass
version targeted for testing:
linux 4b470f120817a16ea28da6141ea6e3a3040b297b
baseline version:
linux 1cced5015b171415169d938fb179c44fe060dc15
------------------------------------------------------------
2012 people touched revisions under test,
not listing them all
------------------------------------------------------------
jobs:
build-amd64-xsm pass
build-armhf-xsm pass
build-i386-xsm pass
build-amd64 pass
build-armhf pass
build-i386 pass
build-amd64-libvirt pass
build-armhf-libvirt pass
build-i386-libvirt pass
build-amd64-pvops pass
build-armhf-pvops pass
build-i386-pvops pass
build-amd64-rumpuserxen pass
build-i386-rumpuserxen pass
test-amd64-amd64-xl pass
test-armhf-armhf-xl fail
test-amd64-i386-xl pass
test-amd64-amd64-xl-qemut-debianhvm-amd64-xsm fail
test-amd64-i386-xl-qemut-debianhvm-amd64-xsm fail
test-amd64-amd64-xl-qemuu-debianhvm-amd64-xsm fail
test-amd64-i386-xl-qemuu-debianhvm-amd64-xsm fail
test-amd64-amd64-libvirt-xsm fail
test-armhf-armhf-libvirt-xsm fail
test-amd64-i386-libvirt-xsm fail
test-amd64-amd64-xl-xsm fail
test-armhf-armhf-xl-xsm fail
test-amd64-i386-xl-xsm fail
test-amd64-amd64-xl-pvh-amd fail
test-amd64-i386-qemut-rhel6hvm-amd pass
test-amd64-i386-qemuu-rhel6hvm-amd pass
test-amd64-amd64-xl-qemut-debianhvm-amd64 pass
test-amd64-i386-xl-qemut-debianhvm-amd64 pass
test-amd64-amd64-xl-qemuu-debianhvm-amd64 pass
test-amd64-i386-xl-qemuu-debianhvm-amd64 pass
test-amd64-i386-freebsd10-amd64 fail
test-amd64-amd64-xl-qemuu-ovmf-amd64 pass
test-amd64-i386-xl-qemuu-ovmf-amd64 pass
test-amd64-amd64-rumpuserxen-amd64 pass
test-amd64-amd64-xl-qemut-win7-amd64 fail
test-amd64-i386-xl-qemut-win7-amd64 fail
test-amd64-amd64-xl-qemuu-win7-amd64 pass
test-amd64-i386-xl-qemuu-win7-amd64 pass
test-armhf-armhf-xl-arndale fail
test-amd64-amd64-xl-credit2 pass
test-armhf-armhf-xl-credit2 fail
test-armhf-armhf-xl-cubietruck pass
test-amd64-i386-freebsd10-i386 fail
test-amd64-i386-rumpuserxen-i386 pass
test-amd64-amd64-xl-pvh-intel fail
test-amd64-i386-qemut-rhel6hvm-intel pass
test-amd64-i386-qemuu-rhel6hvm-intel pass
test-amd64-amd64-libvirt fail
test-armhf-armhf-libvirt fail
test-amd64-i386-libvirt fail
test-amd64-amd64-xl-multivcpu pass
test-armhf-armhf-xl-multivcpu fail
test-amd64-amd64-pair pass
test-amd64-i386-pair pass
test-amd64-amd64-xl-sedf-pin pass
test-armhf-armhf-xl-sedf-pin fail
test-amd64-amd64-xl-sedf pass
test-armhf-armhf-xl-sedf fail
test-amd64-i386-xl-qemut-winxpsp3-vcpus1 pass
test-amd64-i386-xl-qemuu-winxpsp3-vcpus1 pass
test-amd64-amd64-xl-qemut-winxpsp3 pass
test-amd64-i386-xl-qemut-winxpsp3 pass
test-amd64-amd64-xl-qemuu-winxpsp3 pass
test-amd64-i386-xl-qemuu-winxpsp3 pass
------------------------------------------------------------
sg-report-flight on osstest.test-lab.xenproject.org
logs: /home/osstest/pub/logs
images: /home/osstest/pub/images
Logs, config files, etc. are available at
http://logs.test-lab.xenproject.org/osstest/logs
Test harness code can be found at
http://xenbits.xen.org/gitweb?p=osstest.git;a=summary
Not pushing.
(No revision log; it would be 226755 lines long.)
^ permalink raw reply [flat|nested] only message in thread
only message in thread, other threads:[~2015-05-16 20:48 UTC | newest]
Thread overview: (only message) (download: mbox.gz follow: Atom feed
-- links below jump to the message on this page --
2015-05-16 20:48 [linux-linus test] 56507: regressions - FAIL osstest service user
This is a public inbox, see mirroring instructions
for how to clone and mirror all data and code used for this inbox;
as well as URLs for NNTP newsgroup(s).