* [qemu-mainline test] 56512: tolerable FAIL - PUSHED
@ 2015-05-16 21:50 osstest service user
0 siblings, 0 replies; only message in thread
From: osstest service user @ 2015-05-16 21:50 UTC (permalink / raw)
To: xen-devel; +Cc: ian.jackson
flight 56512 qemu-mainline real [real]
http://logs.test-lab.xenproject.org/osstest/logs/56512/
Failures :-/ but no regressions.
Regressions which are regarded as allowable (not blocking):
test-amd64-amd64-libvirt 11 guest-start fail REGR. vs. 56435
test-amd64-i386-freebsd10-amd64 13 guest-localmigrate fail like 56435
test-amd64-i386-freebsd10-i386 13 guest-localmigrate fail like 56435
test-amd64-i386-libvirt 11 guest-start fail like 56435
test-armhf-armhf-libvirt 11 guest-start fail like 56435
Tests which did not succeed, but are not blocking:
test-amd64-amd64-xl-xsm 11 guest-start fail never pass
test-amd64-i386-libvirt-xsm 11 guest-start fail never pass
test-amd64-amd64-xl-pvh-amd 11 guest-start fail never pass
test-amd64-amd64-xl-pvh-intel 11 guest-start fail never pass
test-amd64-i386-xl-qemuu-debianhvm-amd64-xsm 9 debian-hvm-install fail never pass
test-amd64-amd64-xl-qemuu-debianhvm-amd64-xsm 9 debian-hvm-install fail never pass
test-amd64-amd64-libvirt-xsm 11 guest-start fail never pass
test-amd64-i386-xl-xsm 11 guest-start fail never pass
test-armhf-armhf-xl-xsm 6 xen-boot fail never pass
test-armhf-armhf-libvirt-xsm 6 xen-boot fail never pass
test-armhf-armhf-xl-arndale 12 migrate-support-check fail never pass
test-armhf-armhf-xl-cubietruck 12 migrate-support-check fail never pass
test-armhf-armhf-xl-credit2 12 migrate-support-check fail never pass
test-armhf-armhf-xl-sedf 12 migrate-support-check fail never pass
test-armhf-armhf-xl-sedf-pin 12 migrate-support-check fail never pass
test-armhf-armhf-xl-multivcpu 12 migrate-support-check fail never pass
test-armhf-armhf-xl 12 migrate-support-check fail never pass
test-amd64-amd64-xl-qemuu-win7-amd64 16 guest-stop fail never pass
test-amd64-i386-xl-qemuu-win7-amd64 16 guest-stop fail never pass
version targeted for testing:
qemuu 99e7627a70d1a23e30a514e5a4798005cf4eb3aa
baseline version:
qemuu 1eeace9c237a729d11c7acd7c0338ab4562af637
------------------------------------------------------------
People who touched revisions under test:
Peter Maydell <peter.maydell@linaro.org>
Richard Henderson <rth@twiddle.net>
------------------------------------------------------------
jobs:
build-amd64-xsm pass
build-armhf-xsm pass
build-i386-xsm pass
build-amd64 pass
build-armhf pass
build-i386 pass
build-amd64-libvirt pass
build-armhf-libvirt pass
build-i386-libvirt pass
build-amd64-pvops pass
build-armhf-pvops pass
build-i386-pvops pass
test-amd64-amd64-xl pass
test-armhf-armhf-xl pass
test-amd64-i386-xl pass
test-amd64-amd64-xl-qemuu-debianhvm-amd64-xsm fail
test-amd64-i386-xl-qemuu-debianhvm-amd64-xsm fail
test-amd64-amd64-libvirt-xsm fail
test-armhf-armhf-libvirt-xsm fail
test-amd64-i386-libvirt-xsm fail
test-amd64-amd64-xl-xsm fail
test-armhf-armhf-xl-xsm fail
test-amd64-i386-xl-xsm fail
test-amd64-amd64-xl-pvh-amd fail
test-amd64-i386-qemuu-rhel6hvm-amd pass
test-amd64-amd64-xl-qemuu-debianhvm-amd64 pass
test-amd64-i386-xl-qemuu-debianhvm-amd64 pass
test-amd64-i386-freebsd10-amd64 fail
test-amd64-amd64-xl-qemuu-ovmf-amd64 pass
test-amd64-i386-xl-qemuu-ovmf-amd64 pass
test-amd64-amd64-xl-qemuu-win7-amd64 fail
test-amd64-i386-xl-qemuu-win7-amd64 fail
test-armhf-armhf-xl-arndale pass
test-amd64-amd64-xl-credit2 pass
test-armhf-armhf-xl-credit2 pass
test-armhf-armhf-xl-cubietruck pass
test-amd64-i386-freebsd10-i386 fail
test-amd64-amd64-xl-pvh-intel fail
test-amd64-i386-qemuu-rhel6hvm-intel pass
test-amd64-amd64-libvirt fail
test-armhf-armhf-libvirt fail
test-amd64-i386-libvirt fail
test-amd64-amd64-xl-multivcpu pass
test-armhf-armhf-xl-multivcpu pass
test-amd64-amd64-pair pass
test-amd64-i386-pair pass
test-amd64-amd64-xl-sedf-pin pass
test-armhf-armhf-xl-sedf-pin pass
test-amd64-amd64-xl-sedf pass
test-armhf-armhf-xl-sedf pass
test-amd64-i386-xl-qemuu-winxpsp3-vcpus1 pass
test-amd64-amd64-xl-qemuu-winxpsp3 pass
test-amd64-i386-xl-qemuu-winxpsp3 pass
------------------------------------------------------------
sg-report-flight on osstest.test-lab.xenproject.org
logs: /home/osstest/pub/logs
images: /home/osstest/pub/images
Logs, config files, etc. are available at
http://logs.test-lab.xenproject.org/osstest/logs
Test harness code can be found at
http://xenbits.xen.org/gitweb?p=osstest.git;a=summary
Pushing revision :
+ branch=qemu-mainline
+ revision=99e7627a70d1a23e30a514e5a4798005cf4eb3aa
+ . cri-lock-repos
++ . cri-common
+++ . cri-getconfig
+++ umask 002
+++ getconfig Repos
+++ perl -e '
use Osstest;
readglobalconfig();
print $c{"Repos"} or die $!;
'
++ repos=/home/osstest/repos
++ repos_lock=/home/osstest/repos/lock
++ '[' x '!=' x/home/osstest/repos/lock ']'
++ OSSTEST_REPOS_LOCK_LOCKED=/home/osstest/repos/lock
++ exec with-lock-ex -w /home/osstest/repos/lock ./ap-push qemu-mainline 99e7627a70d1a23e30a514e5a4798005cf4eb3aa
+ branch=qemu-mainline
+ revision=99e7627a70d1a23e30a514e5a4798005cf4eb3aa
+ . cri-lock-repos
++ . cri-common
+++ . cri-getconfig
+++ umask 002
+++ getconfig Repos
+++ perl -e '
use Osstest;
readglobalconfig();
print $c{"Repos"} or die $!;
'
++ repos=/home/osstest/repos
++ repos_lock=/home/osstest/repos/lock
++ '[' x/home/osstest/repos/lock '!=' x/home/osstest/repos/lock ']'
+ . cri-common
++ . cri-getconfig
++ umask 002
+ select_xenbranch
+ case "$branch" in
+ tree=qemuu
+ xenbranch=xen-unstable
+ qemuubranch=qemu-mainline
+ '[' xqemuu = xlinux ']'
+ linuxbranch=
+ '[' xqemu-mainline = x ']'
+ : tested/2.6.39.x
+ . ap-common
++ : osstest@xenbits.xen.org
+++ getconfig OsstestUpstream
+++ perl -e '
use Osstest;
readglobalconfig();
print $c{"OsstestUpstream"} or die $!;
'
++ :
++ : git://xenbits.xen.org/xen.git
++ : osstest@xenbits.xen.org:/home/xen/git/xen.git
++ : git://xenbits.xen.org/staging/qemu-xen-unstable.git
++ : git://git.kernel.org
++ : git://git.kernel.org/pub/scm/linux/kernel/git
++ : git
++ : git://xenbits.xen.org/libvirt.git
++ : osstest@xenbits.xen.org:/home/xen/git/libvirt.git
++ : git://xenbits.xen.org/libvirt.git
++ : git://xenbits.xen.org/rumpuser-xen.git
++ : git
++ : git://xenbits.xen.org/rumpuser-xen.git
++ : osstest@xenbits.xen.org:/home/xen/git/rumpuser-xen.git
+++ besteffort_repo https://github.com/rumpkernel/rumpkernel-netbsd-src
+++ local repo=https://github.com/rumpkernel/rumpkernel-netbsd-src
+++ cached_repo https://github.com/rumpkernel/rumpkernel-netbsd-src '[fetch=try]'
+++ local repo=https://github.com/rumpkernel/rumpkernel-netbsd-src
+++ local 'options=[fetch=try]'
++++ getconfig GitCacheProxy
++++ perl -e '
use Osstest;
readglobalconfig();
print $c{"GitCacheProxy"} or die $!;
'
+++ local cache=git://cache:9419/
+++ '[' xgit://cache:9419/ '!=' x ']'
+++ echo 'git://cache:9419/https://github.com/rumpkernel/rumpkernel-netbsd-src%20[fetch=try]'
++ : 'git://cache:9419/https://github.com/rumpkernel/rumpkernel-netbsd-src%20[fetch=try]'
++ : git
++ : git://git.seabios.org/seabios.git
++ : osstest@xenbits.xen.org:/home/xen/git/osstest/seabios.git
++ : git://xenbits.xen.org/osstest/seabios.git
++ : https://github.com/tianocore/edk2.git
++ : osstest@xenbits.xen.org:/home/xen/git/osstest/ovmf.git
++ : git://xenbits.xen.org/osstest/ovmf.git
++ : git://xenbits.xen.org/osstest/linux-firmware.git
++ : osstest@xenbits.xen.org:/home/osstest/ext/linux-firmware.git
++ : git://git.kernel.org/pub/scm/linux/kernel/git/firmware/linux-firmware.git
++ : osstest@xenbits.xen.org:/home/xen/git/linux-pvops.git
++ : git://xenbits.xen.org/linux-pvops.git
++ : tested/linux-3.14
++ : tested/linux-arm-xen
++ '[' xgit://xenbits.xen.org/linux-pvops.git = x ']'
++ '[' x = x ']'
++ : git://xenbits.xen.org/linux-pvops.git
++ : tested/linux-arm-xen
++ : git://git.kernel.org/pub/scm/linux/kernel/git/konrad/xen.git
++ : tested/2.6.39.x
++ : daily-cron.qemu-mainline
++ : daily-cron.qemu-mainline
++ : daily-cron.qemu-mainline
++ : daily-cron.qemu-mainline
++ : daily-cron.qemu-mainline
++ : daily-cron.qemu-mainline
++ : http://hg.uk.xensource.com/carbon/trunk/linux-2.6.27
++ : git://git.qemu.org/qemu.git
++ : daily-cron.qemu-mainline
++ : git://git.qemu.org/qemu.git
++ : git://xenbits.xen.org/osstest/qemu.git
++ : osstest@xenbits.xen.org:/home/xen/git/osstest/qemu.git
++ : daily-cron.qemu-mainline
+ TREE_LINUX=osstest@xenbits.xen.org:/home/xen/git/linux-pvops.git
+ TREE_QEMU_MAINLINE=osstest@xenbits.xen.org:/home/xen/git/osstest/qemu.git
+ TREE_QEMU_UPSTREAM=osstest@xenbits.xen.org:/home/xen/git/qemu-upstream-unstable.git
+ TREE_XEN=osstest@xenbits.xen.org:/home/xen/git/xen.git
+ TREE_LIBVIRT=osstest@xenbits.xen.org:/home/xen/git/libvirt.git
+ TREE_RUMPUSERXEN=osstest@xenbits.xen.org:/home/xen/git/rumpuser-xen.git
+ TREE_SEABIOS=osstest@xenbits.xen.org:/home/xen/git/osstest/seabios.git
+ TREE_OVMF=osstest@xenbits.xen.org:/home/xen/git/osstest/ovmf.git
+ info_linux_tree qemu-mainline
+ case $1 in
+ return 1
+ case "$branch" in
+ cd /home/osstest/repos/qemu-mainline
+ git push osstest@xenbits.xen.org:/home/xen/git/osstest/qemu.git 99e7627a70d1a23e30a514e5a4798005cf4eb3aa:refs/heads/mainline/xen-tested-master
To osstest@xenbits.xen.org:/home/xen/git/osstest/qemu.git
1eeace9..99e7627 99e7627a70d1a23e30a514e5a4798005cf4eb3aa -> mainline/xen-tested-master
^ permalink raw reply [flat|nested] only message in thread
only message in thread, other threads:[~2015-05-16 21:50 UTC | newest]
Thread overview: (only message) (download: mbox.gz follow: Atom feed
-- links below jump to the message on this page --
2015-05-16 21:50 [qemu-mainline test] 56512: tolerable FAIL - PUSHED osstest service user
This is a public inbox, see mirroring instructions
for how to clone and mirror all data and code used for this inbox;
as well as URLs for NNTP newsgroup(s).