xen-devel.lists.xenproject.org archive mirror
 help / color / mirror / Atom feed
From: osstest service user <osstest@xenbits.xen.org>
To: xen-devel@lists.xensource.com
Cc: ian.jackson@eu.citrix.com
Subject: [libvirt test] 56590: regressions - FAIL
Date: Sun, 17 May 2015 10:25:10 +0000	[thread overview]
Message-ID: <osstest-56590-mainreport@xen.org> (raw)

[-- Warning: decoded text below may be mangled, UTF-8 assumed --]
[-- Attachment #1: Type: text/plain, Size: 3519 bytes --]

flight 56590 libvirt real [real]
http://logs.test-lab.xenproject.org/osstest/logs/56590/

Regressions :-(

Tests which did not succeed and are blocking,
including tests which could not be run:
 test-amd64-amd64-libvirt     11 guest-start               fail REGR. vs. 53854
 test-amd64-i386-libvirt      11 guest-start               fail REGR. vs. 53854
 build-armhf-libvirt           5 libvirt-build             fail REGR. vs. 53854

Tests which did not succeed, but are not blocking:
 test-armhf-armhf-libvirt-xsm  1 build-check(1)               blocked  n/a
 test-armhf-armhf-libvirt      1 build-check(1)               blocked  n/a
 test-amd64-i386-libvirt-xsm  11 guest-start                  fail   never pass
 test-amd64-amd64-libvirt-xsm 11 guest-start                  fail   never pass

version targeted for testing:
 libvirt              99a42f3c0fd77ab9bd596bd107f924a455564dde
baseline version:
 libvirt              fd74e231751334b64af0934b680c5cc62f652453

------------------------------------------------------------
People who touched revisions under test:
  Andrea Bolognani <abologna@redhat.com>
  Cole Robinson <crobinso@redhat.com>
  Jim Fehlig <jfehlig@suse.com>
  Jiri Denemark <jdenemar@redhat.com>
  John Ferlan <jferlan@redhat.com>
  Ján Tomko <jtomko@redhat.com>
  Laine Stump <laine@laine.org>
  Luyao Huang <lhuang@redhat.com>
  Martin Kletzander <mkletzan@redhat.com>
  Michal Privoznik <mprivozn@redhat.com>
  Nikolay Shirokovskiy <nshirokovskiy@parallels.com>
  Pavel Hrdina <phrdina@redhat.com>
  Peter Krempa <pkrempa@redhat.com>
  Richard W.M. Jones <rjones@redhat.com>
  Roman Bogorodskiy <bogorodskiy@gmail.com>
  Wang Yufei <james.wangyufei@huawei.com>
  Zhang Bo <oscar.zhangbo@huawei.com>
------------------------------------------------------------

jobs:
 build-amd64-xsm                                              pass
 build-armhf-xsm                                              pass
 build-i386-xsm                                               pass
 build-amd64                                                  pass
 build-armhf                                                  pass
 build-i386                                                   pass
 build-amd64-libvirt                                          pass
 build-armhf-libvirt                                          fail
 build-i386-libvirt                                           pass
 build-amd64-pvops                                            pass
 build-armhf-pvops                                            pass
 build-i386-pvops                                             pass
 test-amd64-amd64-libvirt-xsm                                 fail
 test-armhf-armhf-libvirt-xsm                                 blocked
 test-amd64-i386-libvirt-xsm                                  fail
 test-amd64-amd64-libvirt                                     fail
 test-armhf-armhf-libvirt                                     blocked
 test-amd64-i386-libvirt                                      fail


------------------------------------------------------------
sg-report-flight on osstest.test-lab.xenproject.org
logs: /home/osstest/pub/logs
images: /home/osstest/pub/images

Logs, config files, etc. are available at
    http://logs.test-lab.xenproject.org/osstest/logs

Test harness code can be found at
    http://xenbits.xen.org/gitweb?p=osstest.git;a=summary


Not pushing.

(No revision log; it would be 802 lines long.)


[-- Attachment #2: Type: text/plain, Size: 126 bytes --]

_______________________________________________
Xen-devel mailing list
Xen-devel@lists.xen.org
http://lists.xen.org/xen-devel

                 reply	other threads:[~2015-05-17 10:25 UTC|newest]

Thread overview: [no followups] expand[flat|nested]  mbox.gz  Atom feed

Reply instructions:

You may reply publicly to this message via plain-text email
using any one of the following methods:

* Save the following mbox file, import it into your mail client,
  and reply-to-all from there: mbox

  Avoid top-posting and favor interleaved quoting:
  https://en.wikipedia.org/wiki/Posting_style#Interleaved_style

* Reply using the --to, --cc, and --in-reply-to
  switches of git-send-email(1):

  git send-email \
    --in-reply-to=osstest-56590-mainreport@xen.org \
    --to=osstest@xenbits.xen.org \
    --cc=ian.jackson@eu.citrix.com \
    --cc=xen-devel@lists.xensource.com \
    /path/to/YOUR_REPLY

  https://kernel.org/pub/software/scm/git/docs/git-send-email.html

* If your mail client supports setting the In-Reply-To header
  via mailto: links, try the mailto: link
Be sure your reply has a Subject: header at the top and a blank line before the message body.
This is a public inbox, see mirroring instructions
for how to clone and mirror all data and code used for this inbox;
as well as URLs for NNTP newsgroup(s).