From mboxrd@z Thu Jan 1 00:00:00 1970 From: osstest service user Subject: [libvirt test] 56590: regressions - FAIL Date: Sun, 17 May 2015 10:25:10 +0000 Message-ID: Mime-Version: 1.0 Content-Type: multipart/mixed; boundary="===============5596986377043088155==" Return-path: List-Unsubscribe: , List-Post: List-Help: List-Subscribe: , Sender: xen-devel-bounces@lists.xen.org Errors-To: xen-devel-bounces@lists.xen.org To: xen-devel@lists.xensource.com Cc: ian.jackson@eu.citrix.com List-Id: xen-devel@lists.xenproject.org --===============5596986377043088155== Content-Length: 3596 Content-Transfer-Encoding: quoted-printable flight 56590 libvirt real [real] http://logs.test-lab.xenproject.org/osstest/logs/56590/ Regressions :-( Tests which did not succeed and are blocking, including tests which could not be run: test-amd64-amd64-libvirt 11 guest-start fail REGR. vs. 53854 test-amd64-i386-libvirt 11 guest-start fail REGR. vs. 53854 build-armhf-libvirt 5 libvirt-build fail REGR. vs. 53854 Tests which did not succeed, but are not blocking: test-armhf-armhf-libvirt-xsm 1 build-check(1) blocked n/a test-armhf-armhf-libvirt 1 build-check(1) blocked n/a test-amd64-i386-libvirt-xsm 11 guest-start fail never pass test-amd64-amd64-libvirt-xsm 11 guest-start fail never pass version targeted for testing: libvirt 99a42f3c0fd77ab9bd596bd107f924a455564dde baseline version: libvirt fd74e231751334b64af0934b680c5cc62f652453 ------------------------------------------------------------ People who touched revisions under test: Andrea Bolognani Cole Robinson Jim Fehlig Jiri Denemark John Ferlan J=C3=A1n Tomko Laine Stump Luyao Huang Martin Kletzander Michal Privoznik Nikolay Shirokovskiy Pavel Hrdina Peter Krempa Richard W.M. Jones Roman Bogorodskiy Wang Yufei Zhang Bo ------------------------------------------------------------ jobs: build-amd64-xsm pass build-armhf-xsm pass build-i386-xsm pass build-amd64 pass build-armhf pass build-i386 pass build-amd64-libvirt pass build-armhf-libvirt fail build-i386-libvirt pass build-amd64-pvops pass build-armhf-pvops pass build-i386-pvops pass test-amd64-amd64-libvirt-xsm fail test-armhf-armhf-libvirt-xsm blocked test-amd64-i386-libvirt-xsm fail test-amd64-amd64-libvirt fail test-armhf-armhf-libvirt blocked test-amd64-i386-libvirt fail ------------------------------------------------------------ sg-report-flight on osstest.test-lab.xenproject.org logs: /home/osstest/pub/logs images: /home/osstest/pub/images Logs, config files, etc. are available at http://logs.test-lab.xenproject.org/osstest/logs Test harness code can be found at http://xenbits.xen.org/gitweb=3Fp=3Dosstest.git;a=3Dsummary Not pushing. (No revision log; it would be 802 lines long.) --===============5596986377043088155== Content-Type: text/plain; charset="us-ascii" MIME-Version: 1.0 Content-Transfer-Encoding: 7bit Content-Disposition: inline _______________________________________________ Xen-devel mailing list Xen-devel@lists.xen.org http://lists.xen.org/xen-devel --===============5596986377043088155==--