xen-devel.lists.xenproject.org archive mirror
 help / color / mirror / Atom feed
* [linux-3.10 test] 56626: regressions - FAIL
@ 2015-05-18  4:20 osstest service user
  0 siblings, 0 replies; only message in thread
From: osstest service user @ 2015-05-18  4:20 UTC (permalink / raw)
  To: xen-devel; +Cc: ian.jackson

flight 56626 linux-3.10 real [real]
http://logs.test-lab.xenproject.org/osstest/logs/56626/

Regressions :-(

Tests which did not succeed and are blocking,
including tests which could not be run:
 test-amd64-i386-xl-qemuu-ovmf-amd64 15 guest-localmigrate/x10 fail REGR. vs. 55867

Regressions which are regarded as allowable (not blocking):
 test-amd64-i386-freebsd10-i386 16 guest-localmigrate/x10 fail blocked in 55867
 test-amd64-i386-freebsd10-amd64 16 guest-localmigrate/x10      fail like 55867
 test-amd64-i386-libvirt      11 guest-start                  fail   like 55867

Tests which did not succeed, but are not blocking:
 test-amd64-amd64-xl-qemuu-debianhvm-amd64-xsm 9 debian-hvm-install fail never pass
 test-amd64-amd64-xl-xsm      11 guest-start                  fail   never pass
 test-amd64-i386-xl-xsm       11 guest-start                  fail   never pass
 test-amd64-i386-xl-qemuu-debianhvm-amd64-xsm 9 debian-hvm-install fail never pass
 test-amd64-amd64-xl-qemut-debianhvm-amd64-xsm 9 debian-hvm-install fail never pass
 test-amd64-amd64-libvirt-xsm 11 guest-start                  fail   never pass
 test-amd64-amd64-xl-pvh-intel 11 guest-start                  fail  never pass
 test-amd64-i386-libvirt-xsm  11 guest-start                  fail   never pass
 test-amd64-amd64-xl-pvh-amd  11 guest-start                  fail   never pass
 test-amd64-i386-xl-qemut-debianhvm-amd64-xsm 9 debian-hvm-install fail never pass
 test-armhf-armhf-xl-arndale   6 xen-boot                     fail   never pass
 test-armhf-armhf-xl-sedf      6 xen-boot                     fail   never pass
 test-armhf-armhf-xl           6 xen-boot                     fail   never pass
 test-armhf-armhf-libvirt-xsm  6 xen-boot                     fail   never pass
 test-armhf-armhf-xl-cubietruck  6 xen-boot                     fail never pass
 test-amd64-amd64-libvirt     12 migrate-support-check        fail   never pass
 test-armhf-armhf-xl-credit2   6 xen-boot                     fail   never pass
 test-armhf-armhf-xl-multivcpu  6 xen-boot                     fail  never pass
 test-armhf-armhf-xl-sedf-pin  6 xen-boot                     fail   never pass
 test-amd64-amd64-xl-qemut-win7-amd64 16 guest-stop             fail never pass
 test-amd64-i386-xl-qemut-win7-amd64 16 guest-stop              fail never pass
 test-armhf-armhf-libvirt      6 xen-boot                     fail   never pass
 test-armhf-armhf-xl-xsm       6 xen-boot                     fail   never pass

version targeted for testing:
 linux                b5bac1f597ae5669dee0d2ae927b8ded0b8f6b34
baseline version:
 linux                c9cc129b6976b178041deaa3f68dc6c3784ef16d

------------------------------------------------------------
People who touched revisions under test:
  Alexey Khoroshilov <khoroshilov@ispras.ru>
  Andrew Lunn <andrew@lunn.ch>
  Andrew Morton <akpm@linux-foundation.org>
  Bob Moore <robert.moore@intel.com>
  Boris Ostrovsky <boris.ostrovsky@oracle.com>
  Christoph Hellwig <hch@infradead.org>
  Christoph Hellwig <hch@lst.de>
  Chuanxiao Dong <chuanxiao.dong@intel.com>
  David Vrabel <david.vrabel@citrix.com>
  Dean Nelson <dnelson@redhat.com>
  Dirk Behme <dirk.behme@gmail.com>
  Doug Anderson <dianders@chromium.org>
  George G. Davis <george_davis@mentor.com>
  Greg Kroah-Hartman <gregkh@linuxfoundation.org>
  Gregory CLEMENT <gregory.clement@free-electrons.com>
  Jani Nikula <jani.nikula@intel.com>
  Johan Hovold <johan@kernel.org>
  Junxiao Bi <junxiao.bi@oracle.com>
  Linus Torvalds <torvalds@linux-foundation.org>
  Linus Walleij <linus.walleij@linaro.org>
  Lukas Wunner <lukas@wunner.de>
  Lv Zheng <lv.zheng@intel.com>
  Marek Vasut <marex@denx.de>
  Markus Pargmann <mpa@pengutronix.de>
  Michael Shigorin <mike@altlinux.org>
  Naoya Horiguchi <n-horiguchi@ah.jp.nec.com>
  Peter Chen <peter.chen@freescale.com>
  Rafael J. Wysocki <rafael.j.wysocki@intel.com>
  Ryusuke Konishi <konishi.ryusuke@lab.ntt.co.jp>
  Shawn Guo <shawn.guo@linaro.org>
  Stefan Wahren <stefan.wahren@i2se.com>
  Takashi Iwai <tiwai@suse.de>
  Ulf Hansson <ulf.hansson@linaro.org>
  Yunpeng Gao <yunpeng.gao@intel.com>
------------------------------------------------------------

jobs:
 build-amd64-xsm                                              pass    
 build-armhf-xsm                                              pass    
 build-i386-xsm                                               pass    
 build-amd64                                                  pass    
 build-armhf                                                  pass    
 build-i386                                                   pass    
 build-amd64-libvirt                                          pass    
 build-armhf-libvirt                                          pass    
 build-i386-libvirt                                           pass    
 build-amd64-pvops                                            pass    
 build-armhf-pvops                                            pass    
 build-i386-pvops                                             pass    
 build-amd64-rumpuserxen                                      pass    
 build-i386-rumpuserxen                                       pass    
 test-amd64-amd64-xl                                          pass    
 test-armhf-armhf-xl                                          fail    
 test-amd64-i386-xl                                           pass    
 test-amd64-amd64-xl-qemut-debianhvm-amd64-xsm                fail    
 test-amd64-i386-xl-qemut-debianhvm-amd64-xsm                 fail    
 test-amd64-amd64-xl-qemuu-debianhvm-amd64-xsm                fail    
 test-amd64-i386-xl-qemuu-debianhvm-amd64-xsm                 fail    
 test-amd64-amd64-libvirt-xsm                                 fail    
 test-armhf-armhf-libvirt-xsm                                 fail    
 test-amd64-i386-libvirt-xsm                                  fail    
 test-amd64-amd64-xl-xsm                                      fail    
 test-armhf-armhf-xl-xsm                                      fail    
 test-amd64-i386-xl-xsm                                       fail    
 test-amd64-amd64-xl-pvh-amd                                  fail    
 test-amd64-i386-qemut-rhel6hvm-amd                           pass    
 test-amd64-i386-qemuu-rhel6hvm-amd                           pass    
 test-amd64-amd64-xl-qemut-debianhvm-amd64                    pass    
 test-amd64-i386-xl-qemut-debianhvm-amd64                     pass    
 test-amd64-amd64-xl-qemuu-debianhvm-amd64                    pass    
 test-amd64-i386-xl-qemuu-debianhvm-amd64                     pass    
 test-amd64-i386-freebsd10-amd64                              fail    
 test-amd64-amd64-xl-qemuu-ovmf-amd64                         pass    
 test-amd64-i386-xl-qemuu-ovmf-amd64                          fail    
 test-amd64-amd64-rumpuserxen-amd64                           pass    
 test-amd64-amd64-xl-qemut-win7-amd64                         fail    
 test-amd64-i386-xl-qemut-win7-amd64                          fail    
 test-amd64-amd64-xl-qemuu-win7-amd64                         pass    
 test-amd64-i386-xl-qemuu-win7-amd64                          pass    
 test-armhf-armhf-xl-arndale                                  fail    
 test-amd64-amd64-xl-credit2                                  pass    
 test-armhf-armhf-xl-credit2                                  fail    
 test-armhf-armhf-xl-cubietruck                               fail    
 test-amd64-i386-freebsd10-i386                               fail    
 test-amd64-i386-rumpuserxen-i386                             pass    
 test-amd64-amd64-xl-pvh-intel                                fail    
 test-amd64-i386-qemut-rhel6hvm-intel                         pass    
 test-amd64-i386-qemuu-rhel6hvm-intel                         pass    
 test-amd64-amd64-libvirt                                     pass    
 test-armhf-armhf-libvirt                                     fail    
 test-amd64-i386-libvirt                                      fail    
 test-amd64-amd64-xl-multivcpu                                pass    
 test-armhf-armhf-xl-multivcpu                                fail    
 test-amd64-amd64-pair                                        pass    
 test-amd64-i386-pair                                         pass    
 test-amd64-amd64-xl-sedf-pin                                 pass    
 test-armhf-armhf-xl-sedf-pin                                 fail    
 test-amd64-amd64-xl-sedf                                     pass    
 test-armhf-armhf-xl-sedf                                     fail    
 test-amd64-i386-xl-qemut-winxpsp3-vcpus1                     pass    
 test-amd64-i386-xl-qemuu-winxpsp3-vcpus1                     pass    
 test-amd64-amd64-xl-qemut-winxpsp3                           pass    
 test-amd64-i386-xl-qemut-winxpsp3                            pass    
 test-amd64-amd64-xl-qemuu-winxpsp3                           pass    
 test-amd64-i386-xl-qemuu-winxpsp3                            pass    


------------------------------------------------------------
sg-report-flight on osstest.test-lab.xenproject.org
logs: /home/osstest/pub/logs
images: /home/osstest/pub/images

Logs, config files, etc. are available at
    http://logs.test-lab.xenproject.org/osstest/logs

Test harness code can be found at
    http://xenbits.xen.org/gitweb?p=osstest.git;a=summary


Not pushing.

(No revision log; it would be 506 lines long.)

^ permalink raw reply	[flat|nested] only message in thread

only message in thread, other threads:[~2015-05-18  4:20 UTC | newest]

Thread overview: (only message) (download: mbox.gz follow: Atom feed
-- links below jump to the message on this page --
2015-05-18  4:20 [linux-3.10 test] 56626: regressions - FAIL osstest service user

This is a public inbox, see mirroring instructions
for how to clone and mirror all data and code used for this inbox;
as well as URLs for NNTP newsgroup(s).