xen-devel.lists.xenproject.org archive mirror
 help / color / mirror / Atom feed
* [qemu-mainline test] 57666: regressions - trouble: broken/fail/pass
@ 2015-06-01 10:24 osstest service user
  0 siblings, 0 replies; only message in thread
From: osstest service user @ 2015-06-01 10:24 UTC (permalink / raw)
  To: xen-devel; +Cc: ian.jackson

[-- Warning: decoded text below may be mangled, UTF-8 assumed --]
[-- Attachment #1: Type: text/plain, Size: 8520 bytes --]

flight 57666 qemu-mainline real [real]
http://logs.test-lab.xenproject.org/osstest/logs/57666/

Regressions :-(

Tests which did not succeed and are blocking,
including tests which could not be run:
 test-armhf-armhf-xl-multivcpu 17 leak-check/check         fail REGR. vs. 56831

Tests which are failing intermittently (not blocking):
 test-armhf-armhf-xl-cubietruck  3 host-install(3)         broken pass in 57591
 test-armhf-armhf-xl-sedf      3 host-install(3)           broken pass in 57591
 test-amd64-i386-freebsd10-amd64 16 guest-localmigrate/x10 fail in 57591 pass in 57666
 test-amd64-i386-xl-qemuu-win7-amd64 9 windows-install fail in 57591 pass in 57666

Regressions which are regarded as allowable (not blocking):
 test-amd64-amd64-xl-qemuu-win7-amd64 9 windows-install fail in 57591 like 56784
 test-armhf-armhf-libvirt     11 guest-start                  fail   like 56784
 test-amd64-i386-libvirt      11 guest-start                  fail   like 56831
 test-amd64-amd64-libvirt     11 guest-start                  fail   like 56831

Tests which did not succeed, but are not blocking:
 test-armhf-armhf-xl-cubietruck 12 migrate-support-check fail in 57591 never pass
 test-armhf-armhf-xl-sedf     12 migrate-support-check fail in 57591 never pass
 test-amd64-i386-xl-xsm       14 guest-localmigrate           fail   never pass
 test-amd64-amd64-xl-pvh-intel 11 guest-start                  fail  never pass
 test-amd64-amd64-xl-pvh-amd  11 guest-start                  fail   never pass
 test-amd64-amd64-xl-xsm      14 guest-localmigrate           fail   never pass
 test-amd64-amd64-xl-qemuu-debianhvm-amd64-xsm 12 guest-localmigrate fail never pass
 test-amd64-amd64-libvirt-xsm 11 guest-start                  fail   never pass
 test-amd64-i386-xl-qemuu-debianhvm-amd64-xsm 12 guest-localmigrate fail never pass
 test-amd64-i386-libvirt-xsm  12 migrate-support-check        fail   never pass
 test-armhf-armhf-xl-arndale  12 migrate-support-check        fail   never pass
 test-armhf-armhf-xl-xsm      12 migrate-support-check        fail   never pass
 test-armhf-armhf-xl-multivcpu 12 migrate-support-check        fail  never pass
 test-armhf-armhf-libvirt-xsm 11 guest-start                  fail   never pass
 test-armhf-armhf-xl-sedf-pin 12 migrate-support-check        fail   never pass
 test-armhf-armhf-xl-credit2  12 migrate-support-check        fail   never pass
 test-armhf-armhf-xl          12 migrate-support-check        fail   never pass
 test-amd64-amd64-xl-qemuu-win7-amd64 16 guest-stop             fail never pass
 test-amd64-i386-xl-qemuu-win7-amd64 16 guest-stop              fail never pass

version targeted for testing:
 qemuu                97af820f539efe80b87615a04f9de11ea585f725
baseline version:
 qemuu                eba05e922e8e7f307bc5d4104a78797e55124e97

------------------------------------------------------------
People who touched revisions under test:
  Alberto Garcia <berto@igalia.com>
  Bastian Koppelmann <kbastian@mail.uni-paderborn.de>
  Christoph Hellwig <hch@lst.de>
  Cole Robinson <crobinso@redhat.com>
  Cornelia Huck <cornelia.huck@de.ibm.com>
  Daniel P. Berrange <berrange@redhat.com>
  Denis V. Lunev <den@openvz.org>
  Edgar E. Iglesias <edgar.iglesias@xilinx.com>
  Eric Blake <eblake@redhat.com>
  Eric Farman <farman@linux.vnet.ibm.com>
  Fabien Chouteau <chouteau@adacore.com>
  Fam Zheng <famz@redhat.com>
  Gerd Hoffmann <kraxel@redhat.com>
  Greg Bellows <greg.bellows@linaro.org>
  Jan Kiszka <jan.kiszka@siemens.com>
  John Snow <jsnow@redhat.com>
  Ján Tomko <jtomko@redhat.com>
  Keith Busch <keith.busch@intel.com>
  Kevin Wolf <kwolf@redhat.com>
  Marc-André Lureau <marcandre.lureau@gmail.com>
  Mark Cave-Ayland <mark.cave-ayland@ailande.co.uk>
  Mark Cave-Ayland <mark.cave-ayland@ilande.co.uk>
  Markus Armbruster <armbru@redhat.com>
  Max Reitz <mreitz@redhat.com>
  Paolo Bonzini <pbonzini@redhat.com>
  Peter Maydell <peter.maydell@linaro.org>
  Richard Henderson <rth@twiddle.net>
  Richard W.M. Jones <rjones@redhat.com>
  Roman Kagan <rkagan@parallels.com>
  Shannon Zhao <shannon.zhao@linaro.org>
  Shannon Zhao <zhaoshenglong@huawei.com>
  Stefan Hajnoczi <stefanha@redhat.com>
  Thomas Huth <thuth@redhat.com>
------------------------------------------------------------

jobs:
 build-amd64-xsm                                              pass
 build-armhf-xsm                                              pass
 build-i386-xsm                                               pass
 build-amd64                                                  pass
 build-armhf                                                  pass
 build-i386                                                   pass
 build-amd64-libvirt                                          pass
 build-armhf-libvirt                                          pass
 build-i386-libvirt                                           pass
 build-amd64-pvops                                            pass
 build-armhf-pvops                                            pass
 build-i386-pvops                                             pass
 test-amd64-amd64-xl                                          pass
 test-armhf-armhf-xl                                          pass
 test-amd64-i386-xl                                           pass
 test-amd64-amd64-xl-qemuu-debianhvm-amd64-xsm                fail
 test-amd64-i386-xl-qemuu-debianhvm-amd64-xsm                 fail
 test-amd64-amd64-libvirt-xsm                                 fail
 test-armhf-armhf-libvirt-xsm                                 fail
 test-amd64-i386-libvirt-xsm                                  pass
 test-amd64-amd64-xl-xsm                                      fail
 test-armhf-armhf-xl-xsm                                      pass
 test-amd64-i386-xl-xsm                                       fail
 test-amd64-amd64-xl-pvh-amd                                  fail
 test-amd64-i386-qemuu-rhel6hvm-amd                           pass
 test-amd64-amd64-xl-qemuu-debianhvm-amd64                    pass
 test-amd64-i386-xl-qemuu-debianhvm-amd64                     pass
 test-amd64-i386-freebsd10-amd64                              pass
 test-amd64-amd64-xl-qemuu-ovmf-amd64                         pass
 test-amd64-i386-xl-qemuu-ovmf-amd64                          pass
 test-amd64-amd64-xl-qemuu-win7-amd64                         fail
 test-amd64-i386-xl-qemuu-win7-amd64                          fail
 test-armhf-armhf-xl-arndale                                  pass
 test-amd64-amd64-xl-credit2                                  pass
 test-armhf-armhf-xl-credit2                                  pass
 test-armhf-armhf-xl-cubietruck                               broken
 test-amd64-i386-freebsd10-i386                               pass
 test-amd64-amd64-xl-pvh-intel                                fail
 test-amd64-i386-qemuu-rhel6hvm-intel                         pass
 test-amd64-amd64-libvirt                                     fail
 test-armhf-armhf-libvirt                                     fail
 test-amd64-i386-libvirt                                      fail
 test-amd64-amd64-xl-multivcpu                                pass
 test-armhf-armhf-xl-multivcpu                                fail
 test-amd64-amd64-pair                                        pass
 test-amd64-i386-pair                                         pass
 test-amd64-amd64-xl-sedf-pin                                 pass
 test-armhf-armhf-xl-sedf-pin                                 pass
 test-amd64-amd64-xl-sedf                                     pass
 test-armhf-armhf-xl-sedf                                     broken
 test-amd64-i386-xl-qemuu-winxpsp3-vcpus1                     pass
 test-amd64-amd64-xl-qemuu-winxpsp3                           pass
 test-amd64-i386-xl-qemuu-winxpsp3                            pass


------------------------------------------------------------
sg-report-flight on osstest.test-lab.xenproject.org
logs: /home/logs/logs
images: /home/logs/images

Logs, config files, etc. are available at
    http://logs.test-lab.xenproject.org/osstest/logs

Test harness code can be found at
    http://xenbits.xen.org/gitweb?p=osstest.git;a=summary

broken-step test-armhf-armhf-xl-cubietruck host-install(3)
broken-step test-armhf-armhf-xl-sedf host-install(3)

Not pushing.

(No revision log; it would be 3733 lines long.)


[-- Attachment #2: Type: text/plain, Size: 126 bytes --]

_______________________________________________
Xen-devel mailing list
Xen-devel@lists.xen.org
http://lists.xen.org/xen-devel

^ permalink raw reply	[flat|nested] only message in thread

only message in thread, other threads:[~2015-06-01 10:24 UTC | newest]

Thread overview: (only message) (download: mbox.gz follow: Atom feed
-- links below jump to the message on this page --
2015-06-01 10:24 [qemu-mainline test] 57666: regressions - trouble: broken/fail/pass osstest service user

This is a public inbox, see mirroring instructions
for how to clone and mirror all data and code used for this inbox;
as well as URLs for NNTP newsgroup(s).