From mboxrd@z Thu Jan 1 00:00:00 1970 From: osstest service user Subject: [qemu-mainline test] 57666: regressions - trouble: broken/fail/pass Date: Mon, 01 Jun 2015 10:24:15 +0000 Message-ID: Mime-Version: 1.0 Content-Type: multipart/mixed; boundary="===============1882440742808277998==" Return-path: List-Unsubscribe: , List-Post: List-Help: List-Subscribe: , Sender: xen-devel-bounces@lists.xen.org Errors-To: xen-devel-bounces@lists.xen.org To: xen-devel@lists.xensource.com Cc: ian.jackson@eu.citrix.com List-Id: xen-devel@lists.xenproject.org --===============1882440742808277998== Content-Length: 8743 Content-Transfer-Encoding: quoted-printable flight 57666 qemu-mainline real [real] http://logs.test-lab.xenproject.org/osstest/logs/57666/ Regressions :-( Tests which did not succeed and are blocking, including tests which could not be run: test-armhf-armhf-xl-multivcpu 17 leak-check/check fail REGR. vs. 56831 Tests which are failing intermittently (not blocking): test-armhf-armhf-xl-cubietruck 3 host-install(3) broken pass in 57591 test-armhf-armhf-xl-sedf 3 host-install(3) broken pass in 57591 test-amd64-i386-freebsd10-amd64 16 guest-localmigrate/x10 fail in 57591 pass in 57666 test-amd64-i386-xl-qemuu-win7-amd64 9 windows-install fail in 57591 pass in 57666 Regressions which are regarded as allowable (not blocking): test-amd64-amd64-xl-qemuu-win7-amd64 9 windows-install fail in 57591 like 56784 test-armhf-armhf-libvirt 11 guest-start fail like 56784 test-amd64-i386-libvirt 11 guest-start fail like 56831 test-amd64-amd64-libvirt 11 guest-start fail like 56831 Tests which did not succeed, but are not blocking: test-armhf-armhf-xl-cubietruck 12 migrate-support-check fail in 57591 never pass test-armhf-armhf-xl-sedf 12 migrate-support-check fail in 57591 never pass test-amd64-i386-xl-xsm 14 guest-localmigrate fail never pass test-amd64-amd64-xl-pvh-intel 11 guest-start fail never pass test-amd64-amd64-xl-pvh-amd 11 guest-start fail never pass test-amd64-amd64-xl-xsm 14 guest-localmigrate fail never pass test-amd64-amd64-xl-qemuu-debianhvm-amd64-xsm 12 guest-localmigrate fail never pass test-amd64-amd64-libvirt-xsm 11 guest-start fail never pass test-amd64-i386-xl-qemuu-debianhvm-amd64-xsm 12 guest-localmigrate fail never pass test-amd64-i386-libvirt-xsm 12 migrate-support-check fail never pass test-armhf-armhf-xl-arndale 12 migrate-support-check fail never pass test-armhf-armhf-xl-xsm 12 migrate-support-check fail never pass test-armhf-armhf-xl-multivcpu 12 migrate-support-check fail never pass test-armhf-armhf-libvirt-xsm 11 guest-start fail never pass test-armhf-armhf-xl-sedf-pin 12 migrate-support-check fail never pass test-armhf-armhf-xl-credit2 12 migrate-support-check fail never pass test-armhf-armhf-xl 12 migrate-support-check fail never pass test-amd64-amd64-xl-qemuu-win7-amd64 16 guest-stop fail never pass test-amd64-i386-xl-qemuu-win7-amd64 16 guest-stop fail never pass version targeted for testing: qemuu 97af820f539efe80b87615a04f9de11ea585f725 baseline version: qemuu eba05e922e8e7f307bc5d4104a78797e55124e97 ------------------------------------------------------------ People who touched revisions under test: Alberto Garcia Bastian Koppelmann Christoph Hellwig Cole Robinson Cornelia Huck Daniel P. Berrange Denis V. Lunev Edgar E. Iglesias Eric Blake Eric Farman Fabien Chouteau Fam Zheng Gerd Hoffmann Greg Bellows Jan Kiszka John Snow J=C3=A1n Tomko Keith Busch Kevin Wolf Marc-Andr=C3=A9 Lureau Mark Cave-Ayland Mark Cave-Ayland Markus Armbruster Max Reitz Paolo Bonzini Peter Maydell Richard Henderson Richard W.M. Jones Roman Kagan Shannon Zhao Shannon Zhao Stefan Hajnoczi Thomas Huth ------------------------------------------------------------ jobs: build-amd64-xsm pass build-armhf-xsm pass build-i386-xsm pass build-amd64 pass build-armhf pass build-i386 pass build-amd64-libvirt pass build-armhf-libvirt pass build-i386-libvirt pass build-amd64-pvops pass build-armhf-pvops pass build-i386-pvops pass test-amd64-amd64-xl pass test-armhf-armhf-xl pass test-amd64-i386-xl pass test-amd64-amd64-xl-qemuu-debianhvm-amd64-xsm fail test-amd64-i386-xl-qemuu-debianhvm-amd64-xsm fail test-amd64-amd64-libvirt-xsm fail test-armhf-armhf-libvirt-xsm fail test-amd64-i386-libvirt-xsm pass test-amd64-amd64-xl-xsm fail test-armhf-armhf-xl-xsm pass test-amd64-i386-xl-xsm fail test-amd64-amd64-xl-pvh-amd fail test-amd64-i386-qemuu-rhel6hvm-amd pass test-amd64-amd64-xl-qemuu-debianhvm-amd64 pass test-amd64-i386-xl-qemuu-debianhvm-amd64 pass test-amd64-i386-freebsd10-amd64 pass test-amd64-amd64-xl-qemuu-ovmf-amd64 pass test-amd64-i386-xl-qemuu-ovmf-amd64 pass test-amd64-amd64-xl-qemuu-win7-amd64 fail test-amd64-i386-xl-qemuu-win7-amd64 fail test-armhf-armhf-xl-arndale pass test-amd64-amd64-xl-credit2 pass test-armhf-armhf-xl-credit2 pass test-armhf-armhf-xl-cubietruck broken test-amd64-i386-freebsd10-i386 pass test-amd64-amd64-xl-pvh-intel fail test-amd64-i386-qemuu-rhel6hvm-intel pass test-amd64-amd64-libvirt fail test-armhf-armhf-libvirt fail test-amd64-i386-libvirt fail test-amd64-amd64-xl-multivcpu pass test-armhf-armhf-xl-multivcpu fail test-amd64-amd64-pair pass test-amd64-i386-pair pass test-amd64-amd64-xl-sedf-pin pass test-armhf-armhf-xl-sedf-pin pass test-amd64-amd64-xl-sedf pass test-armhf-armhf-xl-sedf broken test-amd64-i386-xl-qemuu-winxpsp3-vcpus1 pass test-amd64-amd64-xl-qemuu-winxpsp3 pass test-amd64-i386-xl-qemuu-winxpsp3 pass ------------------------------------------------------------ sg-report-flight on osstest.test-lab.xenproject.org logs: /home/logs/logs images: /home/logs/images Logs, config files, etc. are available at http://logs.test-lab.xenproject.org/osstest/logs Test harness code can be found at http://xenbits.xen.org/gitweb=3Fp=3Dosstest.git;a=3Dsummary broken-step test-armhf-armhf-xl-cubietruck host-install(3) broken-step test-armhf-armhf-xl-sedf host-install(3) Not pushing. (No revision log; it would be 3733 lines long.) --===============1882440742808277998== Content-Type: text/plain; charset="us-ascii" MIME-Version: 1.0 Content-Transfer-Encoding: 7bit Content-Disposition: inline _______________________________________________ Xen-devel mailing list Xen-devel@lists.xen.org http://lists.xen.org/xen-devel --===============1882440742808277998==--