xen-devel.lists.xenproject.org archive mirror
 help / color / mirror / Atom feed
* [linux-linus test] 57671: trouble: blocked/broken/fail/pass
@ 2015-06-01 11:39 osstest service user
  0 siblings, 0 replies; only message in thread
From: osstest service user @ 2015-06-01 11:39 UTC (permalink / raw)
  To: xen-devel; +Cc: ian.jackson

[-- Warning: decoded text below may be mangled, UTF-8 assumed --]
[-- Attachment #1: Type: text/plain, Size: 10767 bytes --]

flight 57671 linux-linus real [real]
http://logs.test-lab.xenproject.org/osstest/logs/57671/

Failures and problems with tests :-(

Tests which did not succeed and are blocking,
including tests which could not be run:
 build-armhf                   3 host-install(3)         broken REGR. vs. 57442

Regressions which are regarded as allowable (not blocking):
 test-amd64-amd64-libvirt     11 guest-start                  fail   like 57442
 test-amd64-i386-libvirt      11 guest-start                  fail   like 57442
 test-amd64-i386-freebsd10-amd64  9 freebsd-install             fail like 57442
 test-amd64-i386-freebsd10-i386  9 freebsd-install              fail like 57442
 test-amd64-amd64-xl-qemuu-win7-amd64 16 guest-stop             fail like 57442
 test-amd64-i386-xl-qemuu-win7-amd64 16 guest-stop              fail like 57442

Tests which did not succeed, but are not blocking:
 build-armhf-libvirt           1 build-check(1)               blocked  n/a
 test-armhf-armhf-xl           1 build-check(1)               blocked  n/a
 test-armhf-armhf-xl-multivcpu  1 build-check(1)               blocked  n/a
 test-armhf-armhf-xl-sedf      1 build-check(1)               blocked  n/a
 test-armhf-armhf-xl-credit2   1 build-check(1)               blocked  n/a
 test-armhf-armhf-libvirt-xsm  1 build-check(1)               blocked  n/a
 test-armhf-armhf-xl-sedf-pin  1 build-check(1)               blocked  n/a
 test-armhf-armhf-xl-arndale   1 build-check(1)               blocked  n/a
 test-armhf-armhf-libvirt      1 build-check(1)               blocked  n/a
 test-armhf-armhf-xl-cubietruck  1 build-check(1)               blocked  n/a
 test-amd64-amd64-xl-xsm      14 guest-localmigrate           fail   never pass
 test-amd64-amd64-xl-pvh-intel 11 guest-start                  fail  never pass
 test-amd64-amd64-xl-pvh-amd  11 guest-start                  fail   never pass
 test-amd64-amd64-xl-qemut-debianhvm-amd64-xsm 12 guest-localmigrate fail never pass
 test-amd64-i386-xl-qemut-debianhvm-amd64-xsm 12 guest-localmigrate fail never pass
 test-amd64-i386-xl-xsm       14 guest-localmigrate           fail   never pass
 test-amd64-amd64-xl-qemuu-debianhvm-amd64-xsm 12 guest-localmigrate fail never pass
 test-amd64-i386-xl-qemuu-debianhvm-amd64-xsm 12 guest-localmigrate fail never pass
 test-amd64-amd64-libvirt-xsm 12 migrate-support-check        fail   never pass
 test-amd64-i386-libvirt-xsm  12 migrate-support-check        fail   never pass
 test-armhf-armhf-xl-xsm      12 migrate-support-check        fail   never pass
 test-amd64-amd64-xl-qemut-win7-amd64 16 guest-stop             fail never pass
 test-amd64-i386-xl-qemut-win7-amd64 16 guest-stop              fail never pass

version targeted for testing:
 linux                aaa20fc23341be3df7b17810e330f12244abcf29
baseline version:
 linux                de182468d1bb726198abaab315820542425270b7

------------------------------------------------------------
People who touched revisions under test:
  Adrien Schildknecht <adrien+dev@schischi.me>
  Alex Deucher <alexander.deucher@amd.com>
  Amir Vadai <amirv@mellanox.com>
  Andrew Morton <akpm@linux-foundation.org>
  Anthoine Bourgeois <anthoine.bourgeois@gmail.com>
  Arnd Bergmann <arnd@arndb.de>
  Ben Skeggs <bskeggs@redhat.com>
  Bjorn Helgaas <bhelgaas@google.com>
  Bjørn Mork <bjorn@mork.no>
  Bob Copeland <me@bobcopeland.com>
  Brian Foster <bfoster@redhat.com>
  Casey Schaufler <casey@schaufler-ca.com>
  Chris Zankel <chris@zankel.net>
  Christian König <christian.koenig@amd.com>
  Dan Carpenter <dan.carpenter@oracle.com>
  Daniel Vetter <daniel.vetter@ffwll.ch>
  Daniel Vetter <daniel.vetter@intel.com>
  Darren Hart <dvhart@linux.intel.com>
  Dave Airlie <airlied@redhat.com>
  Dave Chinner <david@fromorbit.com>
  Dave Chinner <dchinner@redhat.com>
  David Henningsson <david.henningsson@canonical.com>
  David S. Miller <davem@davemloft.net>
  Geert Uytterhoeven <geert+renesas@glider.be>
  George Wang <xuw2015@gmail.com>
  Guenter Roeck <linux@roeck-us.net>
  Henrique de Moraes Holschuh <hmh@hmh.eng.br>
  Inki Dae <inki.dae@samsung.com>
  Jani Nikula <jani.nikula@intel.com>
  Joe Perches <joe@perches.com>
  Joe Thornber <ejt@redhat.com>
  Jun'ichi Nomura <j-nomura@ce.jp.nec.com>
  Junichi Nomura <j-nomura@ce.jp.nec.com>
  Kailang Yang <kailang@realtek.com>
  Krzysztof Kozlowski <k.kozlowski@samsung.com>
  Kukjin Kim <kgene@kernel.org>
  Lars Seipel <ls@slrz.net>
  Linus Torvalds <torvalds@linux-foundation.org>
  Lucas Stach <l.stach@pengutronix.de>
  Matthijs van Duin <matthijsvanduin@gmail.com>
  Max Filippov <jcmvbkbc@gmail.com>
  Mike Snitzer <snitzer@redhat.com>
  NeilBrown <neilb@suse.de>
  Philippe Reynes <tremyfr@gmail.com>
  Rafael J. Wysocki <rafael.j.wysocki@intel.com>
  Rob Clark <robdclark@gmail.com>
  Robert Jarzmik <robert.jarzmik@free.fr>
  Robert Nelson <robertcnelson@gmail.com>
  Romain Izard <romain.izard.pro@gmail.com>
  Rusty Russell <rusty@rustcorp.com.au>
  Rusty Russell <rusty@rustcorp.com.au> (then rebased)
  Sasha Levin <sasha.levin@oracle.com>
  Shawn Guo <shawn.guo@linaro.org>
  Shreyas B. Prabhu <shreyas@linux.vnet.ibm.com>
  Steven Rostedt <rostedt@goodmis.org>
  Takashi Iwai <tiwai@suse.de>
  Tejun Heo <tj@kernel.org>
  Thomas Hellstrom <thellstrom@vmware.com>
  Tony Lindgren <tony@atomide.com>
  Uwe Kleine-König <u.kleine-koenig@pengutronix.de>
  Vittorio G (VittGam) <linuxbugs@vittgam.net>
  Vittorio Gambaletta <linuxbugs@vittgam.net>
------------------------------------------------------------

jobs:
 build-amd64-xsm                                              pass
 build-armhf-xsm                                              pass
 build-i386-xsm                                               pass
 build-amd64                                                  pass
 build-armhf                                                  broken
 build-i386                                                   pass
 build-amd64-libvirt                                          pass
 build-armhf-libvirt                                          blocked
 build-i386-libvirt                                           pass
 build-amd64-pvops                                            pass
 build-armhf-pvops                                            pass
 build-i386-pvops                                             pass
 build-amd64-rumpuserxen                                      pass
 build-i386-rumpuserxen                                       pass
 test-amd64-amd64-xl                                          pass
 test-armhf-armhf-xl                                          blocked
 test-amd64-i386-xl                                           pass
 test-amd64-amd64-xl-qemut-debianhvm-amd64-xsm                fail
 test-amd64-i386-xl-qemut-debianhvm-amd64-xsm                 fail
 test-amd64-amd64-xl-qemuu-debianhvm-amd64-xsm                fail
 test-amd64-i386-xl-qemuu-debianhvm-amd64-xsm                 fail
 test-amd64-amd64-libvirt-xsm                                 pass
 test-armhf-armhf-libvirt-xsm                                 blocked
 test-amd64-i386-libvirt-xsm                                  pass
 test-amd64-amd64-xl-xsm                                      fail
 test-armhf-armhf-xl-xsm                                      pass
 test-amd64-i386-xl-xsm                                       fail
 test-amd64-amd64-xl-pvh-amd                                  fail
 test-amd64-i386-qemut-rhel6hvm-amd                           pass
 test-amd64-i386-qemuu-rhel6hvm-amd                           pass
 test-amd64-amd64-xl-qemut-debianhvm-amd64                    pass
 test-amd64-i386-xl-qemut-debianhvm-amd64                     pass
 test-amd64-amd64-xl-qemuu-debianhvm-amd64                    pass
 test-amd64-i386-xl-qemuu-debianhvm-amd64                     pass
 test-amd64-i386-freebsd10-amd64                              fail
 test-amd64-amd64-xl-qemuu-ovmf-amd64                         pass
 test-amd64-i386-xl-qemuu-ovmf-amd64                          pass
 test-amd64-amd64-rumpuserxen-amd64                           pass
 test-amd64-amd64-xl-qemut-win7-amd64                         fail
 test-amd64-i386-xl-qemut-win7-amd64                          fail
 test-amd64-amd64-xl-qemuu-win7-amd64                         fail
 test-amd64-i386-xl-qemuu-win7-amd64                          fail
 test-armhf-armhf-xl-arndale                                  blocked
 test-amd64-amd64-xl-credit2                                  pass
 test-armhf-armhf-xl-credit2                                  blocked
 test-armhf-armhf-xl-cubietruck                               blocked
 test-amd64-i386-freebsd10-i386                               fail
 test-amd64-i386-rumpuserxen-i386                             pass
 test-amd64-amd64-xl-pvh-intel                                fail
 test-amd64-i386-qemut-rhel6hvm-intel                         pass
 test-amd64-i386-qemuu-rhel6hvm-intel                         pass
 test-amd64-amd64-libvirt                                     fail
 test-armhf-armhf-libvirt                                     blocked
 test-amd64-i386-libvirt                                      fail
 test-amd64-amd64-xl-multivcpu                                pass
 test-armhf-armhf-xl-multivcpu                                blocked
 test-amd64-amd64-pair                                        pass
 test-amd64-i386-pair                                         pass
 test-amd64-amd64-xl-sedf-pin                                 pass
 test-armhf-armhf-xl-sedf-pin                                 blocked
 test-amd64-amd64-xl-sedf                                     pass
 test-armhf-armhf-xl-sedf                                     blocked
 test-amd64-i386-xl-qemut-winxpsp3-vcpus1                     pass
 test-amd64-i386-xl-qemuu-winxpsp3-vcpus1                     pass
 test-amd64-amd64-xl-qemut-winxpsp3                           pass
 test-amd64-i386-xl-qemut-winxpsp3                            pass
 test-amd64-amd64-xl-qemuu-winxpsp3                           pass
 test-amd64-i386-xl-qemuu-winxpsp3                            pass


------------------------------------------------------------
sg-report-flight on osstest.test-lab.xenproject.org
logs: /home/logs/logs
images: /home/logs/images

Logs, config files, etc. are available at
    http://logs.test-lab.xenproject.org/osstest/logs

Test harness code can be found at
    http://xenbits.xen.org/gitweb?p=osstest.git;a=summary

broken-step build-armhf host-install(3)

Not pushing.

(No revision log; it would be 1923 lines long.)


[-- Attachment #2: Type: text/plain, Size: 126 bytes --]

_______________________________________________
Xen-devel mailing list
Xen-devel@lists.xen.org
http://lists.xen.org/xen-devel

^ permalink raw reply	[flat|nested] only message in thread

only message in thread, other threads:[~2015-06-01 11:39 UTC | newest]

Thread overview: (only message) (download: mbox.gz follow: Atom feed
-- links below jump to the message on this page --
2015-06-01 11:39 [linux-linus test] 57671: trouble: blocked/broken/fail/pass osstest service user

This is a public inbox, see mirroring instructions
for how to clone and mirror all data and code used for this inbox;
as well as URLs for NNTP newsgroup(s).