From mboxrd@z Thu Jan 1 00:00:00 1970 From: osstest service user Subject: [linux-linus test] 57671: trouble: blocked/broken/fail/pass Date: Mon, 01 Jun 2015 11:39:35 +0000 Message-ID: Mime-Version: 1.0 Content-Type: multipart/mixed; boundary="===============3796287571440958215==" Return-path: List-Unsubscribe: , List-Post: List-Help: List-Subscribe: , Sender: xen-devel-bounces@lists.xen.org Errors-To: xen-devel-bounces@lists.xen.org To: xen-devel@lists.xensource.com Cc: ian.jackson@eu.citrix.com List-Id: xen-devel@lists.xenproject.org --===============3796287571440958215== Content-Length: 11026 Content-Transfer-Encoding: quoted-printable flight 57671 linux-linus real [real] http://logs.test-lab.xenproject.org/osstest/logs/57671/ Failures and problems with tests :-( Tests which did not succeed and are blocking, including tests which could not be run: build-armhf 3 host-install(3) broken REGR. vs. 57442 Regressions which are regarded as allowable (not blocking): test-amd64-amd64-libvirt 11 guest-start fail like 57442 test-amd64-i386-libvirt 11 guest-start fail like 57442 test-amd64-i386-freebsd10-amd64 9 freebsd-install fail like 57442 test-amd64-i386-freebsd10-i386 9 freebsd-install fail like 57442 test-amd64-amd64-xl-qemuu-win7-amd64 16 guest-stop fail like 57442 test-amd64-i386-xl-qemuu-win7-amd64 16 guest-stop fail like 57442 Tests which did not succeed, but are not blocking: build-armhf-libvirt 1 build-check(1) blocked n/a test-armhf-armhf-xl 1 build-check(1) blocked n/a test-armhf-armhf-xl-multivcpu 1 build-check(1) blocked n/a test-armhf-armhf-xl-sedf 1 build-check(1) blocked n/a test-armhf-armhf-xl-credit2 1 build-check(1) blocked n/a test-armhf-armhf-libvirt-xsm 1 build-check(1) blocked n/a test-armhf-armhf-xl-sedf-pin 1 build-check(1) blocked n/a test-armhf-armhf-xl-arndale 1 build-check(1) blocked n/a test-armhf-armhf-libvirt 1 build-check(1) blocked n/a test-armhf-armhf-xl-cubietruck 1 build-check(1) blocked n/a test-amd64-amd64-xl-xsm 14 guest-localmigrate fail never pass test-amd64-amd64-xl-pvh-intel 11 guest-start fail never pass test-amd64-amd64-xl-pvh-amd 11 guest-start fail never pass test-amd64-amd64-xl-qemut-debianhvm-amd64-xsm 12 guest-localmigrate fail never pass test-amd64-i386-xl-qemut-debianhvm-amd64-xsm 12 guest-localmigrate fail never pass test-amd64-i386-xl-xsm 14 guest-localmigrate fail never pass test-amd64-amd64-xl-qemuu-debianhvm-amd64-xsm 12 guest-localmigrate fail never pass test-amd64-i386-xl-qemuu-debianhvm-amd64-xsm 12 guest-localmigrate fail never pass test-amd64-amd64-libvirt-xsm 12 migrate-support-check fail never pass test-amd64-i386-libvirt-xsm 12 migrate-support-check fail never pass test-armhf-armhf-xl-xsm 12 migrate-support-check fail never pass test-amd64-amd64-xl-qemut-win7-amd64 16 guest-stop fail never pass test-amd64-i386-xl-qemut-win7-amd64 16 guest-stop fail never pass version targeted for testing: linux aaa20fc23341be3df7b17810e330f12244abcf29 baseline version: linux de182468d1bb726198abaab315820542425270b7 ------------------------------------------------------------ People who touched revisions under test: Adrien Schildknecht Alex Deucher Amir Vadai Andrew Morton Anthoine Bourgeois Arnd Bergmann Ben Skeggs Bjorn Helgaas Bj=C3=B8rn Mork Bob Copeland Brian Foster Casey Schaufler Chris Zankel Christian K=C3=B6nig Dan Carpenter Daniel Vetter Daniel Vetter Darren Hart Dave Airlie Dave Chinner Dave Chinner David Henningsson David S. Miller Geert Uytterhoeven George Wang Guenter Roeck Henrique de Moraes Holschuh Inki Dae Jani Nikula Joe Perches Joe Thornber Jun'ichi Nomura Junichi Nomura Kailang Yang Krzysztof Kozlowski Kukjin Kim Lars Seipel Linus Torvalds Lucas Stach Matthijs van Duin Max Filippov Mike Snitzer NeilBrown Philippe Reynes Rafael J. Wysocki Rob Clark Robert Jarzmik Robert Nelson Romain Izard Rusty Russell Rusty Russell (then rebased) Sasha Levin Shawn Guo Shreyas B. Prabhu Steven Rostedt Takashi Iwai Tejun Heo Thomas Hellstrom Tony Lindgren Uwe Kleine-K=C3=B6nig Vittorio G (VittGam) Vittorio Gambaletta ------------------------------------------------------------ jobs: build-amd64-xsm pass build-armhf-xsm pass build-i386-xsm pass build-amd64 pass build-armhf broken build-i386 pass build-amd64-libvirt pass build-armhf-libvirt blocked build-i386-libvirt pass build-amd64-pvops pass build-armhf-pvops pass build-i386-pvops pass build-amd64-rumpuserxen pass build-i386-rumpuserxen pass test-amd64-amd64-xl pass test-armhf-armhf-xl blocked test-amd64-i386-xl pass test-amd64-amd64-xl-qemut-debianhvm-amd64-xsm fail test-amd64-i386-xl-qemut-debianhvm-amd64-xsm fail test-amd64-amd64-xl-qemuu-debianhvm-amd64-xsm fail test-amd64-i386-xl-qemuu-debianhvm-amd64-xsm fail test-amd64-amd64-libvirt-xsm pass test-armhf-armhf-libvirt-xsm blocked test-amd64-i386-libvirt-xsm pass test-amd64-amd64-xl-xsm fail test-armhf-armhf-xl-xsm pass test-amd64-i386-xl-xsm fail test-amd64-amd64-xl-pvh-amd fail test-amd64-i386-qemut-rhel6hvm-amd pass test-amd64-i386-qemuu-rhel6hvm-amd pass test-amd64-amd64-xl-qemut-debianhvm-amd64 pass test-amd64-i386-xl-qemut-debianhvm-amd64 pass test-amd64-amd64-xl-qemuu-debianhvm-amd64 pass test-amd64-i386-xl-qemuu-debianhvm-amd64 pass test-amd64-i386-freebsd10-amd64 fail test-amd64-amd64-xl-qemuu-ovmf-amd64 pass test-amd64-i386-xl-qemuu-ovmf-amd64 pass test-amd64-amd64-rumpuserxen-amd64 pass test-amd64-amd64-xl-qemut-win7-amd64 fail test-amd64-i386-xl-qemut-win7-amd64 fail test-amd64-amd64-xl-qemuu-win7-amd64 fail test-amd64-i386-xl-qemuu-win7-amd64 fail test-armhf-armhf-xl-arndale blocked test-amd64-amd64-xl-credit2 pass test-armhf-armhf-xl-credit2 blocked test-armhf-armhf-xl-cubietruck blocked test-amd64-i386-freebsd10-i386 fail test-amd64-i386-rumpuserxen-i386 pass test-amd64-amd64-xl-pvh-intel fail test-amd64-i386-qemut-rhel6hvm-intel pass test-amd64-i386-qemuu-rhel6hvm-intel pass test-amd64-amd64-libvirt fail test-armhf-armhf-libvirt blocked test-amd64-i386-libvirt fail test-amd64-amd64-xl-multivcpu pass test-armhf-armhf-xl-multivcpu blocked test-amd64-amd64-pair pass test-amd64-i386-pair pass test-amd64-amd64-xl-sedf-pin pass test-armhf-armhf-xl-sedf-pin blocked test-amd64-amd64-xl-sedf pass test-armhf-armhf-xl-sedf blocked test-amd64-i386-xl-qemut-winxpsp3-vcpus1 pass test-amd64-i386-xl-qemuu-winxpsp3-vcpus1 pass test-amd64-amd64-xl-qemut-winxpsp3 pass test-amd64-i386-xl-qemut-winxpsp3 pass test-amd64-amd64-xl-qemuu-winxpsp3 pass test-amd64-i386-xl-qemuu-winxpsp3 pass ------------------------------------------------------------ sg-report-flight on osstest.test-lab.xenproject.org logs: /home/logs/logs images: /home/logs/images Logs, config files, etc. are available at http://logs.test-lab.xenproject.org/osstest/logs Test harness code can be found at http://xenbits.xen.org/gitweb=3Fp=3Dosstest.git;a=3Dsummary broken-step build-armhf host-install(3) Not pushing. (No revision log; it would be 1923 lines long.) --===============3796287571440958215== Content-Type: text/plain; charset="us-ascii" MIME-Version: 1.0 Content-Transfer-Encoding: 7bit Content-Disposition: inline _______________________________________________ Xen-devel mailing list Xen-devel@lists.xen.org http://lists.xen.org/xen-devel --===============3796287571440958215==--