From: osstest service user <osstest@xenbits.xen.org>
To: xen-devel@lists.xensource.com
Cc: ian.jackson@eu.citrix.com
Subject: [xen-unstable test] 57712: regressions - trouble: broken/fail/pass
Date: Tue, 02 Jun 2015 02:27:32 +0000 [thread overview]
Message-ID: <osstest-57712-mainreport@xen.org> (raw)
[-- Warning: decoded text below may be mangled, UTF-8 assumed --]
[-- Attachment #1: Type: text/plain, Size: 13570 bytes --]
flight 57712 xen-unstable real [real]
http://logs.test-lab.xenproject.org/osstest/logs/57712/
Regressions :-(
Tests which did not succeed and are blocking,
including tests which could not be run:
test-armhf-armhf-xl-cubietruck 15 guest-start/debian.repeat fail REGR. vs. 57419
build-armhf-xsm 4 host-build-prep fail in 57644 REGR. vs. 57419
Tests which are failing intermittently (not blocking):
test-armhf-armhf-xl-cubietruck 3 host-install(3) broken in 57644 pass in 57712
test-armhf-armhf-xl-sedf 3 host-install(3) broken pass in 57644
test-amd64-amd64-xl-qemuu-win7-amd64 9 windows-install fail in 57644 pass in 57712
test-amd64-i386-xl-qemuu-win7-amd64 9 windows-install fail pass in 57644
Regressions which are regarded as allowable (not blocking):
test-amd64-amd64-libvirt-xsm 11 guest-start fail REGR. vs. 57419
test-armhf-armhf-libvirt 11 guest-start fail in 57644 like 57419
test-amd64-i386-xl-qemuu-win7-amd64 16 guest-stop fail in 57644 like 57419
test-amd64-i386-libvirt 11 guest-start fail like 57419
test-amd64-i386-libvirt-xsm 11 guest-start fail like 57419
test-amd64-amd64-libvirt 11 guest-start fail like 57419
test-amd64-amd64-xl-qemut-win7-amd64 16 guest-stop fail like 57419
Tests which did not succeed, but are not blocking:
test-armhf-armhf-libvirt-xsm 1 build-check(1) blocked in 57644 n/a
test-armhf-armhf-xl-xsm 1 build-check(1) blocked in 57644 n/a
test-armhf-armhf-xl-sedf 12 migrate-support-check fail in 57644 never pass
test-amd64-i386-xl-xsm 14 guest-localmigrate fail never pass
test-amd64-amd64-xl-pvh-amd 11 guest-start fail never pass
test-amd64-amd64-xl-xsm 14 guest-localmigrate fail never pass
test-amd64-amd64-xl-pvh-intel 11 guest-start fail never pass
test-amd64-i386-xl-qemuu-debianhvm-amd64-xsm 12 guest-localmigrate fail never pass
test-amd64-amd64-xl-qemuu-debianhvm-amd64-xsm 12 guest-localmigrate fail never pass
test-amd64-i386-xl-qemut-debianhvm-amd64-xsm 12 guest-localmigrate fail never pass
test-amd64-amd64-xl-qemut-debianhvm-amd64-xsm 12 guest-localmigrate fail never pass
test-armhf-armhf-xl-credit2 12 migrate-support-check fail never pass
test-amd64-i386-xl-qemut-win7-amd64 16 guest-stop fail never pass
test-armhf-armhf-libvirt-xsm 12 migrate-support-check fail never pass
test-armhf-armhf-libvirt 12 migrate-support-check fail never pass
test-armhf-armhf-xl-xsm 12 migrate-support-check fail never pass
test-armhf-armhf-xl-arndale 12 migrate-support-check fail never pass
test-armhf-armhf-xl-cubietruck 12 migrate-support-check fail never pass
test-armhf-armhf-xl-multivcpu 12 migrate-support-check fail never pass
test-armhf-armhf-xl 12 migrate-support-check fail never pass
test-armhf-armhf-xl-sedf-pin 12 migrate-support-check fail never pass
test-amd64-amd64-xl-qemuu-win7-amd64 16 guest-stop fail never pass
version targeted for testing:
xen 47ec25a3c8cdd7a057af0a05e8e00257ef950437
baseline version:
xen d6b6bd8374ac30597495d457829ce7ad6e8b7016
------------------------------------------------------------
People who touched revisions under test:
Andrew Cooper <andrew.cooper3@citrix.com>
Ian Campbell <ian.campbell@citrix.com>
Jan Beulich <jbeulich@suse.com>
Kevin Tian <kevin.tian@intel.com>
Roger Pau Monné <roger.pau@citrix.com>
Vitaly Kuznetsov <vkuznets@redhat.com>
Yang Hongyang <yanghy@cn.fujitsu.com>
------------------------------------------------------------
jobs:
build-amd64-xsm pass
build-armhf-xsm pass
build-i386-xsm pass
build-amd64 pass
build-armhf pass
build-i386 pass
build-amd64-libvirt pass
build-armhf-libvirt pass
build-i386-libvirt pass
build-amd64-oldkern pass
build-i386-oldkern pass
build-amd64-pvops pass
build-armhf-pvops pass
build-i386-pvops pass
build-amd64-rumpuserxen pass
build-i386-rumpuserxen pass
test-amd64-amd64-xl pass
test-armhf-armhf-xl pass
test-amd64-i386-xl pass
test-amd64-amd64-xl-qemut-debianhvm-amd64-xsm fail
test-amd64-i386-xl-qemut-debianhvm-amd64-xsm fail
test-amd64-amd64-xl-qemuu-debianhvm-amd64-xsm fail
test-amd64-i386-xl-qemuu-debianhvm-amd64-xsm fail
test-amd64-amd64-libvirt-xsm fail
test-armhf-armhf-libvirt-xsm pass
test-amd64-i386-libvirt-xsm fail
test-amd64-amd64-xl-xsm fail
test-armhf-armhf-xl-xsm pass
test-amd64-i386-xl-xsm fail
test-amd64-amd64-xl-pvh-amd fail
test-amd64-i386-qemut-rhel6hvm-amd pass
test-amd64-i386-qemuu-rhel6hvm-amd pass
test-amd64-amd64-xl-qemut-debianhvm-amd64 pass
test-amd64-i386-xl-qemut-debianhvm-amd64 pass
test-amd64-amd64-xl-qemuu-debianhvm-amd64 pass
test-amd64-i386-xl-qemuu-debianhvm-amd64 pass
test-amd64-i386-freebsd10-amd64 pass
test-amd64-amd64-xl-qemuu-ovmf-amd64 pass
test-amd64-i386-xl-qemuu-ovmf-amd64 pass
test-amd64-amd64-rumpuserxen-amd64 pass
test-amd64-amd64-xl-qemut-win7-amd64 fail
test-amd64-i386-xl-qemut-win7-amd64 fail
test-amd64-amd64-xl-qemuu-win7-amd64 fail
test-amd64-i386-xl-qemuu-win7-amd64 fail
test-armhf-armhf-xl-arndale pass
test-amd64-amd64-xl-credit2 pass
test-armhf-armhf-xl-credit2 pass
test-armhf-armhf-xl-cubietruck fail
test-amd64-i386-freebsd10-i386 pass
test-amd64-i386-rumpuserxen-i386 pass
test-amd64-amd64-xl-pvh-intel fail
test-amd64-i386-qemut-rhel6hvm-intel pass
test-amd64-i386-qemuu-rhel6hvm-intel pass
test-amd64-amd64-libvirt fail
test-armhf-armhf-libvirt pass
test-amd64-i386-libvirt fail
test-amd64-amd64-xl-multivcpu pass
test-armhf-armhf-xl-multivcpu pass
test-amd64-amd64-pair pass
test-amd64-i386-pair pass
test-amd64-amd64-xl-sedf-pin pass
test-armhf-armhf-xl-sedf-pin pass
test-amd64-amd64-xl-sedf pass
test-armhf-armhf-xl-sedf broken
test-amd64-i386-xl-qemut-winxpsp3-vcpus1 pass
test-amd64-i386-xl-qemuu-winxpsp3-vcpus1 pass
test-amd64-amd64-xl-qemut-winxpsp3 pass
test-amd64-i386-xl-qemut-winxpsp3 pass
test-amd64-amd64-xl-qemuu-winxpsp3 pass
test-amd64-i386-xl-qemuu-winxpsp3 pass
------------------------------------------------------------
sg-report-flight on osstest.test-lab.xenproject.org
logs: /home/logs/logs
images: /home/logs/images
Logs, config files, etc. are available at
http://logs.test-lab.xenproject.org/osstest/logs
Test harness code can be found at
http://xenbits.xen.org/gitweb?p=osstest.git;a=summary
broken-step test-armhf-armhf-xl-sedf host-install(3)
Not pushing.
------------------------------------------------------------
commit 47ec25a3c8cdd7a057af0a05e8e00257ef950437
Merge: 088e9b2 818e376
Author: Ian Campbell <ian.campbell@citrix.com>
Date: Fri May 29 13:22:31 2015 +0100
Merge branch 'staging' of ssh://xenbits.xen.org/home/xen/git/xen into staging
commit 088e9b2796bd1f9ebe4fda800275cc689677b699
Author: Yang Hongyang <yanghy@cn.fujitsu.com>
Date: Mon May 18 15:03:56 2015 +0800
libxc/restore: implement Remus checkpointed restore
With Remus, the restore flow should be:
the first full migration stream -> { periodically restore stream }
Signed-off-by: Yang Hongyang <yanghy@cn.fujitsu.com>
Signed-off-by: Andrew Cooper <andrew.cooper3@citrix.com>
CC: Ian Campbell <Ian.Campbell@citrix.com>
CC: Ian Jackson <Ian.Jackson@eu.citrix.com>
CC: Wei Liu <wei.liu2@citrix.com>
Reviewed-by: Andrew Cooper <andrew.cooper3@citrix.com>
Acked-by: Ian Campbell <ian.campbell@citrix.com>
commit a25e4e96fc95150f5c58d069de1b204aa6487ed8
Author: Yang Hongyang <yanghy@cn.fujitsu.com>
Date: Mon May 18 15:03:55 2015 +0800
libxc/save: implement Remus checkpointed save
With Remus, the save flow should be:
live migration->{ periodically save(checkpointed save) }
Signed-off-by: Yang Hongyang <yanghy@cn.fujitsu.com>
CC: Ian Campbell <Ian.Campbell@citrix.com>
CC: Ian Jackson <Ian.Jackson@eu.citrix.com>
CC: Wei Liu <wei.liu2@citrix.com>
CC: Andrew Cooper <andrew.cooper3@citrix.com>
Reviewed-by: Andrew Cooper <andrew.cooper3@citrix.com>
Acked-by: Ian Campbell <ian.campbell@citrix.com>
commit cfa955591caea5d7ec505cdcbf4442f2d6e889e1
Author: Yang Hongyang <yanghy@cn.fujitsu.com>
Date: Mon May 18 15:03:54 2015 +0800
libxc/save: refactor of send_domain_memory_live()
Split the send_domain_memory_live() into three helper function:
- send_memory_live() do the actually live send
- suspend_and_send_dirty() suspend the guest and send dirty pages
- send_memory_verify()
The motivation of this is that when we send checkpointed stream, we
will skip the actually live part.
Signed-off-by: Yang Hongyang <yanghy@cn.fujitsu.com>
CC: Ian Campbell <Ian.Campbell@citrix.com>
CC: Ian Jackson <Ian.Jackson@eu.citrix.com>
CC: Wei Liu <wei.liu2@citrix.com>
CC: Andrew Cooper <andrew.cooper3@citrix.com>
Reviewed-by: Andrew Cooper <andrew.cooper3@citrix.com>
Acked-by: Ian Campbell <ian.campbell@citrix.com>
commit 818e376d3b17845d39735517650224c64c9e0078
Author: Jan Beulich <jbeulich@suse.com>
Date: Thu May 28 12:07:33 2015 +0200
Revert "use ticket locks for spin locks"
This reverts commit 45fcc4568c5162b00fb3907fb158af82dd484a3d as it
introduces yet to be explained issues on ARM.
commit 02cdd81aa0a88007addc788c6cf93e2f1cb1a314
Author: Jan Beulich <jbeulich@suse.com>
Date: Thu May 28 12:06:47 2015 +0200
Revert "spinlock: fix build with older GCC"
This reverts commit 1037e33c88bb0e1fe530c164f242df17030102e1 as its
prereq commit 45fcc4568c is about to be reverted.
commit 814ca12647f06b023f4aac8eae837ba9b417acc7
Author: Jan Beulich <jbeulich@suse.com>
Date: Thu May 28 11:59:34 2015 +0200
Revert "x86,arm: remove asm/spinlock.h from all architectures"
This reverts commit e62e49e6d5d4e8d22f3df0b75443ede65a812435 as
its prerequisite 45fcc4568c is going to be reverted.
commit cf6b3ccf28faee01a078311fcfe671148c81ea75
Author: Roger Pau Monné <roger.pau@citrix.com>
Date: Thu May 28 10:56:08 2015 +0200
x86/pvh: disable posted interrupts
Enabling posted interrupts requires the virtual interrupt delivery feature,
which is disabled for PVH guests, so make sure posted interrupts are also
disabled or else vmlaunch will fail.
Signed-off-by: Roger Pau Monné <roger.pau@citrix.com>
Reported-and-Tested-by: Lars Eggert <lars@netapp.com>
Acked-by: Kevin Tian <kevin.tian@intel.com>
commit d4d39de054a6f6c5a474aee62999a8ea7c2fd180
Author: Vitaly Kuznetsov <vkuznets@redhat.com>
Date: Thu May 28 10:55:43 2015 +0200
public: fix xen_domctl_monitor_op_t definition
It seems xen_domctl_monitor_op_t was supposed to be a typedef for
struct xen_domctl_monitor_op and not the non-existent xen_domctl__op.
Signed-off-by: Vitaly Kuznetsov <vkuznets@redhat.com>
(qemu changes not included)
[-- Attachment #2: Type: text/plain, Size: 126 bytes --]
_______________________________________________
Xen-devel mailing list
Xen-devel@lists.xen.org
http://lists.xen.org/xen-devel
next reply other threads:[~2015-06-02 2:27 UTC|newest]
Thread overview: 2+ messages / expand[flat|nested] mbox.gz Atom feed top
2015-06-02 2:27 osstest service user [this message]
2015-06-02 8:43 ` [xen-unstable test] 57712: regressions - trouble: broken/fail/pass Andrew Cooper
Reply instructions:
You may reply publicly to this message via plain-text email
using any one of the following methods:
* Save the following mbox file, import it into your mail client,
and reply-to-all from there: mbox
Avoid top-posting and favor interleaved quoting:
https://en.wikipedia.org/wiki/Posting_style#Interleaved_style
* Reply using the --to, --cc, and --in-reply-to
switches of git-send-email(1):
git send-email \
--in-reply-to=osstest-57712-mainreport@xen.org \
--to=osstest@xenbits.xen.org \
--cc=ian.jackson@eu.citrix.com \
--cc=xen-devel@lists.xensource.com \
/path/to/YOUR_REPLY
https://kernel.org/pub/software/scm/git/docs/git-send-email.html
* If your mail client supports setting the In-Reply-To header
via mailto: links, try the mailto: link
Be sure your reply has a Subject: header at the top and a blank line
before the message body.
This is a public inbox, see mirroring instructions
for how to clone and mirror all data and code used for this inbox;
as well as URLs for NNTP newsgroup(s).