* [linux-next test] 57731: regressions - trouble: blocked/broken/fail/pass
@ 2015-06-02 8:03 osstest service user
0 siblings, 0 replies; only message in thread
From: osstest service user @ 2015-06-02 8:03 UTC (permalink / raw)
To: xen-devel; +Cc: ian.jackson
flight 57731 linux-next real [real]
http://logs.test-lab.xenproject.org/osstest/logs/57731/
Regressions :-(
Tests which did not succeed and are blocking,
including tests which could not be run:
test-amd64-i386-xl-qemut-debianhvm-amd64 6 xen-boot fail REGR. vs. 57516
test-armhf-armhf-xl-xsm 9 debian-install fail REGR. vs. 57516
build-armhf-libvirt 4 host-build-prep fail REGR. vs. 57516
Regressions which are regarded as allowable (not blocking):
test-amd64-amd64-libvirt 11 guest-start fail like 57516
test-amd64-i386-freebsd10-amd64 9 freebsd-install fail like 57516
test-amd64-i386-freebsd10-i386 9 freebsd-install fail like 57516
test-amd64-i386-xl-qemut-win7-amd64 16 guest-stop fail like 57516
test-amd64-i386-xl-qemuu-win7-amd64 16 guest-stop fail like 57516
test-amd64-amd64-xl-qemuu-win7-amd64 16 guest-stop fail like 57516
Tests which did not succeed, but are not blocking:
test-armhf-armhf-libvirt-xsm 1 build-check(1) blocked n/a
test-armhf-armhf-libvirt 1 build-check(1) blocked n/a
test-amd64-i386-xl-xsm 14 guest-localmigrate fail never pass
test-amd64-amd64-xl-pvh-amd 11 guest-start fail never pass
test-amd64-amd64-xl-pvh-intel 11 guest-start fail never pass
test-amd64-amd64-xl-xsm 14 guest-localmigrate fail never pass
test-amd64-i386-xl-qemut-debianhvm-amd64-xsm 12 guest-localmigrate fail never pass
test-amd64-amd64-xl-qemut-debianhvm-amd64-xsm 12 guest-localmigrate fail never pass
test-amd64-amd64-xl-qemuu-debianhvm-amd64-xsm 12 guest-localmigrate fail never pass
test-amd64-i386-libvirt-xsm 12 migrate-support-check fail never pass
test-amd64-amd64-libvirt-xsm 12 migrate-support-check fail never pass
test-amd64-i386-libvirt 12 migrate-support-check fail never pass
test-amd64-i386-xl-qemuu-debianhvm-amd64-xsm 12 guest-localmigrate fail never pass
test-armhf-armhf-xl-arndale 12 migrate-support-check fail never pass
test-armhf-armhf-xl 12 migrate-support-check fail never pass
test-armhf-armhf-xl-credit2 12 migrate-support-check fail never pass
test-armhf-armhf-xl-cubietruck 12 migrate-support-check fail never pass
test-amd64-amd64-xl-qemut-win7-amd64 16 guest-stop fail never pass
test-armhf-armhf-xl-sedf-pin 12 migrate-support-check fail never pass
test-armhf-armhf-xl-sedf 12 migrate-support-check fail never pass
test-armhf-armhf-xl-multivcpu 12 migrate-support-check fail never pass
version targeted for testing:
linux 7732a9817fb01002bde7615066e86c156fb5a31b
baseline version:
linux ace6a22a9fbcdba0ccf190f97b82a79ef2f44aeb
jobs:
build-amd64-xsm pass
build-armhf-xsm pass
build-i386-xsm pass
build-amd64 pass
build-armhf pass
build-i386 pass
build-amd64-libvirt pass
build-armhf-libvirt broken
build-i386-libvirt pass
build-amd64-pvops pass
build-armhf-pvops pass
build-i386-pvops pass
build-amd64-rumpuserxen pass
build-i386-rumpuserxen pass
test-amd64-amd64-xl pass
test-armhf-armhf-xl pass
test-amd64-i386-xl pass
test-amd64-amd64-xl-qemut-debianhvm-amd64-xsm fail
test-amd64-i386-xl-qemut-debianhvm-amd64-xsm fail
test-amd64-amd64-xl-qemuu-debianhvm-amd64-xsm fail
test-amd64-i386-xl-qemuu-debianhvm-amd64-xsm fail
test-amd64-amd64-libvirt-xsm pass
test-armhf-armhf-libvirt-xsm blocked
test-amd64-i386-libvirt-xsm pass
test-amd64-amd64-xl-xsm fail
test-armhf-armhf-xl-xsm fail
test-amd64-i386-xl-xsm fail
test-amd64-amd64-xl-pvh-amd fail
test-amd64-i386-qemut-rhel6hvm-amd pass
test-amd64-i386-qemuu-rhel6hvm-amd pass
test-amd64-amd64-xl-qemut-debianhvm-amd64 pass
test-amd64-i386-xl-qemut-debianhvm-amd64 fail
test-amd64-amd64-xl-qemuu-debianhvm-amd64 pass
test-amd64-i386-xl-qemuu-debianhvm-amd64 pass
test-amd64-i386-freebsd10-amd64 fail
test-amd64-amd64-xl-qemuu-ovmf-amd64 pass
test-amd64-i386-xl-qemuu-ovmf-amd64 pass
test-amd64-amd64-rumpuserxen-amd64 pass
test-amd64-amd64-xl-qemut-win7-amd64 fail
test-amd64-i386-xl-qemut-win7-amd64 fail
test-amd64-amd64-xl-qemuu-win7-amd64 fail
test-amd64-i386-xl-qemuu-win7-amd64 fail
test-armhf-armhf-xl-arndale pass
test-amd64-amd64-xl-credit2 pass
test-armhf-armhf-xl-credit2 pass
test-armhf-armhf-xl-cubietruck pass
test-amd64-i386-freebsd10-i386 fail
test-amd64-i386-rumpuserxen-i386 pass
test-amd64-amd64-xl-pvh-intel fail
test-amd64-i386-qemut-rhel6hvm-intel pass
test-amd64-i386-qemuu-rhel6hvm-intel pass
test-amd64-amd64-libvirt fail
test-armhf-armhf-libvirt blocked
test-amd64-i386-libvirt pass
test-amd64-amd64-xl-multivcpu pass
test-armhf-armhf-xl-multivcpu pass
test-amd64-amd64-pair pass
test-amd64-i386-pair pass
test-amd64-amd64-xl-sedf-pin pass
test-armhf-armhf-xl-sedf-pin pass
test-amd64-amd64-xl-sedf pass
test-armhf-armhf-xl-sedf pass
test-amd64-i386-xl-qemut-winxpsp3-vcpus1 pass
test-amd64-i386-xl-qemuu-winxpsp3-vcpus1 pass
test-amd64-amd64-xl-qemut-winxpsp3 pass
test-amd64-i386-xl-qemut-winxpsp3 pass
test-amd64-amd64-xl-qemuu-winxpsp3 pass
test-amd64-i386-xl-qemuu-winxpsp3 pass
------------------------------------------------------------
sg-report-flight on osstest.test-lab.xenproject.org
logs: /home/logs/logs
images: /home/logs/images
Logs, config files, etc. are available at
http://logs.test-lab.xenproject.org/osstest/logs
Test harness code can be found at
http://xenbits.xen.org/gitweb?p=osstest.git;a=summary
Push not applicable.
^ permalink raw reply [flat|nested] only message in thread
only message in thread, other threads:[~2015-06-02 8:03 UTC | newest]
Thread overview: (only message) (download: mbox.gz follow: Atom feed
-- links below jump to the message on this page --
2015-06-02 8:03 [linux-next test] 57731: regressions - trouble: blocked/broken/fail/pass osstest service user
This is a public inbox, see mirroring instructions
for how to clone and mirror all data and code used for this inbox;
as well as URLs for NNTP newsgroup(s).