* [xen-4.2-testing test] 57781: regressions - FAIL
@ 2015-06-03 2:53 osstest service user
0 siblings, 0 replies; only message in thread
From: osstest service user @ 2015-06-03 2:53 UTC (permalink / raw)
To: xen-devel; +Cc: ian.jackson
flight 57781 xen-4.2-testing real [real]
http://logs.test-lab.xenproject.org/osstest/logs/57781/
Regressions :-(
Tests which did not succeed and are blocking,
including tests which could not be run:
test-amd64-i386-xend-winxpsp3 16 guest-stop fail REGR. vs. 53018
test-amd64-i386-xend-qemut-winxpsp3 16 guest-stop fail REGR. vs. 53018
Tests which are failing intermittently (not blocking):
test-amd64-i386-xl-qemuu-win7-amd64 15 guest-localmigrate/x10 fail in 57697 pass in 57781
test-amd64-i386-rhel6hvm-amd 12 guest-start/redhat.repeat fail pass in 57697
Regressions which are regarded as allowable (not blocking):
test-i386-i386-xl-qemuu-winxpsp3 15 guest-localmigrate/x10 fail in 57697 like 53018
test-amd64-i386-xl-qemut-win7-amd64 16 guest-stop fail like 53018
test-amd64-amd64-xl-win7-amd64 16 guest-stop fail like 53018
test-amd64-amd64-xl-qemut-win7-amd64 16 guest-stop fail like 53018
test-amd64-i386-xl-win7-amd64 16 guest-stop fail like 53018
Tests which did not succeed, but are not blocking:
test-amd64-amd64-rumpuserxen-amd64 1 build-check(1) blocked n/a
test-i386-i386-rumpuserxen-i386 1 build-check(1) blocked n/a
test-amd64-i386-rumpuserxen-i386 1 build-check(1) blocked n/a
test-amd64-amd64-xl-qemuu-ovmf-amd64 9 debian-hvm-install fail never pass
test-amd64-i386-xl-qemuu-ovmf-amd64 9 debian-hvm-install fail never pass
build-amd64-rumpuserxen 5 rumpuserxen-build fail never pass
build-i386-rumpuserxen 5 rumpuserxen-build fail never pass
test-amd64-amd64-libvirt 12 migrate-support-check fail never pass
test-amd64-i386-libvirt 12 migrate-support-check fail never pass
test-i386-i386-libvirt 12 migrate-support-check fail never pass
test-amd64-amd64-xl-qemuu-win7-amd64 16 guest-stop fail never pass
test-amd64-i386-xl-qemuu-win7-amd64 16 guest-stop fail never pass
version targeted for testing:
xen 63aeca00c805fa1c47d9f7b1978e83e41ab482d4
baseline version:
xen 7e527e2ab6c95ef84035d02e9e50b956a0d469c9
------------------------------------------------------------
People who touched revisions under test:
Ian Jackson <ian.jackson@eu.citrix.com>
Petr Matousek <pmatouse@redhat.com>
------------------------------------------------------------
jobs:
build-amd64 pass
build-i386 pass
build-amd64-libvirt pass
build-i386-libvirt pass
build-amd64-pvops pass
build-i386-pvops pass
build-amd64-rumpuserxen fail
build-i386-rumpuserxen fail
test-amd64-amd64-xl pass
test-amd64-i386-xl pass
test-i386-i386-xl pass
test-amd64-i386-rhel6hvm-amd fail
test-amd64-i386-qemut-rhel6hvm-amd pass
test-amd64-i386-qemuu-rhel6hvm-amd pass
test-amd64-amd64-xl-qemut-debianhvm-amd64 pass
test-amd64-i386-xl-qemut-debianhvm-amd64 pass
test-amd64-amd64-xl-qemuu-debianhvm-amd64 pass
test-amd64-i386-xl-qemuu-debianhvm-amd64 pass
test-amd64-i386-qemuu-freebsd10-amd64 pass
test-amd64-amd64-xl-qemuu-ovmf-amd64 fail
test-amd64-i386-xl-qemuu-ovmf-amd64 fail
test-amd64-amd64-rumpuserxen-amd64 blocked
test-amd64-amd64-xl-qemut-win7-amd64 fail
test-amd64-i386-xl-qemut-win7-amd64 fail
test-amd64-amd64-xl-qemuu-win7-amd64 fail
test-amd64-i386-xl-qemuu-win7-amd64 fail
test-amd64-amd64-xl-win7-amd64 fail
test-amd64-i386-xl-win7-amd64 fail
test-amd64-amd64-xl-credit2 pass
test-i386-i386-xl-credit2 pass
test-amd64-i386-qemuu-freebsd10-i386 pass
test-amd64-i386-rumpuserxen-i386 blocked
test-i386-i386-rumpuserxen-i386 blocked
test-amd64-i386-rhel6hvm-intel pass
test-amd64-i386-qemut-rhel6hvm-intel pass
test-amd64-i386-qemuu-rhel6hvm-intel pass
test-amd64-amd64-libvirt pass
test-amd64-i386-libvirt pass
test-i386-i386-libvirt pass
test-amd64-amd64-xl-multivcpu pass
test-i386-i386-xl-multivcpu pass
test-amd64-amd64-pair pass
test-amd64-i386-pair pass
test-i386-i386-pair pass
test-amd64-amd64-xl-sedf-pin pass
test-i386-i386-xl-sedf-pin pass
test-amd64-amd64-pv pass
test-amd64-i386-pv pass
test-i386-i386-pv pass
test-amd64-amd64-xl-sedf pass
test-i386-i386-xl-sedf pass
test-amd64-i386-xl-qemut-winxpsp3-vcpus1 pass
test-amd64-i386-xl-qemuu-winxpsp3-vcpus1 pass
test-amd64-i386-xl-winxpsp3-vcpus1 pass
test-amd64-i386-xend-qemut-winxpsp3 fail
test-amd64-amd64-xl-qemut-winxpsp3 pass
test-i386-i386-xl-qemut-winxpsp3 pass
test-amd64-amd64-xl-qemuu-winxpsp3 pass
test-i386-i386-xl-qemuu-winxpsp3 pass
test-amd64-i386-xend-winxpsp3 fail
test-amd64-amd64-xl-winxpsp3 pass
test-i386-i386-xl-winxpsp3 pass
------------------------------------------------------------
sg-report-flight on osstest.test-lab.xenproject.org
logs: /home/logs/logs
images: /home/logs/images
Logs, config files, etc. are available at
http://logs.test-lab.xenproject.org/osstest/logs
Test harness code can be found at
http://xenbits.xen.org/gitweb?p=osstest.git;a=summary
Not pushing.
------------------------------------------------------------
commit 63aeca00c805fa1c47d9f7b1978e83e41ab482d4
Author: Ian Jackson <ian.jackson@eu.citrix.com>
Date: Wed May 27 16:57:21 2015 +0100
QEMU_TAG update
========================================
commit 63a2748f7a97462c9d967daaabaeb5749aee24ea
Author: Petr Matousek <pmatouse@redhat.com>
Date: Wed May 6 09:48:59 2015 +0200
fdc: force the fifo access to be in bounds of the allocated buffer
During processing of certain commands such as FD_CMD_READ_ID and
FD_CMD_DRIVE_SPECIFICATION_COMMAND the fifo memory access could
get out of bounds leading to memory corruption with values coming
from the guest.
Fix this by making sure that the index is always bounded by the
allocated memory.
This is XSA-133 / CVE-2015-3456.
Signed-off-by: Petr Matousek <pmatouse@redhat.com>
Reviewed-by: John Snow <jsnow@redhat.com>
(cherry picked from commit 4de1422ea306832b6ef2cba34e9febb73dd139a7)
(cherry picked from commit e42b84cf1c524d017208b981c7749dc5945dda72)
(cherry picked from commit c8c6ba08684f2fb8600df479b49c5511d6fed41a)
(cherry picked from commit c545d0dfcc5ab5e69d0eabc14ec101293236055c)
^ permalink raw reply [flat|nested] only message in thread
only message in thread, other threads:[~2015-06-03 2:53 UTC | newest]
Thread overview: (only message) (download: mbox.gz follow: Atom feed
-- links below jump to the message on this page --
2015-06-03 2:53 [xen-4.2-testing test] 57781: regressions - FAIL osstest service user
This is a public inbox, see mirroring instructions
for how to clone and mirror all data and code used for this inbox;
as well as URLs for NNTP newsgroup(s).