xen-devel.lists.xenproject.org archive mirror
 help / color / mirror / Atom feed
From: osstest service user <osstest@xenbits.xen.org>
To: xen-devel@lists.xensource.com
Cc: ian.jackson@eu.citrix.com
Subject: [ovmf test] 57791: regressions - FAIL
Date: Wed, 03 Jun 2015 08:37:41 +0000	[thread overview]
Message-ID: <osstest-57791-mainreport@xen.org> (raw)

flight 57791 ovmf real [real]
http://logs.test-lab.xenproject.org/osstest/logs/57791/

Regressions :-(

Tests which did not succeed and are blocking,
including tests which could not be run:
 test-amd64-amd64-xl-qemuu-win7-amd64 16 guest-stop        fail REGR. vs. 56492
 test-amd64-i386-xl-qemuu-win7-amd64 16 guest-stop         fail REGR. vs. 56492

Tests which did not succeed, but are not blocking:
 test-amd64-i386-xl-qemuu-debianhvm-amd64-xsm 12 guest-localmigrate fail never pass
 test-amd64-amd64-xl-qemuu-debianhvm-amd64-xsm 12 guest-localmigrate fail never pass

version targeted for testing:
 ovmf                 c85bc0c9d425c04055496fd2111e12ab3471ef31
baseline version:
 ovmf                 f1f0f0deb6e64df6b7c04ead7330afecf5537e46

------------------------------------------------------------
People who touched revisions under test:
  "Mudusuru, Giri P" <giri.p.mudusuru@intel.com>
  "Yao, Jiewen" <Jiewen.Yao@intel.com>
  Chao Zhang <chao.b.zhang@intel.com>
  Dandan Bi <dandan.bi@intel.com>
  Eric Dong <eric.dong@intel.com>
  Feng Tian <feng.tian@intel.com>
  Guo Dong <guo.dong@intel.com>
  Hao Wu <hao.a.wu@intel.com>
  Heyi Guo <heyi.guo@linaro.org>
  Jaben Carsey <jaben.carsey@intel.com>
  Jeff Fan <jeff.fan@intel.com>
  jiaxinwu <jiaxin.wu@intel.com>
  Jordan Justen <jordan.l.justen@intel.com>
  Laszlo Ersek <lersek@redhat.com>
  Liming Gao <liming.gao@intel.com>
  Ludovic Rousseau <ludovic.rousseau@gmail.com>
  Mudusuru, Giri P <giri.p.mudusuru@intel.com>
  Olivier Martin <Olivier.Martin@arm.com>
  Ruiyu Ni <ruiyu.ni@intel.com>
  Shifei Lu <shifeix.a.lu@intel.com>
  Star Zeng <star.zeng@intel.com>
  Yao, Jiewen <Jiewen.Yao@intel.com>
  Yingke Liu <yingke.d.liu@intel.com>
------------------------------------------------------------

jobs:
 build-amd64-xsm                                              pass    
 build-i386-xsm                                               pass    
 build-amd64                                                  pass    
 build-i386                                                   pass    
 build-amd64-libvirt                                          pass    
 build-i386-libvirt                                           pass    
 build-amd64-pvops                                            pass    
 build-i386-pvops                                             pass    
 test-amd64-amd64-xl-qemuu-debianhvm-amd64-xsm                fail    
 test-amd64-i386-xl-qemuu-debianhvm-amd64-xsm                 fail    
 test-amd64-i386-qemuu-rhel6hvm-amd                           pass    
 test-amd64-amd64-xl-qemuu-debianhvm-amd64                    pass    
 test-amd64-i386-xl-qemuu-debianhvm-amd64                     pass    
 test-amd64-amd64-xl-qemuu-ovmf-amd64                         pass    
 test-amd64-i386-xl-qemuu-ovmf-amd64                          pass    
 test-amd64-amd64-xl-qemuu-win7-amd64                         fail    
 test-amd64-i386-xl-qemuu-win7-amd64                          fail    
 test-amd64-i386-qemuu-rhel6hvm-intel                         pass    
 test-amd64-i386-xl-qemuu-winxpsp3-vcpus1                     pass    
 test-amd64-amd64-xl-qemuu-winxpsp3                           pass    
 test-amd64-i386-xl-qemuu-winxpsp3                            pass    


------------------------------------------------------------
sg-report-flight on osstest.test-lab.xenproject.org
logs: /home/logs/logs
images: /home/logs/images

Logs, config files, etc. are available at
    http://logs.test-lab.xenproject.org/osstest/logs

Test harness code can be found at
    http://xenbits.xen.org/gitweb?p=osstest.git;a=summary


Not pushing.

(No revision log; it would be 1235 lines long.)

                 reply	other threads:[~2015-06-03  8:37 UTC|newest]

Thread overview: [no followups] expand[flat|nested]  mbox.gz  Atom feed

Reply instructions:

You may reply publicly to this message via plain-text email
using any one of the following methods:

* Save the following mbox file, import it into your mail client,
  and reply-to-all from there: mbox

  Avoid top-posting and favor interleaved quoting:
  https://en.wikipedia.org/wiki/Posting_style#Interleaved_style

* Reply using the --to, --cc, and --in-reply-to
  switches of git-send-email(1):

  git send-email \
    --in-reply-to=osstest-57791-mainreport@xen.org \
    --to=osstest@xenbits.xen.org \
    --cc=ian.jackson@eu.citrix.com \
    --cc=xen-devel@lists.xensource.com \
    /path/to/YOUR_REPLY

  https://kernel.org/pub/software/scm/git/docs/git-send-email.html

* If your mail client supports setting the In-Reply-To header
  via mailto: links, try the mailto: link
Be sure your reply has a Subject: header at the top and a blank line before the message body.
This is a public inbox, see mirroring instructions
for how to clone and mirror all data and code used for this inbox;
as well as URLs for NNTP newsgroup(s).