From mboxrd@z Thu Jan 1 00:00:00 1970 From: osstest service user Subject: [ovmf test] 57791: regressions - FAIL Date: Wed, 03 Jun 2015 08:37:41 +0000 Message-ID: Mime-Version: 1.0 Content-Type: text/plain; charset="us-ascii" Content-Transfer-Encoding: 7bit Return-path: List-Unsubscribe: , List-Post: List-Help: List-Subscribe: , Sender: xen-devel-bounces@lists.xen.org Errors-To: xen-devel-bounces@lists.xen.org To: xen-devel@lists.xensource.com Cc: ian.jackson@eu.citrix.com List-Id: xen-devel@lists.xenproject.org flight 57791 ovmf real [real] http://logs.test-lab.xenproject.org/osstest/logs/57791/ Regressions :-( Tests which did not succeed and are blocking, including tests which could not be run: test-amd64-amd64-xl-qemuu-win7-amd64 16 guest-stop fail REGR. vs. 56492 test-amd64-i386-xl-qemuu-win7-amd64 16 guest-stop fail REGR. vs. 56492 Tests which did not succeed, but are not blocking: test-amd64-i386-xl-qemuu-debianhvm-amd64-xsm 12 guest-localmigrate fail never pass test-amd64-amd64-xl-qemuu-debianhvm-amd64-xsm 12 guest-localmigrate fail never pass version targeted for testing: ovmf c85bc0c9d425c04055496fd2111e12ab3471ef31 baseline version: ovmf f1f0f0deb6e64df6b7c04ead7330afecf5537e46 ------------------------------------------------------------ People who touched revisions under test: "Mudusuru, Giri P" "Yao, Jiewen" Chao Zhang Dandan Bi Eric Dong Feng Tian Guo Dong Hao Wu Heyi Guo Jaben Carsey Jeff Fan jiaxinwu Jordan Justen Laszlo Ersek Liming Gao Ludovic Rousseau Mudusuru, Giri P Olivier Martin Ruiyu Ni Shifei Lu Star Zeng Yao, Jiewen Yingke Liu ------------------------------------------------------------ jobs: build-amd64-xsm pass build-i386-xsm pass build-amd64 pass build-i386 pass build-amd64-libvirt pass build-i386-libvirt pass build-amd64-pvops pass build-i386-pvops pass test-amd64-amd64-xl-qemuu-debianhvm-amd64-xsm fail test-amd64-i386-xl-qemuu-debianhvm-amd64-xsm fail test-amd64-i386-qemuu-rhel6hvm-amd pass test-amd64-amd64-xl-qemuu-debianhvm-amd64 pass test-amd64-i386-xl-qemuu-debianhvm-amd64 pass test-amd64-amd64-xl-qemuu-ovmf-amd64 pass test-amd64-i386-xl-qemuu-ovmf-amd64 pass test-amd64-amd64-xl-qemuu-win7-amd64 fail test-amd64-i386-xl-qemuu-win7-amd64 fail test-amd64-i386-qemuu-rhel6hvm-intel pass test-amd64-i386-xl-qemuu-winxpsp3-vcpus1 pass test-amd64-amd64-xl-qemuu-winxpsp3 pass test-amd64-i386-xl-qemuu-winxpsp3 pass ------------------------------------------------------------ sg-report-flight on osstest.test-lab.xenproject.org logs: /home/logs/logs images: /home/logs/images Logs, config files, etc. are available at http://logs.test-lab.xenproject.org/osstest/logs Test harness code can be found at http://xenbits.xen.org/gitweb?p=osstest.git;a=summary Not pushing. (No revision log; it would be 1235 lines long.)