xen-devel.lists.xenproject.org archive mirror
 help / color / mirror / Atom feed
* [libvirt test] 57792: regressions - FAIL
@ 2015-06-03  8:56 osstest service user
  0 siblings, 0 replies; only message in thread
From: osstest service user @ 2015-06-03  8:56 UTC (permalink / raw)
  To: xen-devel; +Cc: ian.jackson

[-- Warning: decoded text below may be mangled, UTF-8 assumed --]
[-- Attachment #1: Type: text/plain, Size: 3992 bytes --]

flight 57792 libvirt real [real]
http://logs.test-lab.xenproject.org/osstest/logs/57792/

Regressions :-(

Tests which did not succeed and are blocking,
including tests which could not be run:
 test-amd64-i386-libvirt      11 guest-start               fail REGR. vs. 53854
 test-amd64-amd64-libvirt     11 guest-start               fail REGR. vs. 53854
 test-armhf-armhf-libvirt     11 guest-start               fail REGR. vs. 53854

Tests which did not succeed, but are not blocking:
 test-amd64-amd64-libvirt-xsm 12 migrate-support-check        fail   never pass
 test-amd64-i386-libvirt-xsm  12 migrate-support-check        fail   never pass
 test-armhf-armhf-libvirt-xsm 11 guest-start                  fail   never pass

version targeted for testing:
 libvirt              7a562a5e89efc716e791d5980cab48e9fc6a66fa
baseline version:
 libvirt              fd74e231751334b64af0934b680c5cc62f652453

------------------------------------------------------------
People who touched revisions under test:
  Andrea Bolognani <abologna@redhat.com>
  Boris Fiuczynski <fiuczy@linux.vnet.ibm.com>
  Cole Robinson <crobinso@redhat.com>
  Daniel Hansel <daniel.hansel@linux.vnet.ibm.com>
  Daniel P. Berrange <berrange@redhat.com>
  Daniel Veillard <veillard@redhat.com>
  Eric Blake <eblake@redhat.com>
  Erik Skultety <eskultet@redhat.com>
  Jim Fehlig <jfehlig@suse.com>
  Jiri Denemark <jdenemar@redhat.com>
  John Ferlan <jferlan@redhat.com>
  Ján Tomko <jtomko@redhat.com>
  Kothapally Madhu Pavan <kmp@linux.vnet.ibm.com>
  Laine Stump <laine@laine.org>
  Lubomir Rintel <lkundrak@v3.sk>
  Luyao Huang <lhuang@redhat.com>
  Martin Kletzander <mkletzan@redhat.com>
  Maxim Nestratov <mnestratov@parallels.com>
  Michal Privoznik <mprivozn@redhat.com>
  Nikolay Shirokovskiy <nshirokovskiy@parallels.com>
  Pavel Fedin <p.fedin@samsung.com>
  Pavel Hrdina <phrdina@redhat.com>
  Peter Krempa <pkrempa@redhat.com>
  Richard W.M. Jones <rjones@redhat.com>
  Roman Bogorodskiy <bogorodskiy@gmail.com>
  Tony Krowiak <aekrowia@us.ibm.com>
  Tony Krowiak <akrowiak@linux.vnet.ibm.com>
  Viktor Mihajlovski <mihajlov@linux.vnet.ibm.com>
  Wang Yufei <james.wangyufei@huawei.com>
  Zhang Bo <oscar.zhangbo@huawei.com>
------------------------------------------------------------

jobs:
 build-amd64-xsm                                              pass
 build-armhf-xsm                                              pass
 build-i386-xsm                                               pass
 build-amd64                                                  pass
 build-armhf                                                  pass
 build-i386                                                   pass
 build-amd64-libvirt                                          pass
 build-armhf-libvirt                                          pass
 build-i386-libvirt                                           pass
 build-amd64-pvops                                            pass
 build-armhf-pvops                                            pass
 build-i386-pvops                                             pass
 test-amd64-amd64-libvirt-xsm                                 pass
 test-armhf-armhf-libvirt-xsm                                 fail
 test-amd64-i386-libvirt-xsm                                  pass
 test-amd64-amd64-libvirt                                     fail
 test-armhf-armhf-libvirt                                     fail
 test-amd64-i386-libvirt                                      fail


------------------------------------------------------------
sg-report-flight on osstest.test-lab.xenproject.org
logs: /home/logs/logs
images: /home/logs/images

Logs, config files, etc. are available at
    http://logs.test-lab.xenproject.org/osstest/logs

Test harness code can be found at
    http://xenbits.xen.org/gitweb?p=osstest.git;a=summary


Not pushing.

(No revision log; it would be 2235 lines long.)


[-- Attachment #2: Type: text/plain, Size: 126 bytes --]

_______________________________________________
Xen-devel mailing list
Xen-devel@lists.xen.org
http://lists.xen.org/xen-devel

^ permalink raw reply	[flat|nested] only message in thread

only message in thread, other threads:[~2015-06-03  8:56 UTC | newest]

Thread overview: (only message) (download: mbox.gz follow: Atom feed
-- links below jump to the message on this page --
2015-06-03  8:56 [libvirt test] 57792: regressions - FAIL osstest service user

This is a public inbox, see mirroring instructions
for how to clone and mirror all data and code used for this inbox;
as well as URLs for NNTP newsgroup(s).