From mboxrd@z Thu Jan 1 00:00:00 1970 From: osstest service user Subject: [rumpuserxen test] 57793: regressions - FAIL Date: Tue, 02 Jun 2015 16:27:31 +0000 Message-ID: Mime-Version: 1.0 Content-Type: text/plain; charset="us-ascii" Content-Transfer-Encoding: 7bit Return-path: List-Unsubscribe: , List-Post: List-Help: List-Subscribe: , Sender: xen-devel-bounces@lists.xen.org Errors-To: xen-devel-bounces@lists.xen.org To: xen-devel@lists.xensource.com, rumpkernel-builds@freelists.org Cc: ian.jackson@eu.citrix.com List-Id: xen-devel@lists.xenproject.org flight 57793 rumpuserxen real [real] http://logs.test-lab.xenproject.org/osstest/logs/57793/ Regressions :-( Tests which did not succeed and are blocking, including tests which could not be run: build-amd64-rumpuserxen 5 rumpuserxen-build fail REGR. vs. 33866 build-i386-rumpuserxen 5 rumpuserxen-build fail REGR. vs. 33866 Tests which did not succeed, but are not blocking: test-amd64-i386-rumpuserxen-i386 1 build-check(1) blocked n/a test-amd64-amd64-rumpuserxen-amd64 1 build-check(1) blocked n/a version targeted for testing: rumpuserxen 3b91e44996ea6ae1276bce1cc44f38701c53ee6f baseline version: rumpuserxen 30d72f3fc5e35cd53afd82c8179cc0e0b11146ad ------------------------------------------------------------ People who touched revisions under test: Antti Kantee Ian Jackson Martin Lucina Wei Liu ------------------------------------------------------------ jobs: build-amd64-xsm pass build-i386-xsm pass build-amd64 pass build-i386 pass build-amd64-pvops pass build-i386-pvops pass build-amd64-rumpuserxen fail build-i386-rumpuserxen fail test-amd64-amd64-rumpuserxen-amd64 blocked test-amd64-i386-rumpuserxen-i386 blocked ------------------------------------------------------------ sg-report-flight on osstest.test-lab.xenproject.org logs: /home/logs/logs images: /home/logs/images Logs, config files, etc. are available at http://logs.test-lab.xenproject.org/osstest/logs Test harness code can be found at http://xenbits.xen.org/gitweb?p=osstest.git;a=summary Not pushing. (No revision log; it would be 535 lines long.)