xen-devel.lists.xenproject.org archive mirror
 help / color / mirror / Atom feed
From: osstest service owner <osstest-admin@xenproject.org>
To: xen-devel@lists.xensource.com
Cc: ian.jackson@eu.citrix.com
Subject: [libvirt test] 59038: regressions - FAIL
Date: Fri, 03 Jul 2015 14:34:15 +0000	[thread overview]
Message-ID: <osstest-59038-mainreport@xen.org> (raw)

[-- Warning: decoded text below may be mangled, UTF-8 assumed --]
[-- Attachment #1: Type: text/plain, Size: 3977 bytes --]

flight 59038 libvirt real [real]
http://logs.test-lab.xenproject.org/osstest/logs/59038/

Regressions :-(

Tests which did not succeed and are blocking,
including tests which could not be run:
 test-amd64-i386-libvirt-xsm  11 guest-start               fail REGR. vs. 58842

Regressions which are regarded as allowable (not blocking):
 test-amd64-i386-libvirt      11 guest-start                  fail   like 58842
 test-amd64-amd64-libvirt     11 guest-start                  fail   like 58842

Tests which did not succeed, but are not blocking:
 test-amd64-amd64-libvirt-xsm 12 migrate-support-check        fail   never pass
 test-armhf-armhf-libvirt     12 migrate-support-check        fail   never pass
 test-armhf-armhf-libvirt-xsm 12 migrate-support-check        fail   never pass

version targeted for testing:
 libvirt              2854079496d29dd482a8c301fd4cecf5fa45515f
baseline version:
 libvirt              d10a5f58c75e7eb5943b44cc36a1e768adb2cdb0

Last test of basis    58842  2015-06-23 04:23:54 Z   10 days
Failing since         58870  2015-06-24 04:20:11 Z    9 days    9 attempts
Testing same since    59038  2015-07-03 04:26:50 Z    0 days    1 attempts

------------------------------------------------------------
People who touched revisions under test:
  Andrea Bolognani <abologna@redhat.com>
  Boris Fiuczynski <fiuczy@linux.vnet.ibm.com>
  Daniel Veillard <veillard@redhat.com>
  Dmitry Guryanov <dguryanov@parallels.com>
  Eric Blake <eblake@redhat.com>
  Jim Fehlig <jfehlig@suse.com>
  Jiri Denemark <jdenemar@redhat.com>
  John Ferlan <jferlan@redhat.com>
  Ján Tomko <jtomko@redhat.com>
  Laine Stump <laine@laine.org>
  Luyao Huang <lhuang@redhat.com>
  Martin Kletzander <mkletzan@redhat.com>
  Michal Dubiel <md@semihalf.com>
  Michal Privoznik <mprivozn@redhat.com>
  Mikhail Feoktistov <mfeoktistov@virtuozzo.com>
  Nikolay Shirokovskiy <nshirokovskiy@parallels.com>
  Nikolay Shirokovskiy <nshirokovskiy@virtuozzo.com>
  Peter Krempa <pkrempa@redhat.com>
  Prerna Saxena <prerna@linux.vnet.ibm.com>

jobs:
 build-amd64-xsm                                              pass
 build-armhf-xsm                                              pass
 build-i386-xsm                                               pass
 build-amd64                                                  pass
 build-armhf                                                  pass
 build-i386                                                   pass
 build-amd64-libvirt                                          pass
 build-armhf-libvirt                                          pass
 build-i386-libvirt                                           pass
 build-amd64-pvops                                            pass
 build-armhf-pvops                                            pass
 build-i386-pvops                                             pass
 test-amd64-amd64-libvirt-xsm                                 pass
 test-armhf-armhf-libvirt-xsm                                 pass
 test-amd64-i386-libvirt-xsm                                  fail
 test-amd64-amd64-libvirt                                     fail
 test-armhf-armhf-libvirt                                     pass
 test-amd64-i386-libvirt                                      fail


------------------------------------------------------------
sg-report-flight on osstest.test-lab.xenproject.org
logs: /home/logs/logs
images: /home/logs/images

Logs, config files, etc. are available at
    http://logs.test-lab.xenproject.org/osstest/logs

Explanation of these reports, and of osstest in general, is at
    http://xenbits.xen.org/gitweb/?p=osstest.git;a=blob;f=README.email;hb=master
    http://xenbits.xen.org/gitweb/?p=osstest.git;a=blob;f=README;hb=master

Test harness code can be found at
    http://xenbits.xen.org/gitweb?p=osstest.git;a=summary


Not pushing.

(No revision log; it would be 1763 lines long.)


[-- Attachment #2: Type: text/plain, Size: 126 bytes --]

_______________________________________________
Xen-devel mailing list
Xen-devel@lists.xen.org
http://lists.xen.org/xen-devel

                 reply	other threads:[~2015-07-03 14:34 UTC|newest]

Thread overview: [no followups] expand[flat|nested]  mbox.gz  Atom feed

Reply instructions:

You may reply publicly to this message via plain-text email
using any one of the following methods:

* Save the following mbox file, import it into your mail client,
  and reply-to-all from there: mbox

  Avoid top-posting and favor interleaved quoting:
  https://en.wikipedia.org/wiki/Posting_style#Interleaved_style

* Reply using the --to, --cc, and --in-reply-to
  switches of git-send-email(1):

  git send-email \
    --in-reply-to=osstest-59038-mainreport@xen.org \
    --to=osstest-admin@xenproject.org \
    --cc=ian.jackson@eu.citrix.com \
    --cc=xen-devel@lists.xensource.com \
    /path/to/YOUR_REPLY

  https://kernel.org/pub/software/scm/git/docs/git-send-email.html

* If your mail client supports setting the In-Reply-To header
  via mailto: links, try the mailto: link
Be sure your reply has a Subject: header at the top and a blank line before the message body.
This is a public inbox, see mirroring instructions
for how to clone and mirror all data and code used for this inbox;
as well as URLs for NNTP newsgroup(s).