From mboxrd@z Thu Jan 1 00:00:00 1970 From: osstest service owner Subject: [libvirt test] 59038: regressions - FAIL Date: Fri, 03 Jul 2015 14:34:15 +0000 Message-ID: Mime-Version: 1.0 Content-Type: multipart/mixed; boundary="===============7580293654604818536==" Return-path: List-Unsubscribe: , List-Post: List-Help: List-Subscribe: , Sender: xen-devel-bounces@lists.xen.org Errors-To: xen-devel-bounces@lists.xen.org To: xen-devel@lists.xensource.com Cc: ian.jackson@eu.citrix.com List-Id: xen-devel@lists.xenproject.org --===============7580293654604818536== Content-Length: 4080 Content-Transfer-Encoding: quoted-printable flight 59038 libvirt real [real] http://logs.test-lab.xenproject.org/osstest/logs/59038/ Regressions :-( Tests which did not succeed and are blocking, including tests which could not be run: test-amd64-i386-libvirt-xsm 11 guest-start fail REGR. vs. 58842 Regressions which are regarded as allowable (not blocking): test-amd64-i386-libvirt 11 guest-start fail like 58842 test-amd64-amd64-libvirt 11 guest-start fail like 58842 Tests which did not succeed, but are not blocking: test-amd64-amd64-libvirt-xsm 12 migrate-support-check fail never pass test-armhf-armhf-libvirt 12 migrate-support-check fail never pass test-armhf-armhf-libvirt-xsm 12 migrate-support-check fail never pass version targeted for testing: libvirt 2854079496d29dd482a8c301fd4cecf5fa45515f baseline version: libvirt d10a5f58c75e7eb5943b44cc36a1e768adb2cdb0 Last test of basis 58842 2015-06-23 04:23:54 Z 10 days Failing since 58870 2015-06-24 04:20:11 Z 9 days 9 attempts Testing same since 59038 2015-07-03 04:26:50 Z 0 days 1 attempts ------------------------------------------------------------ People who touched revisions under test: Andrea Bolognani Boris Fiuczynski Daniel Veillard Dmitry Guryanov Eric Blake Jim Fehlig Jiri Denemark John Ferlan J=C3=A1n Tomko Laine Stump Luyao Huang Martin Kletzander Michal Dubiel Michal Privoznik Mikhail Feoktistov Nikolay Shirokovskiy Nikolay Shirokovskiy Peter Krempa Prerna Saxena jobs: build-amd64-xsm pass build-armhf-xsm pass build-i386-xsm pass build-amd64 pass build-armhf pass build-i386 pass build-amd64-libvirt pass build-armhf-libvirt pass build-i386-libvirt pass build-amd64-pvops pass build-armhf-pvops pass build-i386-pvops pass test-amd64-amd64-libvirt-xsm pass test-armhf-armhf-libvirt-xsm pass test-amd64-i386-libvirt-xsm fail test-amd64-amd64-libvirt fail test-armhf-armhf-libvirt pass test-amd64-i386-libvirt fail ------------------------------------------------------------ sg-report-flight on osstest.test-lab.xenproject.org logs: /home/logs/logs images: /home/logs/images Logs, config files, etc. are available at http://logs.test-lab.xenproject.org/osstest/logs Explanation of these reports, and of osstest in general, is at http://xenbits.xen.org/gitweb/=3Fp=3Dosstest.git;a=3Dblob;f=3DREADME.email;hb=3Dmaster http://xenbits.xen.org/gitweb/=3Fp=3Dosstest.git;a=3Dblob;f=3DREADME;hb=3Dmaster Test harness code can be found at http://xenbits.xen.org/gitweb=3Fp=3Dosstest.git;a=3Dsummary Not pushing. (No revision log; it would be 1763 lines long.) --===============7580293654604818536== Content-Type: text/plain; charset="us-ascii" MIME-Version: 1.0 Content-Transfer-Encoding: 7bit Content-Disposition: inline _______________________________________________ Xen-devel mailing list Xen-devel@lists.xen.org http://lists.xen.org/xen-devel --===============7580293654604818536==--