From: osstest service owner <osstest-admin@xenproject.org>
To: xen-devel@lists.xensource.com
Cc: ian.jackson@eu.citrix.com
Subject: [linux-3.18 test] 59041: regressions - trouble: blocked/broken/fail/pass
Date: Fri, 03 Jul 2015 22:21:47 +0000 [thread overview]
Message-ID: <osstest-59041-mainreport@xen.org> (raw)
[-- Warning: decoded text below may be mangled, UTF-8 assumed --]
[-- Attachment #1: Type: text/plain, Size: 13065 bytes --]
flight 59041 linux-3.18 real [real]
http://logs.test-lab.xenproject.org/osstest/logs/59041/
Regressions :-(
Tests which did not succeed and are blocking,
including tests which could not be run:
test-amd64-amd64-xl-pvh-intel 11 guest-start fail REGR. vs. 58581
build-armhf-xsm 4 host-build-prep fail REGR. vs. 58581
Tests which are failing intermittently (not blocking):
test-armhf-armhf-libvirt 6 xen-boot fail pass in 59001
Regressions which are regarded as allowable (not blocking):
test-amd64-i386-xl-qemut-stubdom-debianhvm-amd64-xsm 12 guest-localmigrate fail baseline untested
test-armhf-armhf-xl-rtds 11 guest-start fail in 59001 baseline untested
test-armhf-armhf-libvirt-xsm 6 xen-boot fail in 59001 like 58581
test-armhf-armhf-xl-xsm 6 xen-boot fail in 59001 like 58581
test-amd64-i386-libvirt-xsm 11 guest-start fail like 58558
test-amd64-i386-libvirt 11 guest-start fail like 58581
test-armhf-armhf-xl-multivcpu 6 xen-boot fail like 58581
test-armhf-armhf-xl-credit2 6 xen-boot fail like 58581
test-armhf-armhf-xl 6 xen-boot fail like 58581
test-amd64-i386-xl-qemuu-win7-amd64 16 guest-stop fail like 58581
test-amd64-amd64-xl-qemut-win7-amd64 16 guest-stop fail like 58581
test-amd64-amd64-xl-qemuu-win7-amd64 16 guest-stop fail like 58581
Tests which did not succeed, but are not blocking:
test-armhf-armhf-libvirt-xsm 1 build-check(1) blocked n/a
test-armhf-armhf-xl-xsm 1 build-check(1) blocked n/a
test-amd64-i386-libvirt-xsm 12 migrate-support-check fail in 59001 never pass
test-armhf-armhf-libvirt 12 migrate-support-check fail in 59001 never pass
test-amd64-amd64-xl-pvh-amd 11 guest-start fail never pass
test-amd64-i386-freebsd10-amd64 9 freebsd-install fail never pass
test-amd64-i386-freebsd10-i386 9 freebsd-install fail never pass
test-armhf-armhf-xl-cubietruck 6 xen-boot fail never pass
test-amd64-amd64-libvirt-xsm 12 migrate-support-check fail never pass
test-armhf-armhf-xl-rtds 14 guest-start.2 fail never pass
test-armhf-armhf-xl-rtds 12 migrate-support-check fail never pass
test-amd64-amd64-libvirt 12 migrate-support-check fail never pass
test-amd64-i386-xl-qemut-win7-amd64 16 guest-stop fail never pass
test-armhf-armhf-xl-arndale 12 migrate-support-check fail never pass
version targeted for testing:
linux ea5dd38e93b3bec3427e5d3eef000bbf5d637e76
baseline version:
linux d048c068d00da7d4cfa5ea7651933b99026958cf
Last test of basis 58581 2015-06-15 09:42:22 Z 18 days
Testing same since 58976 2015-06-29 19:43:23 Z 4 days 6 attempts
------------------------------------------------------------
People who touched revisions under test:
"Eric W. Biederman" <ebiederm@xmission.com>
Aaron Lu <aaron.lu@intel.com>
Alexander Duyck <alexander.h.duyck@redhat.com>
Alexei Starovoitov <ast@plumgrid.com>
Andrew de los Reyes <adlr@chromium.org>
Andrew Morton <akpm@linux-foundation.org>
Andy Lutomirski <luto@amacapital.net>
Anna Schumaker <Anna.Schumaker@Netapp.com>
Aravind Gopalakrishnan <Aravind.Gopalakrishnan@amd.com>
Ard Biesheuvel <ard.biesheuvel@linaro.org>
Arnd Bergmann <arnd@arndb.de>
Baruch Siach <baruch@tkos.co.il>
Ben Serebrin <serebrin@google.com>
Benjamin Tissoires <benjamin.tissoires@redhat.com>
Bjørn Mork <bjorn@mork.no>
Borislav Petkov <bp@suse.de>
Chuck Lever <chuck.lever@oracle.com>
Cong Wang <xiyou.wangcong@gmail.com>
Daniel Borkmann <daniel@iogearbox.net>
Darren Hart <dvhart@linux.intel.com>
Darren Salt <devspam@moreofthesa.me.uk>
David Daney <david.daney@cavium.com>
David S. Miller <davem@davemloft.net>
David Woodhouse <David.Woodhouse@intel.com>
Devesh Sharma <Devesh.Sharma@Emulex.Com>
Doug Ledford <dledford@redhat.com>
Eric Dumazet <edumazet@google.com>
Eric W. Biederman <ebiederm@xmission.com>
Felipe Balbi <balbi@ti.com>
Feng Kan <fkan@apm.com>
Florent Fourcot <florent.fourcot@enst-bretagne.fr>
Florian Fainelli <f.fainelli@gmail.com>
Geert Uytterhoeven <geert+renesas@glider.be>
Grant Likely <grant.likely@linaro.org>
Greg Kroah-Hartman <gregkh@linuxfoundation.org>
Hannes Frederic Sowa <hannes@stressinduktion.org>
Henning Rogge <hrogge@gmail.com>
Honggang Li <honli@redhat.com>
Ian Campbell <ian.campbell@citrix.com>
Ilya Dryomov <idryomov@gmail.com>
Ingo Molnar <mingo@kernel.org>
Jakub Sitnicki <jsitnicki@gmail.com>
Jason Gunthorpe <jgunthorpe@obsidianresearch.com>
Jiada Wang <jiada_wang@mentor.com>
Jiri Kosina <jkosina@suse.cz>
Jiri Pirko <jiri@resnulli.us>
Joerg Roedel <jroedel@suse.de>
Jovi Zhangwei <jovi@cloudflare.com>
Ken Xue <Ken.Xue@amd.com>
Kevin Hilman <khilman@linaro.org>
Konstantin Khlebnikov <khlebnikov@yandex-team.ru>
Laura Abbott <labbott@fedoraproject.org>
Laurent Pinchart <laurent.pinchart@ideasonboard.com>
Linus Lüssing <linus.luessing@c0d3.blue>
Linus Torvalds <torvalds@linux-foundation.org>
Linus Walleij <linus.walleij@linaro.org>
Mark Brown <broonie@kernel.org>
Mark Salyzyn <salyzyn@android.com>
Matt Fleming <matt.fleming@intel.com>
Matthew Garrett <mjg59@coreos.com>
Mauro Carvalho Chehab <mchehab@osg.samsung.com>
Max Filippov <jcmvbkbc@gmail.com>
Meghana Cheripady <Meghana.Cheripady@Emulex.Com>
Mel Gorman <mgorman@suse.de>
Mika Westerberg <mika.westerberg@linux.intel.com>
Milan Plzik <milan.plzik@gmail.com>
Neal Cardwell <ncardwell@google.com>
Neil Horman <nhorman@tuxdriver.com>
Nicolas Dichtel <nicolas.dichtel@6wind.com>
Nicolas Iooss <nicolas.iooss_linux@m4x.org>
Nicolas Pitre <nico@linaro.org>
Nikolay Aleksandrov <nikolay@cumulusnetworks.com>
Oliver Neukum <oliver@neukum.org>
Oliver Neukum <oneukum@suse.de>
oliver@neukum.org <oliver@neukum.org>
Olof Johansson <olof@lixom.net>
Pablo Neira Ayuso <pablo@netfilter.org>
Paolo Bonzini <pbonzini@redhat.com>
Pelle Nilsson <per.nilsson@xelmo.com>
Peter Zijlstra (Intel) <peterz@infradead.org>
Rafael J. Wysocki <rafael.j.wysocki@intel.com>
Raphael Assenat <raph@raphnet.net>
Richard Cochran <richardcochran@gmail.com>
Rik Theys <Rik.Theys@esat.kuleuven.be>
Ross Lagerwall <ross.lagerwall@citrix.com>
Roy Franz <roy.franz@linaro.org>
Russell King <rmk+kernel@arm.linux.org.uk>
Sasha Levin <sasha.levin@oracle.com>
Sean Young <sean@mess.org>
Shawn Bohrer <sbohrer@rgmadvisors.com>
Simon Horman <horms+renesas@verge.net.au>
Sowmini Varadhan <sowmini.varadhan@oracle.com>
Sriharsha Basavapatna <sriharsha.basavapatna@avagotech.com>
Steffen Klassert <steffen.klassert@secunet.com>
Thadeu Lima de Souza Cascardo <cascardo@redhat.com>
Theodore Ts'o <tytso@mit.edu>
Uwe Kleine-König <u.kleine-koenig@pengutronix.de>
Veaceslav Falico <vfalico@gmail.com>
Veeresh U. Kokatnur <veereshuk@chelsio.com>
Vijay Subramanian <subramanian.vijay@gmail.com>
Vinod Koul <vinod.koul@intel.com>
Vittorio Gambaletta <linuxbugs@vittgam.net>
Vlad Yasevich <vyasevich@gmail.com>
Vladislav Yasevich <vyasevic@redhat.com>
WANG Cong <xiyou.wangcong@gmail.com>
Wei Liu <wei.liu2@citrix.com>
Yao Xiwei <xiwei.yao@6wind.com>
Yoshihiro Shimoda <yoshihiro.shimoda.uh@renesas.com>
Yuchung Cheng <ycheng@google.com>
jobs:
build-amd64-xsm pass
build-armhf-xsm broken
build-i386-xsm pass
build-amd64 pass
build-armhf pass
build-i386 pass
build-amd64-libvirt pass
build-armhf-libvirt pass
build-i386-libvirt pass
build-amd64-pvops pass
build-armhf-pvops pass
build-i386-pvops pass
build-amd64-rumpuserxen pass
build-i386-rumpuserxen pass
test-amd64-amd64-xl pass
test-armhf-armhf-xl fail
test-amd64-i386-xl pass
test-amd64-amd64-xl-qemut-debianhvm-amd64-xsm pass
test-amd64-i386-xl-qemut-debianhvm-amd64-xsm pass
test-amd64-amd64-xl-qemuu-debianhvm-amd64-xsm pass
test-amd64-i386-xl-qemuu-debianhvm-amd64-xsm pass
test-amd64-amd64-xl-qemut-stubdom-debianhvm-amd64-xsm pass
test-amd64-i386-xl-qemut-stubdom-debianhvm-amd64-xsm fail
test-amd64-amd64-libvirt-xsm pass
test-armhf-armhf-libvirt-xsm blocked
test-amd64-i386-libvirt-xsm fail
test-amd64-amd64-xl-xsm pass
test-armhf-armhf-xl-xsm blocked
test-amd64-i386-xl-xsm pass
test-amd64-amd64-xl-pvh-amd fail
test-amd64-i386-qemut-rhel6hvm-amd pass
test-amd64-i386-qemuu-rhel6hvm-amd pass
test-amd64-amd64-xl-qemut-debianhvm-amd64 pass
test-amd64-i386-xl-qemut-debianhvm-amd64 pass
test-amd64-amd64-xl-qemuu-debianhvm-amd64 pass
test-amd64-i386-xl-qemuu-debianhvm-amd64 pass
test-amd64-i386-freebsd10-amd64 fail
test-amd64-amd64-xl-qemuu-ovmf-amd64 pass
test-amd64-i386-xl-qemuu-ovmf-amd64 pass
test-amd64-amd64-rumpuserxen-amd64 pass
test-amd64-amd64-xl-qemut-win7-amd64 fail
test-amd64-i386-xl-qemut-win7-amd64 fail
test-amd64-amd64-xl-qemuu-win7-amd64 fail
test-amd64-i386-xl-qemuu-win7-amd64 fail
test-armhf-armhf-xl-arndale pass
test-amd64-amd64-xl-credit2 pass
test-armhf-armhf-xl-credit2 fail
test-armhf-armhf-xl-cubietruck fail
test-amd64-i386-freebsd10-i386 fail
test-amd64-i386-rumpuserxen-i386 pass
test-amd64-amd64-xl-pvh-intel fail
test-amd64-i386-qemut-rhel6hvm-intel pass
test-amd64-i386-qemuu-rhel6hvm-intel pass
test-amd64-amd64-libvirt pass
test-armhf-armhf-libvirt fail
test-amd64-i386-libvirt fail
test-amd64-amd64-xl-multivcpu pass
test-armhf-armhf-xl-multivcpu fail
test-amd64-amd64-pair pass
test-amd64-i386-pair pass
test-amd64-amd64-xl-rtds pass
test-armhf-armhf-xl-rtds fail
test-amd64-i386-xl-qemut-winxpsp3-vcpus1 pass
test-amd64-i386-xl-qemuu-winxpsp3-vcpus1 pass
test-amd64-amd64-xl-qemut-winxpsp3 pass
test-amd64-i386-xl-qemut-winxpsp3 pass
test-amd64-amd64-xl-qemuu-winxpsp3 pass
test-amd64-i386-xl-qemuu-winxpsp3 pass
------------------------------------------------------------
sg-report-flight on osstest.test-lab.xenproject.org
logs: /home/logs/logs
images: /home/logs/images
Logs, config files, etc. are available at
http://logs.test-lab.xenproject.org/osstest/logs
Explanation of these reports, and of osstest in general, is at
http://xenbits.xen.org/gitweb/?p=osstest.git;a=blob;f=README.email;hb=master
http://xenbits.xen.org/gitweb/?p=osstest.git;a=blob;f=README;hb=master
Test harness code can be found at
http://xenbits.xen.org/gitweb?p=osstest.git;a=summary
Not pushing.
(No revision log; it would be 2209 lines long.)
[-- Attachment #2: Type: text/plain, Size: 126 bytes --]
_______________________________________________
Xen-devel mailing list
Xen-devel@lists.xen.org
http://lists.xen.org/xen-devel
next reply other threads:[~2015-07-03 22:21 UTC|newest]
Thread overview: 16+ messages / expand[flat|nested] mbox.gz Atom feed top
2015-07-03 22:21 osstest service owner [this message]
2015-07-06 8:27 ` [linux-3.18 test] 59041: regressions - trouble: blocked/broken/fail/pass Ian Campbell
2015-07-06 8:28 ` Ian Campbell
2015-07-06 10:16 ` Ian Jackson
2015-07-06 10:33 ` Ian Campbell
2015-07-06 8:32 ` Ian Campbell
2015-07-06 15:22 ` Boris Ostrovsky
2015-07-06 15:49 ` Ian Campbell
2015-07-06 16:06 ` Boris Ostrovsky
2015-07-07 7:39 ` Ian Campbell
2015-07-07 14:55 ` Boris Ostrovsky
2015-07-07 15:00 ` Ian Jackson
2015-07-07 15:08 ` Ian Campbell
2015-07-07 15:16 ` Boris Ostrovsky
2015-07-07 19:22 ` Boris Ostrovsky
2015-07-07 19:45 ` Ian Campbell
Reply instructions:
You may reply publicly to this message via plain-text email
using any one of the following methods:
* Save the following mbox file, import it into your mail client,
and reply-to-all from there: mbox
Avoid top-posting and favor interleaved quoting:
https://en.wikipedia.org/wiki/Posting_style#Interleaved_style
* Reply using the --to, --cc, and --in-reply-to
switches of git-send-email(1):
git send-email \
--in-reply-to=osstest-59041-mainreport@xen.org \
--to=osstest-admin@xenproject.org \
--cc=ian.jackson@eu.citrix.com \
--cc=xen-devel@lists.xensource.com \
/path/to/YOUR_REPLY
https://kernel.org/pub/software/scm/git/docs/git-send-email.html
* If your mail client supports setting the In-Reply-To header
via mailto: links, try the mailto: link
Be sure your reply has a Subject: header at the top and a blank line
before the message body.
This is a public inbox, see mirroring instructions
for how to clone and mirror all data and code used for this inbox;
as well as URLs for NNTP newsgroup(s).