From mboxrd@z Thu Jan 1 00:00:00 1970 From: osstest service owner Subject: [linux-3.18 test] 59041: regressions - trouble: blocked/broken/fail/pass Date: Fri, 03 Jul 2015 22:21:47 +0000 Message-ID: Mime-Version: 1.0 Content-Type: multipart/mixed; boundary="===============8607182736832467126==" Return-path: List-Unsubscribe: , List-Post: List-Help: List-Subscribe: , Sender: xen-devel-bounces@lists.xen.org Errors-To: xen-devel-bounces@lists.xen.org To: xen-devel@lists.xensource.com Cc: ian.jackson@eu.citrix.com List-Id: xen-devel@lists.xenproject.org --===============8607182736832467126== Content-Length: 13368 Content-Transfer-Encoding: quoted-printable flight 59041 linux-3.18 real [real] http://logs.test-lab.xenproject.org/osstest/logs/59041/ Regressions :-( Tests which did not succeed and are blocking, including tests which could not be run: test-amd64-amd64-xl-pvh-intel 11 guest-start fail REGR. vs. 58581 build-armhf-xsm 4 host-build-prep fail REGR. vs. 58581 Tests which are failing intermittently (not blocking): test-armhf-armhf-libvirt 6 xen-boot fail pass in 59001 Regressions which are regarded as allowable (not blocking): test-amd64-i386-xl-qemut-stubdom-debianhvm-amd64-xsm 12 guest-localmigrate fail baseline untested test-armhf-armhf-xl-rtds 11 guest-start fail in 59001 baseline untested test-armhf-armhf-libvirt-xsm 6 xen-boot fail in 59001 like 58581 test-armhf-armhf-xl-xsm 6 xen-boot fail in 59001 like 58581 test-amd64-i386-libvirt-xsm 11 guest-start fail like 58558 test-amd64-i386-libvirt 11 guest-start fail like 58581 test-armhf-armhf-xl-multivcpu 6 xen-boot fail like 58581 test-armhf-armhf-xl-credit2 6 xen-boot fail like 58581 test-armhf-armhf-xl 6 xen-boot fail like 58581 test-amd64-i386-xl-qemuu-win7-amd64 16 guest-stop fail like 58581 test-amd64-amd64-xl-qemut-win7-amd64 16 guest-stop fail like 58581 test-amd64-amd64-xl-qemuu-win7-amd64 16 guest-stop fail like 58581 Tests which did not succeed, but are not blocking: test-armhf-armhf-libvirt-xsm 1 build-check(1) blocked n/a test-armhf-armhf-xl-xsm 1 build-check(1) blocked n/a test-amd64-i386-libvirt-xsm 12 migrate-support-check fail in 59001 never pass test-armhf-armhf-libvirt 12 migrate-support-check fail in 59001 never pass test-amd64-amd64-xl-pvh-amd 11 guest-start fail never pass test-amd64-i386-freebsd10-amd64 9 freebsd-install fail never pass test-amd64-i386-freebsd10-i386 9 freebsd-install fail never pass test-armhf-armhf-xl-cubietruck 6 xen-boot fail never pass test-amd64-amd64-libvirt-xsm 12 migrate-support-check fail never pass test-armhf-armhf-xl-rtds 14 guest-start.2 fail never pass test-armhf-armhf-xl-rtds 12 migrate-support-check fail never pass test-amd64-amd64-libvirt 12 migrate-support-check fail never pass test-amd64-i386-xl-qemut-win7-amd64 16 guest-stop fail never pass test-armhf-armhf-xl-arndale 12 migrate-support-check fail never pass version targeted for testing: linux ea5dd38e93b3bec3427e5d3eef000bbf5d637e76 baseline version: linux d048c068d00da7d4cfa5ea7651933b99026958cf Last test of basis 58581 2015-06-15 09:42:22 Z 18 days Testing same since 58976 2015-06-29 19:43:23 Z 4 days 6 attempts ------------------------------------------------------------ People who touched revisions under test: "Eric W. Biederman" Aaron Lu Alexander Duyck Alexei Starovoitov Andrew de los Reyes Andrew Morton Andy Lutomirski Anna Schumaker Aravind Gopalakrishnan Ard Biesheuvel Arnd Bergmann Baruch Siach Ben Serebrin Benjamin Tissoires Bj=C3=B8rn Mork Borislav Petkov Chuck Lever Cong Wang Daniel Borkmann Darren Hart Darren Salt David Daney David S. Miller David Woodhouse Devesh Sharma Doug Ledford Eric Dumazet Eric W. Biederman Felipe Balbi Feng Kan Florent Fourcot Florian Fainelli Geert Uytterhoeven Grant Likely Greg Kroah-Hartman Hannes Frederic Sowa Henning Rogge Honggang Li Ian Campbell Ilya Dryomov Ingo Molnar Jakub Sitnicki Jason Gunthorpe Jiada Wang Jiri Kosina Jiri Pirko Joerg Roedel Jovi Zhangwei Ken Xue Kevin Hilman Konstantin Khlebnikov Laura Abbott Laurent Pinchart Linus L=C3=BCssing Linus Torvalds Linus Walleij Mark Brown Mark Salyzyn Matt Fleming Matthew Garrett Mauro Carvalho Chehab Max Filippov Meghana Cheripady Mel Gorman Mika Westerberg Milan Plzik Neal Cardwell Neil Horman Nicolas Dichtel Nicolas Iooss Nicolas Pitre Nikolay Aleksandrov Oliver Neukum Oliver Neukum oliver@neukum.org Olof Johansson Pablo Neira Ayuso Paolo Bonzini Pelle Nilsson Peter Zijlstra (Intel) Rafael J. Wysocki Raphael Assenat Richard Cochran Rik Theys Ross Lagerwall Roy Franz Russell King Sasha Levin Sean Young Shawn Bohrer Simon Horman Sowmini Varadhan Sriharsha Basavapatna Steffen Klassert Thadeu Lima de Souza Cascardo Theodore Ts'o Uwe Kleine-K=C3=B6nig Veaceslav Falico Veeresh U. Kokatnur Vijay Subramanian Vinod Koul Vittorio Gambaletta Vlad Yasevich Vladislav Yasevich WANG Cong Wei Liu Yao Xiwei Yoshihiro Shimoda Yuchung Cheng jobs: build-amd64-xsm pass build-armhf-xsm broken build-i386-xsm pass build-amd64 pass build-armhf pass build-i386 pass build-amd64-libvirt pass build-armhf-libvirt pass build-i386-libvirt pass build-amd64-pvops pass build-armhf-pvops pass build-i386-pvops pass build-amd64-rumpuserxen pass build-i386-rumpuserxen pass test-amd64-amd64-xl pass test-armhf-armhf-xl fail test-amd64-i386-xl pass test-amd64-amd64-xl-qemut-debianhvm-amd64-xsm pass test-amd64-i386-xl-qemut-debianhvm-amd64-xsm pass test-amd64-amd64-xl-qemuu-debianhvm-amd64-xsm pass test-amd64-i386-xl-qemuu-debianhvm-amd64-xsm pass test-amd64-amd64-xl-qemut-stubdom-debianhvm-amd64-xsm pass test-amd64-i386-xl-qemut-stubdom-debianhvm-amd64-xsm fail test-amd64-amd64-libvirt-xsm pass test-armhf-armhf-libvirt-xsm blocked test-amd64-i386-libvirt-xsm fail test-amd64-amd64-xl-xsm pass test-armhf-armhf-xl-xsm blocked test-amd64-i386-xl-xsm pass test-amd64-amd64-xl-pvh-amd fail test-amd64-i386-qemut-rhel6hvm-amd pass test-amd64-i386-qemuu-rhel6hvm-amd pass test-amd64-amd64-xl-qemut-debianhvm-amd64 pass test-amd64-i386-xl-qemut-debianhvm-amd64 pass test-amd64-amd64-xl-qemuu-debianhvm-amd64 pass test-amd64-i386-xl-qemuu-debianhvm-amd64 pass test-amd64-i386-freebsd10-amd64 fail test-amd64-amd64-xl-qemuu-ovmf-amd64 pass test-amd64-i386-xl-qemuu-ovmf-amd64 pass test-amd64-amd64-rumpuserxen-amd64 pass test-amd64-amd64-xl-qemut-win7-amd64 fail test-amd64-i386-xl-qemut-win7-amd64 fail test-amd64-amd64-xl-qemuu-win7-amd64 fail test-amd64-i386-xl-qemuu-win7-amd64 fail test-armhf-armhf-xl-arndale pass test-amd64-amd64-xl-credit2 pass test-armhf-armhf-xl-credit2 fail test-armhf-armhf-xl-cubietruck fail test-amd64-i386-freebsd10-i386 fail test-amd64-i386-rumpuserxen-i386 pass test-amd64-amd64-xl-pvh-intel fail test-amd64-i386-qemut-rhel6hvm-intel pass test-amd64-i386-qemuu-rhel6hvm-intel pass test-amd64-amd64-libvirt pass test-armhf-armhf-libvirt fail test-amd64-i386-libvirt fail test-amd64-amd64-xl-multivcpu pass test-armhf-armhf-xl-multivcpu fail test-amd64-amd64-pair pass test-amd64-i386-pair pass test-amd64-amd64-xl-rtds pass test-armhf-armhf-xl-rtds fail test-amd64-i386-xl-qemut-winxpsp3-vcpus1 pass test-amd64-i386-xl-qemuu-winxpsp3-vcpus1 pass test-amd64-amd64-xl-qemut-winxpsp3 pass test-amd64-i386-xl-qemut-winxpsp3 pass test-amd64-amd64-xl-qemuu-winxpsp3 pass test-amd64-i386-xl-qemuu-winxpsp3 pass ------------------------------------------------------------ sg-report-flight on osstest.test-lab.xenproject.org logs: /home/logs/logs images: /home/logs/images Logs, config files, etc. are available at http://logs.test-lab.xenproject.org/osstest/logs Explanation of these reports, and of osstest in general, is at http://xenbits.xen.org/gitweb/=3Fp=3Dosstest.git;a=3Dblob;f=3DREADME.email;hb=3Dmaster http://xenbits.xen.org/gitweb/=3Fp=3Dosstest.git;a=3Dblob;f=3DREADME;hb=3Dmaster Test harness code can be found at http://xenbits.xen.org/gitweb=3Fp=3Dosstest.git;a=3Dsummary Not pushing. (No revision log; it would be 2209 lines long.) --===============8607182736832467126== Content-Type: text/plain; charset="us-ascii" MIME-Version: 1.0 Content-Transfer-Encoding: 7bit Content-Disposition: inline _______________________________________________ Xen-devel mailing list Xen-devel@lists.xen.org http://lists.xen.org/xen-devel --===============8607182736832467126==--