* [xen-4.5-testing test] 60622: regressions - FAIL
@ 2015-08-08 19:56 osstest service owner
0 siblings, 0 replies; only message in thread
From: osstest service owner @ 2015-08-08 19:56 UTC (permalink / raw)
To: xen-devel, osstest-admin
flight 60622 xen-4.5-testing real [real]
http://logs.test-lab.xenproject.org/osstest/logs/60622/
Regressions :-(
Tests which did not succeed and are blocking,
including tests which could not be run:
build-i386-libvirt 5 libvirt-build fail in 60395 REGR. vs. 59963
Tests which are failing intermittently (not blocking):
test-amd64-i386-xl-qemuu-winxpsp3 15 guest-localmigrate/x10 fail in 60597 pass in 60622
test-amd64-amd64-xl-qemuu-win7-amd64 15 guest-localmigrate.2 fail pass in 60395
test-amd64-amd64-rumpuserxen-amd64 15 rumpuserxen-demo-xenstorels/xenstorels.repeat fail pass in 60597
Regressions which are regarded as allowable (not blocking):
test-armhf-armhf-xl-raw 6 xen-boot fail baseline untested
test-amd64-i386-libvirt-raw 9 debian-di-install fail baseline untested
test-amd64-amd64-xl-qemuu-win7-amd64 16 guest-stop fail in 60395 like 59869
test-armhf-armhf-xl-rtds 14 guest-start.2 fail in 60597 blocked in 59963
test-armhf-armhf-xl-rtds 11 guest-start fail like 59963
test-amd64-i386-xl-qemut-win7-amd64 17 guest-stop fail like 59963
test-amd64-i386-xl-qemuu-win7-amd64 17 guest-stop fail like 59963
Tests which did not succeed, but are not blocking:
test-amd64-i386-libvirt 1 build-check(1) blocked in 60395 n/a
test-amd64-i386-libvirt-raw 1 build-check(1) blocked in 60395 n/a
test-amd64-i386-libvirt-qcow2 1 build-check(1) blocked in 60395 n/a
test-amd64-i386-libvirt-vhd 1 build-check(1) blocked in 60395 n/a
test-armhf-armhf-xl-raw 9 debian-di-install fail in 60597 never pass
test-armhf-armhf-xl-rtds 12 migrate-support-check fail in 60597 never pass
test-armhf-armhf-xl-vhd 9 debian-di-install fail never pass
test-armhf-armhf-xl-qcow2 9 debian-di-install fail never pass
test-amd64-amd64-xl-pvh-amd 11 guest-start fail never pass
test-amd64-amd64-xl-qcow2 9 debian-di-install fail never pass
test-armhf-armhf-libvirt-qcow2 9 debian-di-install fail never pass
test-amd64-amd64-xl-pvh-intel 11 guest-start fail never pass
test-armhf-armhf-libvirt-raw 9 debian-di-install fail never pass
test-amd64-i386-libvirt 14 guest-saverestore fail never pass
test-amd64-i386-libvirt 12 migrate-support-check fail never pass
test-amd64-amd64-libvirt 12 migrate-support-check fail never pass
test-amd64-amd64-libvirt-pair 21 guest-migrate/src_host/dst_host fail never pass
test-amd64-i386-libvirt-pair 21 guest-migrate/src_host/dst_host fail never pass
test-armhf-armhf-xl-arndale 12 migrate-support-check fail never pass
test-armhf-armhf-xl-arndale 13 saverestore-support-check fail never pass
test-amd64-i386-libvirt-qcow2 11 migrate-support-check fail never pass
test-amd64-amd64-libvirt-raw 11 migrate-support-check fail never pass
test-armhf-armhf-xl 12 migrate-support-check fail never pass
test-armhf-armhf-xl 13 saverestore-support-check fail never pass
test-amd64-amd64-libvirt-qcow2 11 migrate-support-check fail never pass
test-armhf-armhf-libvirt 14 guest-saverestore fail never pass
test-armhf-armhf-libvirt 12 migrate-support-check fail never pass
test-armhf-armhf-xl-credit2 13 saverestore-support-check fail never pass
test-armhf-armhf-xl-credit2 12 migrate-support-check fail never pass
test-amd64-i386-libvirt-vhd 11 migrate-support-check fail never pass
test-armhf-armhf-xl-multivcpu 13 saverestore-support-check fail never pass
test-armhf-armhf-xl-multivcpu 12 migrate-support-check fail never pass
test-armhf-armhf-xl-cubietruck 12 migrate-support-check fail never pass
test-armhf-armhf-xl-cubietruck 13 saverestore-support-check fail never pass
test-amd64-amd64-libvirt-vhd 11 migrate-support-check fail never pass
test-armhf-armhf-libvirt-vhd 9 debian-di-install fail never pass
test-amd64-amd64-xl-qemut-win7-amd64 17 guest-stop fail never pass
version targeted for testing:
xen 6040b3aeb32b4bce2d9958ecbcbd020c46c35d61
baseline version:
xen 07249f4fb80b222fc05a5a1e26d23fe50655e562
Last test of basis 59963 2015-07-26 15:24:42 Z 13 days
Testing same since 60153 2015-07-30 18:40:10 Z 9 days 5 attempts
------------------------------------------------------------
People who touched revisions under test:
Ian Campbell <ian,campbell@citrix.com>
Ian Jackson <ian.jackson@eu.citrix.com>
jobs:
build-amd64 pass
build-armhf pass
build-i386 pass
build-amd64-libvirt pass
build-armhf-libvirt pass
build-i386-libvirt pass
build-amd64-pvops pass
build-armhf-pvops pass
build-i386-pvops pass
build-amd64-rumpuserxen pass
build-i386-rumpuserxen pass
test-amd64-amd64-xl pass
test-armhf-armhf-xl pass
test-amd64-i386-xl pass
test-amd64-amd64-xl-pvh-amd fail
test-amd64-i386-qemut-rhel6hvm-amd pass
test-amd64-i386-qemuu-rhel6hvm-amd pass
test-amd64-amd64-xl-qemut-debianhvm-amd64 pass
test-amd64-i386-xl-qemut-debianhvm-amd64 pass
test-amd64-amd64-xl-qemuu-debianhvm-amd64 pass
test-amd64-i386-xl-qemuu-debianhvm-amd64 pass
test-amd64-i386-freebsd10-amd64 pass
test-amd64-amd64-xl-qemuu-ovmf-amd64 pass
test-amd64-i386-xl-qemuu-ovmf-amd64 pass
test-amd64-amd64-rumpuserxen-amd64 fail
test-amd64-amd64-xl-qemut-win7-amd64 fail
test-amd64-i386-xl-qemut-win7-amd64 fail
test-amd64-amd64-xl-qemuu-win7-amd64 fail
test-amd64-i386-xl-qemuu-win7-amd64 fail
test-armhf-armhf-xl-arndale pass
test-amd64-amd64-xl-credit2 pass
test-armhf-armhf-xl-credit2 pass
test-armhf-armhf-xl-cubietruck pass
test-amd64-i386-freebsd10-i386 pass
test-amd64-i386-rumpuserxen-i386 pass
test-amd64-amd64-xl-pvh-intel fail
test-amd64-i386-qemut-rhel6hvm-intel pass
test-amd64-i386-qemuu-rhel6hvm-intel pass
test-amd64-amd64-libvirt pass
test-armhf-armhf-libvirt fail
test-amd64-i386-libvirt fail
test-amd64-amd64-xl-multivcpu pass
test-armhf-armhf-xl-multivcpu pass
test-amd64-amd64-pair pass
test-amd64-i386-pair pass
test-amd64-amd64-libvirt-pair fail
test-amd64-i386-libvirt-pair fail
test-amd64-amd64-amd64-pvgrub pass
test-amd64-amd64-i386-pvgrub pass
test-amd64-amd64-pygrub pass
test-amd64-amd64-libvirt-qcow2 pass
test-armhf-armhf-libvirt-qcow2 fail
test-amd64-i386-libvirt-qcow2 pass
test-amd64-amd64-xl-qcow2 fail
test-armhf-armhf-xl-qcow2 fail
test-amd64-i386-xl-qcow2 pass
test-amd64-amd64-libvirt-raw pass
test-armhf-armhf-libvirt-raw fail
test-amd64-i386-libvirt-raw fail
test-amd64-amd64-xl-raw pass
test-armhf-armhf-xl-raw fail
test-amd64-i386-xl-raw pass
test-amd64-amd64-xl-rtds pass
test-armhf-armhf-xl-rtds fail
test-amd64-i386-xl-qemut-winxpsp3-vcpus1 pass
test-amd64-i386-xl-qemuu-winxpsp3-vcpus1 pass
test-amd64-amd64-libvirt-vhd pass
test-armhf-armhf-libvirt-vhd fail
test-amd64-i386-libvirt-vhd pass
test-amd64-amd64-xl-vhd pass
test-armhf-armhf-xl-vhd fail
test-amd64-i386-xl-vhd pass
test-amd64-amd64-xl-qemut-winxpsp3 pass
test-amd64-i386-xl-qemut-winxpsp3 pass
test-amd64-amd64-xl-qemuu-winxpsp3 pass
test-amd64-i386-xl-qemuu-winxpsp3 pass
------------------------------------------------------------
sg-report-flight on osstest.test-lab.xenproject.org
logs: /home/logs/logs
images: /home/logs/images
Logs, config files, etc. are available at
http://logs.test-lab.xenproject.org/osstest/logs
Explanation of these reports, and of osstest in general, is at
http://xenbits.xen.org/gitweb/?p=osstest.git;a=blob;f=README.email;hb=master
http://xenbits.xen.org/gitweb/?p=osstest.git;a=blob;f=README;hb=master
Test harness code can be found at
http://xenbits.xen.org/gitweb?p=osstest.git;a=summary
Not pushing.
------------------------------------------------------------
commit 6040b3aeb32b4bce2d9958ecbcbd020c46c35d61
Author: Ian Jackson <ian.jackson@eu.citrix.com>
Date: Mon Jun 15 14:50:42 2015 +0100
xl: Sane handling of extra config file arguments
Various xl sub-commands take additional parameters containing = as
additional config fragments.
The handling of these config fragments has a number of bugs:
1. Use of a static 1024-byte buffer. (If truncation would occur,
with semi-trusted input, a security risk arises due to quotes
being lost.)
2. Mishandling of the return value from snprintf, so that if
truncation occurs, the to-write pointer is updated with the
wanted-to-write length, resulting in stack corruption. (This is
XSA-137.)
3. Clone-and-hack of the code for constructing the appended
config file.
These are fixed here, by introducing a new function
`string_realloc_append' and using it everywhere. The `extra_info'
buffers are replaced by pointers, which start off NULL and are
explicitly freed on all return paths.
The separate variable which will become dom_info.extra_config is
abolished (which involves moving the clearing of dom_info).
Additional bugs I observe, not fixed here:
4. The functions which now call string_realloc_append use ad-hoc
error returns, with multiple calls to `return'. This currently
necessitates multiple new calls to `free'.
5. Many of the paths in xl call exit(-rc) where rc is a libxl status
code. This is a ridiculous exit status `convention'.
6. The loops for handling extra config data are clone-and-hacks.
7. Once the extra config buffer is accumulated, it must be combined
with the appropriate main config file. The code to do this
combining is clone-and-hacked too.
Signed-off-by: Ian Jackson <Ian.Jackson@eu.citrix.com>
Tested-by: Ian Jackson <Ian.Jackson@eu.citrix.com>
Acked-by: Ian Campbell <ian,campbell@citrix.com>
(cherry picked from commit dd84604f35bd3855c57146eb8fe53924c10d3963)
commit 7ac1a262132a3c14df4147ed98bc04d12f2bb16f
Author: Ian Jackson <ian.jackson@eu.citrix.com>
Date: Wed Jul 29 16:33:44 2015 +0100
QEMU_TAG update
(qemu changes not included)
^ permalink raw reply [flat|nested] only message in thread
only message in thread, other threads:[~2015-08-08 19:56 UTC | newest]
Thread overview: (only message) (download: mbox.gz follow: Atom feed
-- links below jump to the message on this page --
2015-08-08 19:56 [xen-4.5-testing test] 60622: regressions - FAIL osstest service owner
This is a public inbox, see mirroring instructions
for how to clone and mirror all data and code used for this inbox;
as well as URLs for NNTP newsgroup(s).