From mboxrd@z Thu Jan 1 00:00:00 1970 From: osstest service owner Subject: [xen-4.2-testing test] 60675: regressions - FAIL Date: Fri, 14 Aug 2015 19:13:32 +0000 Message-ID: Mime-Version: 1.0 Content-Type: text/plain; charset="us-ascii" Content-Transfer-Encoding: 7bit Return-path: List-Unsubscribe: , List-Post: List-Help: List-Subscribe: , Sender: xen-devel-bounces@lists.xen.org Errors-To: xen-devel-bounces@lists.xen.org To: xen-devel@lists.xensource.com, osstest-admin@xenproject.org List-Id: xen-devel@lists.xenproject.org flight 60675 xen-4.2-testing real [real] http://logs.test-lab.xenproject.org/osstest/logs/60675/ Regressions :-( Tests which did not succeed and are blocking, including tests which could not be run: test-amd64-i386-xl-qemuu-win7-amd64 16 guest-localmigrate/x10 fail REGR. vs. 58892 Regressions which are regarded as allowable (not blocking): test-amd64-amd64-xl-win7-amd64 17 guest-stop fail like 58892 test-amd64-i386-xl-qemut-win7-amd64 17 guest-stop fail like 58892 test-amd64-amd64-xl-qemut-win7-amd64 17 guest-stop fail like 58892 test-amd64-i386-xl-win7-amd64 17 guest-stop fail like 58892 Tests which did not succeed, but are not blocking: test-amd64-amd64-rumpuserxen-amd64 1 build-check(1) blocked n/a test-i386-i386-rumpuserxen-i386 1 build-check(1) blocked n/a test-amd64-i386-rumpuserxen-i386 1 build-check(1) blocked n/a build-i386-rumpuserxen 5 rumpuserxen-build fail never pass build-amd64-rumpuserxen 5 rumpuserxen-build fail never pass test-i386-i386-xl-qcow2 9 debian-di-install fail never pass test-amd64-i386-xl-qcow2 9 debian-di-install fail never pass test-amd64-amd64-libvirt-qcow2 9 debian-di-install fail never pass test-amd64-i386-libvirt-qcow2 9 debian-di-install fail never pass test-i386-i386-libvirt-qcow2 9 debian-di-install fail never pass test-amd64-i386-xl-qemuu-ovmf-amd64 9 debian-hvm-install fail never pass test-amd64-amd64-xl-qemuu-ovmf-amd64 9 debian-hvm-install fail never pass test-amd64-amd64-amd64-pvgrub 10 guest-start fail never pass test-amd64-amd64-i386-pvgrub 10 guest-start fail never pass test-i386-i386-libvirt 12 migrate-support-check fail never pass test-amd64-amd64-libvirt 12 migrate-support-check fail never pass test-amd64-i386-libvirt 12 migrate-support-check fail never pass test-amd64-amd64-xl-qcow2 9 debian-di-install fail never pass test-amd64-i386-libvirt-raw 11 migrate-support-check fail never pass test-amd64-amd64-libvirt-raw 11 migrate-support-check fail never pass test-i386-i386-libvirt-raw 11 migrate-support-check fail never pass test-amd64-i386-libvirt-vhd 11 migrate-support-check fail never pass test-amd64-amd64-libvirt-vhd 11 migrate-support-check fail never pass test-i386-i386-libvirt-vhd 11 migrate-support-check fail never pass test-amd64-amd64-xl-qemuu-win7-amd64 17 guest-stop fail never pass test-amd64-i386-xend-winxpsp3 21 leak-check/check fail never pass test-amd64-i386-xend-qemut-winxpsp3 21 leak-check/check fail never pass version targeted for testing: xen 32894093072c6ac5e680541669b0d1db263745fa baseline version: xen 38fcda225d6613ecc4bf44769806887252d7b2b1 Last test of basis 58892 2015-06-25 05:21:03 Z 50 days Failing since 60150 2015-07-30 18:44:41 Z 15 days 2 attempts Testing same since 60675 2015-08-12 13:40:44 Z 2 days 1 attempts ------------------------------------------------------------ People who touched revisions under test: Andrew Cooper David Scott Ian Campbell Ian Campbell Ian Jackson Jim Fehlig Kevin Wolf Konrad Rzeszutek Wilk Matthew Daley Wei Liu jobs: build-amd64 pass build-i386 pass build-amd64-libvirt pass build-i386-libvirt pass build-amd64-pvops pass build-i386-pvops pass build-amd64-rumpuserxen fail build-i386-rumpuserxen fail test-amd64-amd64-xl pass test-amd64-i386-xl pass test-i386-i386-xl pass test-amd64-i386-rhel6hvm-amd pass test-amd64-i386-qemut-rhel6hvm-amd pass test-amd64-i386-qemuu-rhel6hvm-amd pass test-amd64-amd64-xl-qemut-debianhvm-amd64 pass test-amd64-i386-xl-qemut-debianhvm-amd64 pass test-amd64-amd64-xl-qemuu-debianhvm-amd64 pass test-amd64-i386-xl-qemuu-debianhvm-amd64 pass test-amd64-i386-qemuu-freebsd10-amd64 pass test-amd64-amd64-xl-qemuu-ovmf-amd64 fail test-amd64-i386-xl-qemuu-ovmf-amd64 fail test-amd64-amd64-rumpuserxen-amd64 blocked test-amd64-amd64-xl-qemut-win7-amd64 fail test-amd64-i386-xl-qemut-win7-amd64 fail test-amd64-amd64-xl-qemuu-win7-amd64 fail test-amd64-i386-xl-qemuu-win7-amd64 fail test-amd64-amd64-xl-win7-amd64 fail test-amd64-i386-xl-win7-amd64 fail test-amd64-amd64-xl-credit2 pass test-i386-i386-xl-credit2 pass test-amd64-i386-qemuu-freebsd10-i386 pass test-amd64-i386-rumpuserxen-i386 blocked test-i386-i386-rumpuserxen-i386 blocked test-amd64-i386-rhel6hvm-intel pass test-amd64-i386-qemut-rhel6hvm-intel pass test-amd64-i386-qemuu-rhel6hvm-intel pass test-amd64-amd64-libvirt pass test-amd64-i386-libvirt pass test-i386-i386-libvirt pass test-amd64-amd64-xl-multivcpu pass test-i386-i386-xl-multivcpu pass test-amd64-amd64-pair pass test-amd64-i386-pair pass test-i386-i386-pair pass test-amd64-amd64-pv pass test-amd64-i386-pv pass test-i386-i386-pv pass test-amd64-amd64-amd64-pvgrub fail test-amd64-amd64-i386-pvgrub fail test-amd64-amd64-pygrub pass test-amd64-amd64-libvirt-qcow2 fail test-amd64-i386-libvirt-qcow2 fail test-i386-i386-libvirt-qcow2 fail test-amd64-amd64-xl-qcow2 fail test-amd64-i386-xl-qcow2 fail test-i386-i386-xl-qcow2 fail test-amd64-amd64-libvirt-raw pass test-amd64-i386-libvirt-raw pass test-i386-i386-libvirt-raw pass test-amd64-amd64-xl-raw pass test-amd64-i386-xl-raw pass test-i386-i386-xl-raw pass test-amd64-i386-xl-qemut-winxpsp3-vcpus1 pass test-amd64-i386-xl-qemuu-winxpsp3-vcpus1 pass test-amd64-i386-xl-winxpsp3-vcpus1 pass test-amd64-amd64-libvirt-vhd pass test-amd64-i386-libvirt-vhd pass test-i386-i386-libvirt-vhd pass test-amd64-amd64-xl-vhd pass test-amd64-i386-xl-vhd pass test-i386-i386-xl-vhd pass test-amd64-i386-xend-qemut-winxpsp3 fail test-amd64-amd64-xl-qemut-winxpsp3 pass test-i386-i386-xl-qemut-winxpsp3 pass test-amd64-amd64-xl-qemuu-winxpsp3 pass test-i386-i386-xl-qemuu-winxpsp3 pass test-amd64-i386-xend-winxpsp3 fail test-amd64-amd64-xl-winxpsp3 pass test-i386-i386-xl-winxpsp3 pass ------------------------------------------------------------ sg-report-flight on osstest.test-lab.xenproject.org logs: /home/logs/logs images: /home/logs/images Logs, config files, etc. are available at http://logs.test-lab.xenproject.org/osstest/logs Explanation of these reports, and of osstest in general, is at http://xenbits.xen.org/gitweb/?p=osstest.git;a=blob;f=README.email;hb=master http://xenbits.xen.org/gitweb/?p=osstest.git;a=blob;f=README;hb=master Test harness code can be found at http://xenbits.xen.org/gitweb?p=osstest.git;a=summary Not pushing. (No revision log; it would be 508 lines long.)