* [xen-4.5-testing test] 60695: regressions - FAIL
@ 2015-08-16 12:16 osstest service owner
0 siblings, 0 replies; only message in thread
From: osstest service owner @ 2015-08-16 12:16 UTC (permalink / raw)
To: xen-devel, osstest-admin
flight 60695 xen-4.5-testing real [real]
http://logs.test-lab.xenproject.org/osstest/logs/60695/
Regressions :-(
Tests which did not succeed and are blocking,
including tests which could not be run:
test-amd64-amd64-xl-qemuu-ovmf-amd64 19 guest-start/debianhvm.repeat fail REGR. vs. 60638
Regressions which are regarded as allowable (not blocking):
test-amd64-i386-libvirt-qcow2 17 guest-start/debian.repeat fail REGR. vs. 60638
test-amd64-amd64-libvirt-raw 9 debian-di-install fail REGR. vs. 60638
test-amd64-i386-xl-qemuu-win7-amd64 17 guest-stop fail like 60622
test-amd64-amd64-xl-qemuu-win7-amd64 15 guest-localmigrate.2 fail like 60622
test-amd64-i386-libvirt-raw 9 debian-di-install fail like 60638
test-armhf-armhf-xl-rtds 11 guest-start fail like 60638
test-amd64-i386-xl-qemut-win7-amd64 17 guest-stop fail like 60638
Tests which did not succeed, but are not blocking:
test-armhf-armhf-xl-vhd 9 debian-di-install fail never pass
test-amd64-amd64-xl-pvh-amd 11 guest-start fail never pass
test-amd64-amd64-xl-qcow2 9 debian-di-install fail never pass
test-armhf-armhf-libvirt-qcow2 9 debian-di-install fail never pass
test-amd64-amd64-xl-pvh-intel 11 guest-start fail never pass
test-armhf-armhf-xl-raw 9 debian-di-install fail never pass
test-armhf-armhf-libvirt-raw 9 debian-di-install fail never pass
test-amd64-i386-libvirt 12 migrate-support-check fail never pass
test-amd64-amd64-libvirt 12 migrate-support-check fail never pass
test-amd64-amd64-libvirt-pair 21 guest-migrate/src_host/dst_host fail never pass
test-amd64-i386-libvirt-pair 21 guest-migrate/src_host/dst_host fail never pass
test-armhf-armhf-xl-arndale 12 migrate-support-check fail never pass
test-armhf-armhf-xl-arndale 13 saverestore-support-check fail never pass
test-amd64-i386-libvirt-qcow2 11 migrate-support-check fail never pass
test-armhf-armhf-xl 12 migrate-support-check fail never pass
test-armhf-armhf-xl 13 saverestore-support-check fail never pass
test-amd64-amd64-libvirt-qcow2 11 migrate-support-check fail never pass
test-armhf-armhf-libvirt 14 guest-saverestore fail never pass
test-armhf-armhf-libvirt 12 migrate-support-check fail never pass
test-armhf-armhf-xl-credit2 13 saverestore-support-check fail never pass
test-armhf-armhf-xl-credit2 12 migrate-support-check fail never pass
test-amd64-i386-libvirt-vhd 11 migrate-support-check fail never pass
test-armhf-armhf-xl-cubietruck 12 migrate-support-check fail never pass
test-armhf-armhf-xl-cubietruck 13 saverestore-support-check fail never pass
test-amd64-amd64-libvirt-vhd 11 migrate-support-check fail never pass
test-armhf-armhf-xl-qcow2 9 debian-di-install fail never pass
test-armhf-armhf-libvirt-vhd 9 debian-di-install fail never pass
test-amd64-amd64-xl-qemut-win7-amd64 17 guest-stop fail never pass
test-armhf-armhf-xl-multivcpu 13 saverestore-support-check fail never pass
test-armhf-armhf-xl-multivcpu 12 migrate-support-check fail never pass
version targeted for testing:
xen 7f7642f778b78e8e204fc082ce03072bb26887c7
baseline version:
xen 6040b3aeb32b4bce2d9958ecbcbd020c46c35d61
Last test of basis 60638 2015-08-08 20:00:22 Z 7 days
Testing same since 60672 2015-08-12 12:38:55 Z 3 days 2 attempts
------------------------------------------------------------
People who touched revisions under test:
Ian Campbell <ian.campbell@citrix.com>
Ian Jackson <Ian.Jackson@eu.citrix.com>
Jim Fehlig <jfehlig@suse.com>
Wei Liu <wei.liu2@citrix.com>
jobs:
build-amd64 pass
build-armhf pass
build-i386 pass
build-amd64-libvirt pass
build-armhf-libvirt pass
build-i386-libvirt pass
build-amd64-pvops pass
build-armhf-pvops pass
build-i386-pvops pass
build-amd64-rumpuserxen pass
build-i386-rumpuserxen pass
test-amd64-amd64-xl pass
test-armhf-armhf-xl pass
test-amd64-i386-xl pass
test-amd64-amd64-xl-pvh-amd fail
test-amd64-i386-qemut-rhel6hvm-amd pass
test-amd64-i386-qemuu-rhel6hvm-amd pass
test-amd64-amd64-xl-qemut-debianhvm-amd64 pass
test-amd64-i386-xl-qemut-debianhvm-amd64 pass
test-amd64-amd64-xl-qemuu-debianhvm-amd64 pass
test-amd64-i386-xl-qemuu-debianhvm-amd64 pass
test-amd64-i386-freebsd10-amd64 pass
test-amd64-amd64-xl-qemuu-ovmf-amd64 fail
test-amd64-i386-xl-qemuu-ovmf-amd64 pass
test-amd64-amd64-rumpuserxen-amd64 pass
test-amd64-amd64-xl-qemut-win7-amd64 fail
test-amd64-i386-xl-qemut-win7-amd64 fail
test-amd64-amd64-xl-qemuu-win7-amd64 fail
test-amd64-i386-xl-qemuu-win7-amd64 fail
test-armhf-armhf-xl-arndale pass
test-amd64-amd64-xl-credit2 pass
test-armhf-armhf-xl-credit2 pass
test-armhf-armhf-xl-cubietruck pass
test-amd64-i386-freebsd10-i386 pass
test-amd64-i386-rumpuserxen-i386 pass
test-amd64-amd64-xl-pvh-intel fail
test-amd64-i386-qemut-rhel6hvm-intel pass
test-amd64-i386-qemuu-rhel6hvm-intel pass
test-amd64-amd64-libvirt pass
test-armhf-armhf-libvirt fail
test-amd64-i386-libvirt pass
test-amd64-amd64-xl-multivcpu pass
test-armhf-armhf-xl-multivcpu pass
test-amd64-amd64-pair pass
test-amd64-i386-pair pass
test-amd64-amd64-libvirt-pair fail
test-amd64-i386-libvirt-pair fail
test-amd64-amd64-amd64-pvgrub pass
test-amd64-amd64-i386-pvgrub pass
test-amd64-amd64-pygrub pass
test-amd64-amd64-libvirt-qcow2 pass
test-armhf-armhf-libvirt-qcow2 fail
test-amd64-i386-libvirt-qcow2 fail
test-amd64-amd64-xl-qcow2 fail
test-armhf-armhf-xl-qcow2 fail
test-amd64-i386-xl-qcow2 pass
test-amd64-amd64-libvirt-raw fail
test-armhf-armhf-libvirt-raw fail
test-amd64-i386-libvirt-raw fail
test-amd64-amd64-xl-raw pass
test-armhf-armhf-xl-raw fail
test-amd64-i386-xl-raw pass
test-amd64-amd64-xl-rtds pass
test-armhf-armhf-xl-rtds fail
test-amd64-i386-xl-qemut-winxpsp3-vcpus1 pass
test-amd64-i386-xl-qemuu-winxpsp3-vcpus1 pass
test-amd64-amd64-libvirt-vhd pass
test-armhf-armhf-libvirt-vhd fail
test-amd64-i386-libvirt-vhd pass
test-amd64-amd64-xl-vhd pass
test-armhf-armhf-xl-vhd fail
test-amd64-i386-xl-vhd pass
test-amd64-amd64-xl-qemut-winxpsp3 pass
test-amd64-i386-xl-qemut-winxpsp3 pass
test-amd64-amd64-xl-qemuu-winxpsp3 pass
test-amd64-i386-xl-qemuu-winxpsp3 pass
------------------------------------------------------------
sg-report-flight on osstest.test-lab.xenproject.org
logs: /home/logs/logs
images: /home/logs/images
Logs, config files, etc. are available at
http://logs.test-lab.xenproject.org/osstest/logs
Explanation of these reports, and of osstest in general, is at
http://xenbits.xen.org/gitweb/?p=osstest.git;a=blob;f=README.email;hb=master
http://xenbits.xen.org/gitweb/?p=osstest.git;a=blob;f=README;hb=master
Test harness code can be found at
http://xenbits.xen.org/gitweb?p=osstest.git;a=summary
Not pushing.
------------------------------------------------------------
commit 7f7642f778b78e8e204fc082ce03072bb26887c7
Author: Ian Jackson <ian.jackson@eu.citrix.com>
Date: Thu Jul 9 17:28:48 2015 +0100
libxl: poll: Avoid fd deregistration race POLLNVAL crash
It can happen that an fd is deregistered, and closed, and then a new
fd opened, and reregistered, all while another thread is in poll().
If this happens poll might report POLLNVAL, but the event loop would
think that the fd was supposed to have been valid, and then fail an
assertion:
libxl_event.c:1183: afterpoll_check_fd: Assertion `poller->fds_changed || !(fds[slot].revents & 0x020)' failed.
We can't simply ignore POLLNVAL because if we have bugs which cause
messed-up fds, it is a serious problem which we really need to detect.
Instead, add extra tracking to spot when this possibility arises, and
abort on POLLNVAL if we are sure that it is unexpected.
Reported-by: Jim Fehlig <jfehlig@suse.com>
Signed-off-by: Ian Jackson <Ian.Jackson@eu.citrix.com>
CC: Jim Fehlig <jfehlig@suse.com>
Acked-by: Wei Liu <wei.liu2@citrix.com>
Tested-by: Jim Fehlig <jfehlig@suse.com>
(cherry picked from commit 681ce1681622a46d111cfdc4fc07e4cb565ae131)
commit 9f6f513eecbdc76ce30b5f2e6c52e02076bac30b
Author: Ian Jackson <ian.jackson@eu.citrix.com>
Date: Thu Jul 9 17:05:07 2015 +0100
libxl: poll: Use poller_get and poller_put for poller_app
This makes the code more regular. We are going to want to do some
more work in poller_get and poller_put, which work also wants to be
done for poller_app.
Two very minor functional changes:
* We call malloc an extra time since poller_app is now a pointer
* ERROR_FAIL on poller_get failing for poller_app is generated in
libxl_ctx_init rather than passed through by libxl_poller_init
from libxl__pipe_nonblock.
Signed-off-by: Ian Jackson <Ian.Jackson@eu.citrix.com>
CC: Jim Fehlig <jfehlig@suse.com>
Acked-by: Wei Liu <wei.liu2@citrix.com>
Tested-by: Jim Fehlig <jfehlig@suse.com>
(cherry picked from commit aae37652067eafd0f2b85050306772df0cb71f08)
commit 8c409135e69c7321cb6d82b8cae0868a81d05ddc
Author: Ian Jackson <ian.jackson@eu.citrix.com>
Date: Thu Jul 9 16:52:02 2015 +0100
libxl: poll: Make libxl__poller_get have only one success return path
In preparation for doing some more work on successful exit.
No functional change.
Signed-off-by: Ian Jackson <Ian.Jackson@eu.citrix.com>
CC: Jim Fehlig <jfehlig@suse.com>
Acked-by: Wei Liu <wei.liu2@citrix.com>
Tested-by: Jim Fehlig <jfehlig@suse.com>
(cherry picked from commit 6fc946bc5520ebdbba5cbae4d49e53895df8b393)
commit 9a4c62515c2cac2db23f88957579792b3bdb81b3
Author: Ian Campbell <ian.campbell@citrix.com>
Date: Mon Jul 13 13:31:23 2015 +0100
tools: libxl: Handle failure to create qemu dm logfile
If libxl_create_logfile fails for some reason then
libxl__create_qemu_logfile previously just carried on and dereferenced
the uninitialised logfile.
Check for the error from libxl_create_logfile, which has already
logged for us.
This was reported as Debian bug #784880.
Reported-by: Russell Coker <russell@coker.com.au>
Signed-off-by: Ian Campbell <ian.campbell@citrix.com>
Cc: 784880@bugs.debian.org
Acked-by: Wei Liu <wei.liu2@citrix.com>
(cherry picked from commit e9d3a859977913704605e0fd87887451b12d4722)
(qemu changes not included)
^ permalink raw reply [flat|nested] only message in thread
only message in thread, other threads:[~2015-08-16 12:16 UTC | newest]
Thread overview: (only message) (download: mbox.gz follow: Atom feed
-- links below jump to the message on this page --
2015-08-16 12:16 [xen-4.5-testing test] 60695: regressions - FAIL osstest service owner
This is a public inbox, see mirroring instructions
for how to clone and mirror all data and code used for this inbox;
as well as URLs for NNTP newsgroup(s).