* [xen-4.3-testing test] 60701: regressions - FAIL
@ 2015-08-17 3:30 osstest service owner
0 siblings, 0 replies; only message in thread
From: osstest service owner @ 2015-08-17 3:30 UTC (permalink / raw)
To: xen-devel, osstest-admin
flight 60701 xen-4.3-testing real [real]
http://logs.test-lab.xenproject.org/osstest/logs/60701/
Regressions :-(
Tests which did not succeed and are blocking,
including tests which could not be run:
test-amd64-amd64-xl-qemuu-win7-amd64 16 guest-localmigrate/x10 fail in 60674 REGR. vs. 58884
Tests which are failing intermittently (not blocking):
test-amd64-amd64-xl-qemut-debianhvm-amd64 19 guest-start/debianhvm.repeat fail in 60674 pass in 60701
test-amd64-amd64-xl-qemuu-win7-amd64 13 guest-localmigrate fail pass in 60674
Regressions which are regarded as allowable (not blocking):
test-amd64-i386-libvirt 11 guest-start fail like 58884
test-amd64-amd64-libvirt 11 guest-start fail like 58884
Tests which did not succeed, but are not blocking:
test-amd64-amd64-rumpuserxen-amd64 1 build-check(1) blocked n/a
test-amd64-i386-rumpuserxen-i386 1 build-check(1) blocked n/a
test-amd64-amd64-libvirt 12 migrate-support-check fail in 60674 never pass
test-amd64-amd64-xl-qemuu-ovmf-amd64 9 debian-hvm-install fail never pass
test-amd64-i386-xl-qemuu-ovmf-amd64 9 debian-hvm-install fail never pass
build-amd64-rumpuserxen 6 xen-build fail never pass
build-i386-rumpuserxen 6 xen-build fail never pass
test-armhf-armhf-xl 6 xen-boot fail never pass
test-armhf-armhf-libvirt-qcow2 6 xen-boot fail never pass
test-armhf-armhf-xl-raw 6 xen-boot fail never pass
test-armhf-armhf-xl-vhd 6 xen-boot fail never pass
test-armhf-armhf-libvirt-vhd 6 xen-boot fail never pass
test-armhf-armhf-xl-arndale 6 xen-boot fail never pass
test-armhf-armhf-xl-qcow2 6 xen-boot fail never pass
test-armhf-armhf-libvirt 6 xen-boot fail never pass
test-armhf-armhf-xl-multivcpu 6 xen-boot fail never pass
test-armhf-armhf-xl-credit2 6 xen-boot fail never pass
test-armhf-armhf-xl-cubietruck 6 xen-boot fail never pass
test-armhf-armhf-libvirt-raw 6 xen-boot fail never pass
test-amd64-i386-xl-qemut-win7-amd64 17 guest-stop fail never pass
test-amd64-i386-libvirt-raw 11 migrate-support-check fail never pass
test-amd64-i386-libvirt-vhd 11 migrate-support-check fail never pass
test-amd64-amd64-libvirt-raw 11 migrate-support-check fail never pass
test-amd64-i386-libvirt-qcow2 11 migrate-support-check fail never pass
test-amd64-amd64-libvirt-qcow2 11 migrate-support-check fail never pass
test-amd64-amd64-libvirt-vhd 11 migrate-support-check fail never pass
test-amd64-i386-xl-qemuu-win7-amd64 17 guest-stop fail never pass
test-amd64-amd64-xl-qemut-win7-amd64 17 guest-stop fail never pass
test-amd64-i386-xend-qemut-winxpsp3 21 leak-check/check fail never pass
version targeted for testing:
xen 3bcb2c062a02e3c45d3f87478d2cbe1a134d395c
baseline version:
xen e7c022977eb83822edb52919a3748ebfa5705b5d
Last test of basis 58884 2015-06-24 18:47:05 Z 53 days
Failing since 60151 2015-07-30 18:41:03 Z 17 days 4 attempts
Testing same since 60674 2015-08-12 13:40:25 Z 4 days 2 attempts
------------------------------------------------------------
People who touched revisions under test:
Andrew Cooper <andrew.cooper3@citrix.com>
David Scott <dave.scott@citrix.com>
Ian Campbell <ian,campbell@citrix.com>
Ian Campbell <ian.campbell@citrix.com>
Ian Jackson <ian.jackson@eu.citrix.com>
Jim Fehlig <jfehlig@suse.com>
Kevin Wolf <kwolf@redhat.com>
Konrad Rzeszutek Wilk <konrad.wilk@oracle.com>
Matthew Daley <mattjd@gmail.com>
Wei Liu <wei.liu2@citrix.com>
jobs:
build-amd64 pass
build-armhf pass
build-i386 pass
build-amd64-libvirt pass
build-armhf-libvirt pass
build-i386-libvirt pass
build-amd64-pvops pass
build-armhf-pvops pass
build-i386-pvops pass
build-amd64-rumpuserxen fail
build-i386-rumpuserxen fail
test-amd64-amd64-xl pass
test-armhf-armhf-xl fail
test-amd64-i386-xl pass
test-amd64-i386-qemut-rhel6hvm-amd pass
test-amd64-i386-qemuu-rhel6hvm-amd pass
test-amd64-amd64-xl-qemut-debianhvm-amd64 pass
test-amd64-i386-xl-qemut-debianhvm-amd64 pass
test-amd64-amd64-xl-qemuu-debianhvm-amd64 pass
test-amd64-i386-xl-qemuu-debianhvm-amd64 pass
test-amd64-i386-freebsd10-amd64 pass
test-amd64-amd64-xl-qemuu-ovmf-amd64 fail
test-amd64-i386-xl-qemuu-ovmf-amd64 fail
test-amd64-amd64-rumpuserxen-amd64 blocked
test-amd64-amd64-xl-qemut-win7-amd64 fail
test-amd64-i386-xl-qemut-win7-amd64 fail
test-amd64-amd64-xl-qemuu-win7-amd64 fail
test-amd64-i386-xl-qemuu-win7-amd64 fail
test-armhf-armhf-xl-arndale fail
test-amd64-amd64-xl-credit2 pass
test-armhf-armhf-xl-credit2 fail
test-armhf-armhf-xl-cubietruck fail
test-amd64-i386-freebsd10-i386 pass
test-amd64-i386-rumpuserxen-i386 blocked
test-amd64-i386-qemut-rhel6hvm-intel pass
test-amd64-i386-qemuu-rhel6hvm-intel pass
test-amd64-amd64-libvirt fail
test-armhf-armhf-libvirt fail
test-amd64-i386-libvirt fail
test-amd64-amd64-xl-multivcpu pass
test-armhf-armhf-xl-multivcpu fail
test-amd64-amd64-pair pass
test-amd64-i386-pair pass
test-amd64-amd64-pv pass
test-amd64-i386-pv pass
test-amd64-amd64-amd64-pvgrub pass
test-amd64-amd64-i386-pvgrub pass
test-amd64-amd64-pygrub pass
test-amd64-amd64-libvirt-qcow2 pass
test-armhf-armhf-libvirt-qcow2 fail
test-amd64-i386-libvirt-qcow2 pass
test-amd64-amd64-xl-qcow2 pass
test-armhf-armhf-xl-qcow2 fail
test-amd64-i386-xl-qcow2 pass
test-amd64-amd64-libvirt-raw pass
test-armhf-armhf-libvirt-raw fail
test-amd64-i386-libvirt-raw pass
test-amd64-amd64-xl-raw pass
test-armhf-armhf-xl-raw fail
test-amd64-i386-xl-raw pass
test-amd64-i386-xl-qemut-winxpsp3-vcpus1 pass
test-amd64-i386-xl-qemuu-winxpsp3-vcpus1 pass
test-amd64-amd64-libvirt-vhd pass
test-armhf-armhf-libvirt-vhd fail
test-amd64-i386-libvirt-vhd pass
test-amd64-amd64-xl-vhd pass
test-armhf-armhf-xl-vhd fail
test-amd64-i386-xl-vhd pass
test-amd64-i386-xend-qemut-winxpsp3 fail
test-amd64-amd64-xl-qemut-winxpsp3 pass
test-amd64-amd64-xl-qemuu-winxpsp3 pass
------------------------------------------------------------
sg-report-flight on osstest.test-lab.xenproject.org
logs: /home/logs/logs
images: /home/logs/images
Logs, config files, etc. are available at
http://logs.test-lab.xenproject.org/osstest/logs
Explanation of these reports, and of osstest in general, is at
http://xenbits.xen.org/gitweb/?p=osstest.git;a=blob;f=README.email;hb=master
http://xenbits.xen.org/gitweb/?p=osstest.git;a=blob;f=README;hb=master
Test harness code can be found at
http://xenbits.xen.org/gitweb?p=osstest.git;a=summary
Not pushing.
(No revision log; it would be 486 lines long.)
^ permalink raw reply [flat|nested] only message in thread
only message in thread, other threads:[~2015-08-17 3:30 UTC | newest]
Thread overview: (only message) (download: mbox.gz follow: Atom feed
-- links below jump to the message on this page --
2015-08-17 3:30 [xen-4.3-testing test] 60701: regressions - FAIL osstest service owner
This is a public inbox, see mirroring instructions
for how to clone and mirror all data and code used for this inbox;
as well as URLs for NNTP newsgroup(s).