From mboxrd@z Thu Jan 1 00:00:00 1970 From: osstest service owner Subject: [linux-4.1 test] 60746: regressions - FAIL Date: Wed, 19 Aug 2015 15:43:00 +0000 Message-ID: Mime-Version: 1.0 Content-Type: multipart/mixed; boundary="===============3714170272080574720==" Return-path: List-Unsubscribe: , List-Post: List-Help: List-Subscribe: , Sender: xen-devel-bounces@lists.xen.org Errors-To: xen-devel-bounces@lists.xen.org To: xen-devel@lists.xensource.com, osstest-admin@xenproject.org List-Id: xen-devel@lists.xenproject.org --===============3714170272080574720== Content-Length: 16746 Content-Transfer-Encoding: quoted-printable flight 60746 linux-4.1 real [real] http://logs.test-lab.xenproject.org/osstest/logs/60746/ Regressions :-( Tests which did not succeed and are blocking, including tests which could not be run: test-amd64-i386-xl-qemut-debianhvm-amd64-xsm 19 guest-start/debianhvm.repeat fail REGR. vs. 60654 Regressions which are regarded as allowable (not blocking): test-amd64-amd64-rumpuserxen-amd64 15 rumpuserxen-demo-xenstorels/xenstorels.repeat fail REGR. vs. 60654 test-amd64-i386-xl-xsm 14 guest-saverestore fail like 60654 test-amd64-i386-xl 14 guest-saverestore fail like 60654 test-amd64-i386-xl-qemut-stubdom-debianhvm-amd64-xsm 13 guest-localmigrate fail like 60654 test-amd64-i386-pair 21 guest-migrate/src_host/dst_host fail like 60654 test-armhf-armhf-xl-rtds 11 guest-start fail like 60654 test-amd64-amd64-xl-qemut-win7-amd64 17 guest-stop fail like 60654 test-amd64-amd64-xl-qemuu-win7-amd64 17 guest-stop fail like 60654 Tests which did not succeed, but are not blocking: test-amd64-amd64-xl-pvh-intel 14 guest-saverestore fail never pass test-amd64-i386-libvirt-xsm 12 migrate-support-check fail never pass test-amd64-i386-libvirt-xsm 14 guest-saverestore fail never pass test-armhf-armhf-xl-vhd 9 debian-di-install fail never pass test-armhf-armhf-libvirt-qcow2 9 debian-di-install fail never pass test-amd64-i386-libvirt 14 guest-saverestore fail never pass test-amd64-i386-libvirt 12 migrate-support-check fail never pass test-armhf-armhf-xl-qcow2 9 debian-di-install fail never pass test-armhf-armhf-xl-raw 9 debian-di-install fail never pass test-armhf-armhf-libvirt-vhd 9 debian-di-install fail never pass test-armhf-armhf-libvirt-raw 9 debian-di-install fail never pass test-amd64-amd64-xl-pvh-amd 11 guest-start fail never pass test-armhf-armhf-libvirt-xsm 12 migrate-support-check fail never pass test-armhf-armhf-libvirt-xsm 14 guest-saverestore fail never pass test-armhf-armhf-libvirt 14 guest-saverestore fail never pass test-armhf-armhf-libvirt 12 migrate-support-check fail never pass test-amd64-amd64-libvirt 12 migrate-support-check fail never pass test-amd64-amd64-libvirt-pair 21 guest-migrate/src_host/dst_host fail never pass test-amd64-amd64-libvirt-xsm 12 migrate-support-check fail never pass test-amd64-i386-libvirt-raw 11 migrate-support-check fail never pass test-armhf-armhf-xl-credit2 13 saverestore-support-check fail never pass test-armhf-armhf-xl-credit2 12 migrate-support-check fail never pass test-armhf-armhf-xl 12 migrate-support-check fail never pass test-armhf-armhf-xl 13 saverestore-support-check fail never pass test-amd64-amd64-libvirt-qemuu-debianhvm-amd64-xsm 10 migrate-support-check fail never pass test-amd64-amd64-libvirt-raw 11 migrate-support-check fail never pass test-amd64-i386-libvirt-pair 21 guest-migrate/src_host/dst_host fail never pass test-amd64-i386-libvirt-qcow2 11 migrate-support-check fail never pass test-amd64-i386-libvirt-qemuu-debianhvm-amd64-xsm 10 migrate-support-check fail never pass test-armhf-armhf-xl-multivcpu 13 saverestore-support-check fail never pass test-armhf-armhf-xl-multivcpu 12 migrate-support-check fail never pass test-amd64-amd64-libvirt-vhd 11 migrate-support-check fail never pass test-armhf-armhf-xl-cubietruck 12 migrate-support-check fail never pass test-armhf-armhf-xl-cubietruck 13 saverestore-support-check fail never pass test-amd64-i386-libvirt-vhd 11 migrate-support-check fail never pass test-amd64-i386-xl-qemuu-win7-amd64 17 guest-stop fail never pass test-armhf-armhf-xl-xsm 13 saverestore-support-check fail never pass test-armhf-armhf-xl-xsm 12 migrate-support-check fail never pass test-amd64-i386-xl-qemut-win7-amd64 17 guest-stop fail never pass test-amd64-amd64-libvirt-qcow2 11 migrate-support-check fail never pass test-armhf-armhf-xl-arndale 12 migrate-support-check fail never pass test-armhf-armhf-xl-arndale 13 saverestore-support-check fail never pass version targeted for testing: linux 4ff62ca06c0c0b084f585f7a2cfcf832b21d94fc baseline version: linux 352cb8677f83a6cf2139151578c8c79785d2d4bf Last test of basis 60654 2015-08-10 20:42:06 Z 8 days Testing same since 60746 2015-08-17 05:53:13 Z 2 days 1 attempts ------------------------------------------------------------ People who touched revisions under test: Adam Williamson Alan Stern Alex Deucher Amanieu d'Antras Anatol Pomozov Andrew Morton Andy Lutomirski Arkadiusz Mi=C5=9Bkiewicz Axel Lin Ben Zhang Benjamin Randazzo Bjorn Helgaas Borislav Petkov Brian King Brian Norris Chris Wilson Christoph Hellwig Cyrille Pitchen Dan Carpenter Daniel Mack Daniel Vetter Daniel Vetter David Daney David S. Miller David Vrabel Davidlohr Bueso Denis Carikli Dirk Behme Dmitry Torokhov Doug Ledford Eduardo Valentin Fang, Yang A Felipe Balbi Felix Fietkau Florian Fainelli Gavin Shan Greg Kroah-Hartman Guenter Roeck Hans de Goede Herbert Xu Hugh Dickins Hui Wang Ilya Dryomov Ingo Molnar J. Bruce Fields James Bottomley James Cowgill James Hogan Jan C Peters Jan Kara Javier Martinez Canillas Jeff Layton Jeff Layton Joe Thornber Johan Hedberg Johan Hovold Johannes Oertei Joseph Qi Kalle Valo Kinglong Mee Kishon Vijay Abraham I Krzysztof Kozlowski Krzysztof Kozlowski Lars-Peter Clausen Leonidas Da Silva Barbosa Leonidas S. Barbosa Linus Torvalds Ludovic Desroches Lukasz Majewski Malcolm Priestley Marcel Holtmann Marcus Gelderie Marek Belisko Marek Marczykowski-G=C3=B3recki Mark Brown Martin Schwidefsky Mathias Nyman Michael Kerrisk Michael S. Tsirkin Michael Turquette Michal Hocko Michal Kazior Mike Snitzer Murali Karicheri NeilBrown NeilBrown Nicolas Ferre Olof Johansson Pali Roh=C3=A1r Paolo Bonzini Paul Walmsley Peter Chen Pieter Hollants Ralf Baechle Reinhard Speyerer Roger Quadros Santosh Shilimkar Scott Wood Shawn Guo Shilpa Sreeramalu Tadeusz Struk Takashi Iwai Takashi Sakamoto Tony Lindgren Vinod Koul Wang Kai Wen Xiong jobs: build-amd64-xsm pass build-armhf-xsm pass build-i386-xsm pass build-amd64 pass build-armhf pass build-i386 pass build-amd64-libvirt pass build-armhf-libvirt pass build-i386-libvirt pass build-amd64-pvops pass build-armhf-pvops pass build-i386-pvops pass build-amd64-rumpuserxen pass build-i386-rumpuserxen pass test-amd64-amd64-xl pass test-armhf-armhf-xl pass test-amd64-i386-xl fail test-amd64-amd64-xl-qemut-debianhvm-amd64-xsm pass test-amd64-i386-xl-qemut-debianhvm-amd64-xsm fail test-amd64-amd64-libvirt-qemuu-debianhvm-amd64-xsm pass test-amd64-i386-libvirt-qemuu-debianhvm-amd64-xsm pass test-amd64-amd64-xl-qemuu-debianhvm-amd64-xsm pass test-amd64-i386-xl-qemuu-debianhvm-amd64-xsm pass test-amd64-amd64-xl-qemut-stubdom-debianhvm-amd64-xsm pass test-amd64-i386-xl-qemut-stubdom-debianhvm-amd64-xsm fail test-amd64-amd64-libvirt-xsm pass test-armhf-armhf-libvirt-xsm fail test-amd64-i386-libvirt-xsm fail test-amd64-amd64-xl-xsm pass test-armhf-armhf-xl-xsm pass test-amd64-i386-xl-xsm fail test-amd64-amd64-xl-pvh-amd fail test-amd64-i386-qemut-rhel6hvm-amd pass test-amd64-i386-qemuu-rhel6hvm-amd pass test-amd64-amd64-xl-qemut-debianhvm-amd64 pass test-amd64-i386-xl-qemut-debianhvm-amd64 pass test-amd64-amd64-xl-qemuu-debianhvm-amd64 pass test-amd64-i386-xl-qemuu-debianhvm-amd64 pass test-amd64-i386-freebsd10-amd64 pass test-amd64-amd64-xl-qemuu-ovmf-amd64 pass test-amd64-i386-xl-qemuu-ovmf-amd64 pass test-amd64-amd64-rumpuserxen-amd64 fail test-amd64-amd64-xl-qemut-win7-amd64 fail test-amd64-i386-xl-qemut-win7-amd64 fail test-amd64-amd64-xl-qemuu-win7-amd64 fail test-amd64-i386-xl-qemuu-win7-amd64 fail test-armhf-armhf-xl-arndale pass test-amd64-amd64-xl-credit2 pass test-armhf-armhf-xl-credit2 pass test-armhf-armhf-xl-cubietruck pass test-amd64-i386-freebsd10-i386 pass test-amd64-i386-rumpuserxen-i386 pass test-amd64-amd64-xl-pvh-intel fail test-amd64-i386-qemut-rhel6hvm-intel pass test-amd64-i386-qemuu-rhel6hvm-intel pass test-amd64-amd64-libvirt pass test-armhf-armhf-libvirt fail test-amd64-i386-libvirt fail test-amd64-amd64-xl-multivcpu pass test-armhf-armhf-xl-multivcpu pass test-amd64-amd64-pair pass test-amd64-i386-pair fail test-amd64-amd64-libvirt-pair fail test-amd64-i386-libvirt-pair fail test-amd64-amd64-amd64-pvgrub pass test-amd64-amd64-i386-pvgrub pass test-amd64-amd64-pygrub pass test-amd64-amd64-libvirt-qcow2 pass test-armhf-armhf-libvirt-qcow2 fail test-amd64-i386-libvirt-qcow2 pass test-amd64-amd64-xl-qcow2 pass test-armhf-armhf-xl-qcow2 fail test-amd64-i386-xl-qcow2 pass test-amd64-amd64-libvirt-raw pass test-armhf-armhf-libvirt-raw fail test-amd64-i386-libvirt-raw pass test-amd64-amd64-xl-raw pass test-armhf-armhf-xl-raw fail test-amd64-i386-xl-raw pass test-amd64-amd64-xl-rtds pass test-armhf-armhf-xl-rtds fail test-amd64-i386-xl-qemut-winxpsp3-vcpus1 pass test-amd64-i386-xl-qemuu-winxpsp3-vcpus1 pass test-amd64-amd64-libvirt-vhd pass test-armhf-armhf-libvirt-vhd fail test-amd64-i386-libvirt-vhd pass test-amd64-amd64-xl-vhd pass test-armhf-armhf-xl-vhd fail test-amd64-i386-xl-vhd pass test-amd64-amd64-xl-qemut-winxpsp3 pass test-amd64-i386-xl-qemut-winxpsp3 pass test-amd64-amd64-xl-qemuu-winxpsp3 pass test-amd64-i386-xl-qemuu-winxpsp3 pass ------------------------------------------------------------ sg-report-flight on osstest.test-lab.xenproject.org logs: /home/logs/logs images: /home/logs/images Logs, config files, etc. are available at http://logs.test-lab.xenproject.org/osstest/logs Explanation of these reports, and of osstest in general, is at http://xenbits.xen.org/gitweb/=3Fp=3Dosstest.git;a=3Dblob;f=3DREADME.email;hb=3Dmaster http://xenbits.xen.org/gitweb/=3Fp=3Dosstest.git;a=3Dblob;f=3DREADME;hb=3Dmaster Test harness code can be found at http://xenbits.xen.org/gitweb=3Fp=3Dosstest.git;a=3Dsummary Not pushing. (No revision log; it would be 3125 lines long.) --===============3714170272080574720== Content-Type: text/plain; charset="us-ascii" MIME-Version: 1.0 Content-Transfer-Encoding: 7bit Content-Disposition: inline _______________________________________________ Xen-devel mailing list Xen-devel@lists.xen.org http://lists.xen.org/xen-devel --===============3714170272080574720==--