xen-devel.lists.xenproject.org archive mirror
 help / color / mirror / Atom feed
From: osstest service owner <osstest-admin@xenproject.org>
To: xen-devel@lists.xensource.com, osstest-admin@xenproject.org
Subject: [ovmf test] 61081: regressions - FAIL
Date: Tue, 01 Sep 2015 09:28:10 +0000	[thread overview]
Message-ID: <osstest-61081-mainreport@xen.org> (raw)

flight 61081 ovmf real [real]
http://logs.test-lab.xenproject.org/osstest/logs/61081/

Regressions :-(

Tests which did not succeed and are blocking,
including tests which could not be run:
 build-i386-xsm                5 xen-build                 fail REGR. vs. 60869
 build-i386                    5 xen-build                 fail REGR. vs. 60869
 build-amd64-xsm               5 xen-build                 fail REGR. vs. 60869
 test-amd64-amd64-xl-qemuu-ovmf-amd64 9 debian-hvm-install fail REGR. vs. 60869

Tests which did not succeed, but are not blocking:
 build-i386-libvirt            1 build-check(1)               blocked  n/a
 test-amd64-i386-xl-qemuu-ovmf-amd64  1 build-check(1)              blocked n/a

version targeted for testing:
 ovmf                 ead7cb12d5b0e23b55e47f38a8a0675958783668
baseline version:
 ovmf                 ba1806251ff8ff695175b92ab5732eadbcd2f72e

Last test of basis    60869  2015-08-25 03:03:43 Z    7 days
Failing since         60904  2015-08-27 01:40:43 Z    5 days    5 attempts
Testing same since    60968  2015-08-28 16:45:03 Z    3 days    4 attempts

------------------------------------------------------------
People who touched revisions under test:
  Ard Biesheuvel <ard.biesheuvel@linaro.org>
  Cecil Sheng <cecil.sheng@hp.com>
  Dandan Bi <dandan.bi@intel.com>
  eric Dong <eric.dong@intel.com>
  Feng Tian <feng.tian@intel.com>
  Gary Ching-Pang Lin <glin@suse.com>
  Hao Wu <hao.a.wu@intel.com>
  Jeff Fan <jeff.fan@intel.com>
  Jiaxin Wu <jiaxin.wu@intel.com>
  Laszlo Ersek <lersek@redhat.com>
  Liming Gao <liming.gao@intel.com>
  Qin Long <qin.long@intel.com>
  Qiu Shumin <shumin.qiu@intel.com>
  Ruiyu Ni <ruiyu.ni@intel.com>
  Star Zeng <star.zeng@intel.com>
  Sunny Wang <sunnywang@hpe.com>
  Yingke Liu <yingke.d.liu@intel.com>

jobs:
 build-amd64-xsm                                              fail    
 build-i386-xsm                                               fail    
 build-amd64                                                  pass    
 build-i386                                                   fail    
 build-amd64-libvirt                                          pass    
 build-i386-libvirt                                           blocked 
 build-amd64-pvops                                            pass    
 build-i386-pvops                                             pass    
 test-amd64-amd64-xl-qemuu-ovmf-amd64                         fail    
 test-amd64-i386-xl-qemuu-ovmf-amd64                          blocked 


------------------------------------------------------------
sg-report-flight on osstest.test-lab.xenproject.org
logs: /home/logs/logs
images: /home/logs/images

Logs, config files, etc. are available at
    http://logs.test-lab.xenproject.org/osstest/logs

Explanation of these reports, and of osstest in general, is at
    http://xenbits.xen.org/gitweb/?p=osstest.git;a=blob;f=README.email;hb=master
    http://xenbits.xen.org/gitweb/?p=osstest.git;a=blob;f=README;hb=master

Test harness code can be found at
    http://xenbits.xen.org/gitweb?p=osstest.git;a=summary


Not pushing.

(No revision log; it would be 1118 lines long.)

                 reply	other threads:[~2015-09-01  9:28 UTC|newest]

Thread overview: [no followups] expand[flat|nested]  mbox.gz  Atom feed

Reply instructions:

You may reply publicly to this message via plain-text email
using any one of the following methods:

* Save the following mbox file, import it into your mail client,
  and reply-to-all from there: mbox

  Avoid top-posting and favor interleaved quoting:
  https://en.wikipedia.org/wiki/Posting_style#Interleaved_style

* Reply using the --to, --cc, and --in-reply-to
  switches of git-send-email(1):

  git send-email \
    --in-reply-to=osstest-61081-mainreport@xen.org \
    --to=osstest-admin@xenproject.org \
    --cc=xen-devel@lists.xensource.com \
    /path/to/YOUR_REPLY

  https://kernel.org/pub/software/scm/git/docs/git-send-email.html

* If your mail client supports setting the In-Reply-To header
  via mailto: links, try the mailto: link
Be sure your reply has a Subject: header at the top and a blank line before the message body.
This is a public inbox, see mirroring instructions
for how to clone and mirror all data and code used for this inbox;
as well as URLs for NNTP newsgroup(s).