From mboxrd@z Thu Jan 1 00:00:00 1970 From: osstest service owner Subject: [ovmf test] 61081: regressions - FAIL Date: Tue, 01 Sep 2015 09:28:10 +0000 Message-ID: Mime-Version: 1.0 Content-Type: text/plain; charset="us-ascii" Content-Transfer-Encoding: 7bit Return-path: List-Unsubscribe: , List-Post: List-Help: List-Subscribe: , Sender: xen-devel-bounces@lists.xen.org Errors-To: xen-devel-bounces@lists.xen.org To: xen-devel@lists.xensource.com, osstest-admin@xenproject.org List-Id: xen-devel@lists.xenproject.org flight 61081 ovmf real [real] http://logs.test-lab.xenproject.org/osstest/logs/61081/ Regressions :-( Tests which did not succeed and are blocking, including tests which could not be run: build-i386-xsm 5 xen-build fail REGR. vs. 60869 build-i386 5 xen-build fail REGR. vs. 60869 build-amd64-xsm 5 xen-build fail REGR. vs. 60869 test-amd64-amd64-xl-qemuu-ovmf-amd64 9 debian-hvm-install fail REGR. vs. 60869 Tests which did not succeed, but are not blocking: build-i386-libvirt 1 build-check(1) blocked n/a test-amd64-i386-xl-qemuu-ovmf-amd64 1 build-check(1) blocked n/a version targeted for testing: ovmf ead7cb12d5b0e23b55e47f38a8a0675958783668 baseline version: ovmf ba1806251ff8ff695175b92ab5732eadbcd2f72e Last test of basis 60869 2015-08-25 03:03:43 Z 7 days Failing since 60904 2015-08-27 01:40:43 Z 5 days 5 attempts Testing same since 60968 2015-08-28 16:45:03 Z 3 days 4 attempts ------------------------------------------------------------ People who touched revisions under test: Ard Biesheuvel Cecil Sheng Dandan Bi eric Dong Feng Tian Gary Ching-Pang Lin Hao Wu Jeff Fan Jiaxin Wu Laszlo Ersek Liming Gao Qin Long Qiu Shumin Ruiyu Ni Star Zeng Sunny Wang Yingke Liu jobs: build-amd64-xsm fail build-i386-xsm fail build-amd64 pass build-i386 fail build-amd64-libvirt pass build-i386-libvirt blocked build-amd64-pvops pass build-i386-pvops pass test-amd64-amd64-xl-qemuu-ovmf-amd64 fail test-amd64-i386-xl-qemuu-ovmf-amd64 blocked ------------------------------------------------------------ sg-report-flight on osstest.test-lab.xenproject.org logs: /home/logs/logs images: /home/logs/images Logs, config files, etc. are available at http://logs.test-lab.xenproject.org/osstest/logs Explanation of these reports, and of osstest in general, is at http://xenbits.xen.org/gitweb/?p=osstest.git;a=blob;f=README.email;hb=master http://xenbits.xen.org/gitweb/?p=osstest.git;a=blob;f=README;hb=master Test harness code can be found at http://xenbits.xen.org/gitweb?p=osstest.git;a=summary Not pushing. (No revision log; it would be 1118 lines long.)