From mboxrd@z Thu Jan 1 00:00:00 1970 From: osstest service owner Subject: [libvirt test] 61129: regressions - FAIL Date: Tue, 01 Sep 2015 12:38:31 +0000 Message-ID: Mime-Version: 1.0 Content-Type: multipart/mixed; boundary="===============8474366474946610161==" Return-path: List-Unsubscribe: , List-Post: List-Help: List-Subscribe: , Sender: xen-devel-bounces@lists.xen.org Errors-To: xen-devel-bounces@lists.xen.org To: xen-devel@lists.xensource.com, osstest-admin@xenproject.org List-Id: xen-devel@lists.xenproject.org --===============8474366474946610161== Content-Length: 6481 Content-Transfer-Encoding: quoted-printable flight 61129 libvirt real [real] http://logs.test-lab.xenproject.org/osstest/logs/61129/ Regressions :-( Tests which did not succeed and are blocking, including tests which could not be run: build-i386-pvops 5 kernel-build fail REGR. vs. 60848 build-i386 5 xen-build fail REGR. vs. 60848 build-amd64-xsm 5 xen-build fail REGR. vs. 60848 build-i386-xsm 5 xen-build fail REGR. vs. 60848 build-amd64 5 xen-build fail REGR. vs. 60848 Tests which did not succeed, but are not blocking: build-amd64-libvirt 1 build-check(1) blocked n/a build-i386-libvirt 1 build-check(1) blocked n/a test-amd64-amd64-libvirt 1 build-check(1) blocked n/a test-amd64-amd64-libvirt-pair 1 build-check(1) blocked n/a test-amd64-i386-libvirt-pair 1 build-check(1) blocked n/a test-amd64-amd64-libvirt-qemuu-debianhvm-amd64-xsm 1 build-check(1) blocked n/a test-amd64-amd64-libvirt-qcow2 1 build-check(1) blocked n/a test-amd64-i386-libvirt-qemuu-debianhvm-amd64-xsm 1 build-check(1) blocked n/a test-amd64-i386-libvirt 1 build-check(1) blocked n/a test-amd64-i386-libvirt-xsm 1 build-check(1) blocked n/a test-amd64-amd64-libvirt-vhd 1 build-check(1) blocked n/a test-amd64-amd64-libvirt-xsm 1 build-check(1) blocked n/a test-amd64-i386-libvirt-vhd 1 build-check(1) blocked n/a test-amd64-i386-libvirt-qcow2 1 build-check(1) blocked n/a test-amd64-i386-libvirt-raw 1 build-check(1) blocked n/a test-amd64-amd64-libvirt-raw 1 build-check(1) blocked n/a test-armhf-armhf-libvirt-vhd 9 debian-di-install fail never pass test-armhf-armhf-libvirt-qcow2 9 debian-di-install fail never pass test-armhf-armhf-libvirt 14 guest-saverestore fail never pass test-armhf-armhf-libvirt 12 migrate-support-check fail never pass test-armhf-armhf-libvirt-raw 9 debian-di-install fail never pass test-armhf-armhf-libvirt-xsm 12 migrate-support-check fail never pass test-armhf-armhf-libvirt-xsm 14 guest-saverestore fail never pass version targeted for testing: libvirt a0d2ceb32fe477adbc81fe415549bf495b0c529f baseline version: libvirt 7dc52241b314adb19ca4f0af156d772e3d5a29a5 Last test of basis 60848 2015-08-23 18:44:07 Z 8 days Failing since 60880 2015-08-25 23:18:39 Z 6 days 4 attempts Testing same since 61129 2015-09-01 00:33:38 Z 0 days 1 attempts ------------------------------------------------------------ People who touched revisions under test: Daniel P. Berrange Erik Skultety Guido G=C3=BCnther ik.nitk intrigeri Jim Fehlig John Ferlan Laine Stump Luyao Huang Martin Kletzander Michal Privoznik Moshe Levi Peter Kieser Sergey Bronnikov Tomas Meszaros Vasiliy Tolstov jobs: build-amd64-xsm fail build-armhf-xsm pass build-i386-xsm fail build-amd64 fail build-armhf pass build-i386 fail build-amd64-libvirt blocked build-armhf-libvirt pass build-i386-libvirt blocked build-amd64-pvops pass build-armhf-pvops pass build-i386-pvops fail test-amd64-amd64-libvirt-qemuu-debianhvm-amd64-xsm blocked test-amd64-i386-libvirt-qemuu-debianhvm-amd64-xsm blocked test-amd64-amd64-libvirt-xsm blocked test-armhf-armhf-libvirt-xsm fail test-amd64-i386-libvirt-xsm blocked test-amd64-amd64-libvirt blocked test-armhf-armhf-libvirt fail test-amd64-i386-libvirt blocked test-amd64-amd64-libvirt-pair blocked test-amd64-i386-libvirt-pair blocked test-amd64-amd64-libvirt-qcow2 blocked test-armhf-armhf-libvirt-qcow2 fail test-amd64-i386-libvirt-qcow2 blocked test-amd64-amd64-libvirt-raw blocked test-armhf-armhf-libvirt-raw fail test-amd64-i386-libvirt-raw blocked test-amd64-amd64-libvirt-vhd blocked test-armhf-armhf-libvirt-vhd fail test-amd64-i386-libvirt-vhd blocked ------------------------------------------------------------ sg-report-flight on osstest.test-lab.xenproject.org logs: /home/logs/logs images: /home/logs/images Logs, config files, etc. are available at http://logs.test-lab.xenproject.org/osstest/logs Explanation of these reports, and of osstest in general, is at http://xenbits.xen.org/gitweb/=3Fp=3Dosstest.git;a=3Dblob;f=3DREADME.email;hb=3Dmaster http://xenbits.xen.org/gitweb/=3Fp=3Dosstest.git;a=3Dblob;f=3DREADME;hb=3Dmaster Test harness code can be found at http://xenbits.xen.org/gitweb=3Fp=3Dosstest.git;a=3Dsummary Not pushing. (No revision log; it would be 676 lines long.) --===============8474366474946610161== Content-Type: text/plain; charset="us-ascii" MIME-Version: 1.0 Content-Transfer-Encoding: 7bit Content-Disposition: inline _______________________________________________ Xen-devel mailing list Xen-devel@lists.xen.org http://lists.xen.org/xen-devel --===============8474366474946610161==--