xen-devel.lists.xenproject.org archive mirror
 help / color / mirror / Atom feed
* [libvirt test] 61129: regressions - FAIL
@ 2015-09-01 12:38 osstest service owner
  0 siblings, 0 replies; only message in thread
From: osstest service owner @ 2015-09-01 12:38 UTC (permalink / raw)
  To: xen-devel, osstest-admin

[-- Warning: decoded text below may be mangled, UTF-8 assumed --]
[-- Attachment #1: Type: text/plain, Size: 6374 bytes --]

flight 61129 libvirt real [real]
http://logs.test-lab.xenproject.org/osstest/logs/61129/

Regressions :-(

Tests which did not succeed and are blocking,
including tests which could not be run:
 build-i386-pvops              5 kernel-build              fail REGR. vs. 60848
 build-i386                    5 xen-build                 fail REGR. vs. 60848
 build-amd64-xsm               5 xen-build                 fail REGR. vs. 60848
 build-i386-xsm                5 xen-build                 fail REGR. vs. 60848
 build-amd64                   5 xen-build                 fail REGR. vs. 60848

Tests which did not succeed, but are not blocking:
 build-amd64-libvirt           1 build-check(1)               blocked  n/a
 build-i386-libvirt            1 build-check(1)               blocked  n/a
 test-amd64-amd64-libvirt      1 build-check(1)               blocked  n/a
 test-amd64-amd64-libvirt-pair  1 build-check(1)               blocked  n/a
 test-amd64-i386-libvirt-pair  1 build-check(1)               blocked  n/a
 test-amd64-amd64-libvirt-qemuu-debianhvm-amd64-xsm 1 build-check(1) blocked n/a
 test-amd64-amd64-libvirt-qcow2  1 build-check(1)               blocked  n/a
 test-amd64-i386-libvirt-qemuu-debianhvm-amd64-xsm 1 build-check(1) blocked n/a
 test-amd64-i386-libvirt       1 build-check(1)               blocked  n/a
 test-amd64-i386-libvirt-xsm   1 build-check(1)               blocked  n/a
 test-amd64-amd64-libvirt-vhd  1 build-check(1)               blocked  n/a
 test-amd64-amd64-libvirt-xsm  1 build-check(1)               blocked  n/a
 test-amd64-i386-libvirt-vhd   1 build-check(1)               blocked  n/a
 test-amd64-i386-libvirt-qcow2  1 build-check(1)               blocked  n/a
 test-amd64-i386-libvirt-raw   1 build-check(1)               blocked  n/a
 test-amd64-amd64-libvirt-raw  1 build-check(1)               blocked  n/a
 test-armhf-armhf-libvirt-vhd  9 debian-di-install            fail   never pass
 test-armhf-armhf-libvirt-qcow2  9 debian-di-install            fail never pass
 test-armhf-armhf-libvirt     14 guest-saverestore            fail   never pass
 test-armhf-armhf-libvirt     12 migrate-support-check        fail   never pass
 test-armhf-armhf-libvirt-raw  9 debian-di-install            fail   never pass
 test-armhf-armhf-libvirt-xsm 12 migrate-support-check        fail   never pass
 test-armhf-armhf-libvirt-xsm 14 guest-saverestore            fail   never pass

version targeted for testing:
 libvirt              a0d2ceb32fe477adbc81fe415549bf495b0c529f
baseline version:
 libvirt              7dc52241b314adb19ca4f0af156d772e3d5a29a5

Last test of basis    60848  2015-08-23 18:44:07 Z    8 days
Failing since         60880  2015-08-25 23:18:39 Z    6 days    4 attempts
Testing same since    61129  2015-09-01 00:33:38 Z    0 days    1 attempts

------------------------------------------------------------
People who touched revisions under test:
  Daniel P. Berrange <berrange@redhat.com>
  Erik Skultety <eskultet@redhat.com>
  Guido Günther <agx@sigxcpu.org>
  ik.nitk <ik.nitk@gmail.com>
  intrigeri <intrigeri@debian.org>
  Jim Fehlig <jfehlig@suse.com>
  John Ferlan <jferlan@redhat.com>
  Laine Stump <laine@laine.org>
  Luyao Huang <lhuang@redhat.com>
  Martin Kletzander <mkletzan@redhat.com>
  Michal Privoznik <mprivozn@redhat.com>
  Moshe Levi <moshele@mellanox.com>
  Peter Kieser <peter@kieser.ca>
  Sergey Bronnikov <sergeyb@openvz.org>
  Tomas Meszaros <exo@tty.sk>
  Vasiliy Tolstov <v.tolstov@selfip.ru>

jobs:
 build-amd64-xsm                                              fail
 build-armhf-xsm                                              pass
 build-i386-xsm                                               fail
 build-amd64                                                  fail
 build-armhf                                                  pass
 build-i386                                                   fail
 build-amd64-libvirt                                          blocked
 build-armhf-libvirt                                          pass
 build-i386-libvirt                                           blocked
 build-amd64-pvops                                            pass
 build-armhf-pvops                                            pass
 build-i386-pvops                                             fail
 test-amd64-amd64-libvirt-qemuu-debianhvm-amd64-xsm           blocked
 test-amd64-i386-libvirt-qemuu-debianhvm-amd64-xsm            blocked
 test-amd64-amd64-libvirt-xsm                                 blocked
 test-armhf-armhf-libvirt-xsm                                 fail
 test-amd64-i386-libvirt-xsm                                  blocked
 test-amd64-amd64-libvirt                                     blocked
 test-armhf-armhf-libvirt                                     fail
 test-amd64-i386-libvirt                                      blocked
 test-amd64-amd64-libvirt-pair                                blocked
 test-amd64-i386-libvirt-pair                                 blocked
 test-amd64-amd64-libvirt-qcow2                               blocked
 test-armhf-armhf-libvirt-qcow2                               fail
 test-amd64-i386-libvirt-qcow2                                blocked
 test-amd64-amd64-libvirt-raw                                 blocked
 test-armhf-armhf-libvirt-raw                                 fail
 test-amd64-i386-libvirt-raw                                  blocked
 test-amd64-amd64-libvirt-vhd                                 blocked
 test-armhf-armhf-libvirt-vhd                                 fail
 test-amd64-i386-libvirt-vhd                                  blocked


------------------------------------------------------------
sg-report-flight on osstest.test-lab.xenproject.org
logs: /home/logs/logs
images: /home/logs/images

Logs, config files, etc. are available at
    http://logs.test-lab.xenproject.org/osstest/logs

Explanation of these reports, and of osstest in general, is at
    http://xenbits.xen.org/gitweb/?p=osstest.git;a=blob;f=README.email;hb=master
    http://xenbits.xen.org/gitweb/?p=osstest.git;a=blob;f=README;hb=master

Test harness code can be found at
    http://xenbits.xen.org/gitweb?p=osstest.git;a=summary


Not pushing.

(No revision log; it would be 676 lines long.)


[-- Attachment #2: Type: text/plain, Size: 126 bytes --]

_______________________________________________
Xen-devel mailing list
Xen-devel@lists.xen.org
http://lists.xen.org/xen-devel

^ permalink raw reply	[flat|nested] only message in thread

only message in thread, other threads:[~2015-09-01 12:38 UTC | newest]

Thread overview: (only message) (download: mbox.gz follow: Atom feed
-- links below jump to the message on this page --
2015-09-01 12:38 [libvirt test] 61129: regressions - FAIL osstest service owner

This is a public inbox, see mirroring instructions
for how to clone and mirror all data and code used for this inbox;
as well as URLs for NNTP newsgroup(s).