xen-devel.lists.xenproject.org archive mirror
 help / color / mirror / Atom feed
* [linux-3.14 test] 61316: regressions - trouble: broken/fail/pass
@ 2015-09-05  5:23 osstest service owner
  0 siblings, 0 replies; only message in thread
From: osstest service owner @ 2015-09-05  5:23 UTC (permalink / raw)
  To: xen-devel, osstest-admin

[-- Warning: decoded text below may be mangled, UTF-8 assumed --]
[-- Attachment #1: Type: text/plain, Size: 26508 bytes --]

flight 61316 linux-3.14 real [real]
http://logs.test-lab.xenproject.org/osstest/logs/61316/

Regressions :-(

Tests which did not succeed and are blocking,
including tests which could not be run:
 build-amd64-rumpuserxen      5 rumpuserxen-build fail in 61096 REGR. vs. 60666
 build-i386-xsm                5 xen-build        fail in 61096 REGR. vs. 60666
 build-armhf                   5 xen-build        fail in 61096 REGR. vs. 60666
 test-amd64-i386-xl-vhd      13 guest-saverestore fail in 61263 REGR. vs. 60666
 test-amd64-i386-xl-qcow2    13 guest-saverestore fail in 61263 REGR. vs. 60666
 test-amd64-amd64-xl-vhd      19 guest-start.2    fail in 61263 REGR. vs. 60666
 test-amd64-amd64-xl-qcow2    19 guest-start.2    fail in 61263 REGR. vs. 60666

Tests which are failing intermittently (not blocking):
 test-amd64-i386-qemut-rhel6hvm-intel  3 host-install(3)   broken pass in 61263
 test-amd64-i386-xl-vhd        3 host-install(3)           broken pass in 61263
 test-amd64-i386-xl-qcow2      3 host-install(3)           broken pass in 61263
 test-amd64-amd64-xl-vhd       3 host-install(3)           broken pass in 61263
 test-amd64-amd64-libvirt-qcow2  3 host-install(3)         broken pass in 61263
 test-amd64-i386-libvirt       3 host-install(3)           broken pass in 61263
 test-amd64-amd64-xl-pvh-intel  3 host-install(3)          broken pass in 61263
 test-amd64-i386-xl-xsm        3 host-install(3)           broken pass in 61263
 test-amd64-i386-xl            3 host-install(3)           broken pass in 61263
 test-amd64-i386-xl-qemut-stubdom-debianhvm-amd64-xsm 3 host-install(3) broken pass in 61263
 test-amd64-i386-xl-qemuu-ovmf-amd64  3 host-install(3)    broken pass in 61263
 test-amd64-amd64-xl-credit2   3 host-install(3)           broken pass in 61263
 test-amd64-i386-qemut-rhel6hvm-amd  3 host-install(3)     broken pass in 61263
 test-amd64-amd64-libvirt-raw  3 host-install(3)           broken pass in 61263
 test-amd64-i386-xl-qemuu-win7-amd64  3 host-install(3)    broken pass in 61263
 test-amd64-amd64-xl-pvh-amd   3 host-install(3)           broken pass in 61263
 test-amd64-i386-freebsd10-i386  3 host-install(3)         broken pass in 61263
 test-amd64-amd64-libvirt-vhd  3 host-install(3)           broken pass in 61263
 test-amd64-i386-libvirt-xsm   3 host-install(3)           broken pass in 61263
 test-amd64-i386-libvirt-vhd   3 host-install(3)           broken pass in 61263
 test-amd64-i386-xl-qemuu-debianhvm-amd64 3 host-install(3) broken pass in 61263
 test-amd64-i386-qemuu-rhel6hvm-amd  3 host-install(3)     broken pass in 61263
 test-amd64-i386-xl-raw        3 host-install(3)           broken pass in 61263
 test-amd64-amd64-rumpuserxen-amd64  3 host-install(3)     broken pass in 61263
 test-amd64-i386-rumpuserxen-i386  3 host-install(3)       broken pass in 61263
 test-amd64-amd64-libvirt      3 host-install(3)           broken pass in 61263
 test-amd64-amd64-xl-qemut-winxpsp3  3 host-install(3)     broken pass in 61263
 test-amd64-i386-libvirt-raw   3 host-install(3)           broken pass in 61263
 test-amd64-amd64-xl-xsm       3 host-install(3)           broken pass in 61263
 test-amd64-i386-qemuu-rhel6hvm-intel  3 host-install(3)   broken pass in 61263
 test-amd64-i386-freebsd10-amd64  3 host-install(3)        broken pass in 61263
 test-amd64-i386-xl-qemut-debianhvm-amd64 3 host-install(3) broken pass in 61263
 test-amd64-i386-xl-qemut-win7-amd64  3 host-install(3)    broken pass in 61263
 test-amd64-amd64-xl-qcow2     3 host-install(3)           broken pass in 61263
 test-amd64-i386-xl-qemuu-debianhvm-amd64-xsm 3 host-install(3) broken pass in 61263
 test-amd64-amd64-xl-qemuu-win7-amd64  3 host-install(3)   broken pass in 61263
 test-amd64-amd64-xl-multivcpu  3 host-install(3)          broken pass in 61263
 test-amd64-amd64-xl-qemuu-ovmf-amd64  3 host-install(3)   broken pass in 61263
 test-amd64-amd64-i386-pvgrub  3 host-install(3)           broken pass in 61263
 test-amd64-amd64-xl-qemut-win7-amd64  3 host-install(3)   broken pass in 61263
 test-amd64-i386-libvirt-qemuu-debianhvm-amd64-xsm 3 host-install(3) broken pass in 61263
 test-amd64-i386-libvirt-qcow2  3 host-install(3)          broken pass in 61263
 test-amd64-amd64-xl-qemut-stubdom-debianhvm-amd64-xsm 3 host-install(3) broken pass in 61263
 test-amd64-amd64-amd64-pvgrub  3 host-install(3)          broken pass in 61263
 test-amd64-amd64-pygrub       3 host-install(3)           broken pass in 61263
 test-amd64-amd64-xl-qemut-debianhvm-amd64 3 host-install(3) broken pass in 61263
 test-amd64-amd64-xl-raw       3 host-install(3)           broken pass in 61263
 test-amd64-amd64-xl-qemuu-debianhvm-amd64 3 host-install(3) broken pass in 61263
 test-amd64-amd64-xl-rtds      3 host-install(3)           broken pass in 61263
 test-amd64-amd64-xl-qemut-debianhvm-amd64-xsm 3 host-install(3) broken pass in 61263
 test-amd64-i386-xl-qemut-debianhvm-amd64-xsm 3 host-install(3) broken pass in 61263
 test-amd64-i386-xl-qemut-winxpsp3-vcpus1 3 host-install(3) broken pass in 61263
 test-amd64-i386-xl-qemuu-winxpsp3  3 host-install(3)      broken pass in 61263
 test-amd64-i386-xl-qemuu-winxpsp3-vcpus1 3 host-install(3) broken pass in 61263
 test-amd64-i386-xl-qemut-winxpsp3  3 host-install(3)      broken pass in 61263
 test-amd64-amd64-xl-qemuu-winxpsp3  3 host-install(3)     broken pass in 61263
 test-amd64-amd64-libvirt-pair  4 host-install/dst_host(4) broken pass in 61263
 test-amd64-amd64-pair         3 host-install/src_host(3)  broken pass in 61263
 test-amd64-amd64-pair         4 host-install/dst_host(4)  broken pass in 61263
 test-amd64-amd64-libvirt-pair  3 host-install/src_host(3) broken pass in 61263
 test-amd64-i386-libvirt-pair  3 host-install/src_host(3)  broken pass in 61263
 test-amd64-i386-libvirt-pair  4 host-install/dst_host(4)  broken pass in 61263
 test-amd64-i386-pair          3 host-install/src_host(3)  broken pass in 61263
 test-amd64-i386-pair          4 host-install/dst_host(4)  broken pass in 61263
 test-amd64-amd64-libvirt-raw 17 guest-start/debian.repeat fail in 60949 pass in 61263
 test-amd64-amd64-libvirt     17 guest-start.2      fail in 60949 pass in 61263
 test-amd64-amd64-xl-qemuu-ovmf-amd64 19 guest-start/debianhvm.repeat fail in 60949 pass in 61263
 test-amd64-amd64-xl-qemuu-debianhvm-amd64 14 guest-saverestore.2 fail in 60949 pass in 61263
 test-amd64-amd64-xl-vhd      14 guest-localmigrate fail in 61096 pass in 61263
 test-amd64-i386-xl-qemuu-win7-amd64 12 guest-saverestore fail in 61096 pass in 61263
 test-amd64-amd64-xl-qcow2    13 guest-saverestore  fail in 61096 pass in 61263
 test-amd64-amd64-xl-qemut-stubdom-debianhvm-amd64-xsm 13 guest-localmigrate fail in 61096 pass in 61263
 test-amd64-amd64-xl-qemuu-winxpsp3 17 guest-stop   fail in 61096 pass in 61263
 test-amd64-i386-rumpuserxen-i386 15 rumpuserxen-demo-xenstorels/xenstorels.repeat fail in 61263 pass in 60949
 test-amd64-i386-libvirt 18 guest-start/debian.repeat fail in 61263 pass in 61096
 test-amd64-i386-xl-qemuu-ovmf-amd64 12 guest-saverestore fail in 61263 pass in 61096
 test-amd64-i386-xl-qemuu-debianhvm-amd64 19 guest-start/debianhvm.repeat fail in 61263 pass in 61096
 test-amd64-i386-xl-qemut-debianhvm-amd64 18 guest-start.2 fail in 61263 pass in 61096
 test-amd64-i386-xl-qemuu-winxpsp3-vcpus1 19 guest-start/win.repeat fail in 61263 pass in 61096
 test-amd64-amd64-libvirt-qemuu-debianhvm-amd64-xsm 16 guest-start/debianhvm.repeat fail pass in 61263

Regressions which are regarded as allowable (not blocking):
 test-amd64-amd64-libvirt-qcow2 13 guest-saverestore fail in 61263 REGR. vs. 60666
 test-amd64-amd64-libvirt-vhd 16 guest-start.2    fail in 61263 REGR. vs. 60666
 test-amd64-i386-libvirt-vhd 13 guest-saverestore fail in 61263 REGR. vs. 60666
 test-amd64-i386-libvirt-qcow2 13 guest-saverestore fail in 61263 REGR. vs. 60666
 test-amd64-amd64-xl-qemut-stubdom-debianhvm-amd64-xsm 16 guest-localmigrate/x10 fail in 61263 blocked in 60666
 test-amd64-i386-xl-qemut-win7-amd64 17 guest-stop     fail in 61263 like 60666
 test-amd64-amd64-xl-qemuu-win7-amd64 17 guest-stop    fail in 61263 like 60666
 test-amd64-amd64-xl-qemut-win7-amd64 17 guest-stop    fail in 61263 like 60666
 test-armhf-armhf-xl           6 xen-boot                     fail   like 60666
 test-armhf-armhf-xl-multivcpu  6 xen-boot                     fail  like 60666
 test-armhf-armhf-libvirt      6 xen-boot                     fail   like 60666
 test-armhf-armhf-xl-credit2   6 xen-boot                     fail   like 60666

Tests which did not succeed, but are not blocking:
 test-armhf-armhf-xl           1 build-check(1)            blocked in 61096 n/a
 test-armhf-armhf-xl-raw       1 build-check(1)            blocked in 61096 n/a
 test-armhf-armhf-xl-multivcpu  1 build-check(1)           blocked in 61096 n/a
 test-armhf-armhf-xl-qcow2     1 build-check(1)            blocked in 61096 n/a
 test-armhf-armhf-xl-rtds      1 build-check(1)            blocked in 61096 n/a
 test-armhf-armhf-xl-arndale   1 build-check(1)            blocked in 61096 n/a
 test-armhf-armhf-libvirt-vhd  1 build-check(1)            blocked in 61096 n/a
 test-armhf-armhf-libvirt-qcow2  1 build-check(1)          blocked in 61096 n/a
 test-armhf-armhf-xl-vhd       1 build-check(1)            blocked in 61096 n/a
 test-armhf-armhf-libvirt-raw  1 build-check(1)            blocked in 61096 n/a
 test-armhf-armhf-libvirt      1 build-check(1)            blocked in 61096 n/a
 test-armhf-armhf-xl-cubietruck  1 build-check(1)          blocked in 61096 n/a
 test-armhf-armhf-xl-credit2   1 build-check(1)            blocked in 61096 n/a
 build-armhf-libvirt           1 build-check(1)            blocked in 61096 n/a
 test-armhf-armhf-libvirt-xsm  1 build-check(1)            blocked in 61096 n/a
 test-amd64-i386-xl-xsm        1 build-check(1)            blocked in 61096 n/a
 test-amd64-i386-xl-qemut-stubdom-debianhvm-amd64-xsm 1 build-check(1) blocked in 61096 n/a
 test-amd64-i386-libvirt-xsm   1 build-check(1)            blocked in 61096 n/a
 test-amd64-amd64-rumpuserxen-amd64  1 build-check(1)      blocked in 61096 n/a
 test-amd64-i386-xl-qemuu-debianhvm-amd64-xsm 1 build-check(1) blocked in 61096 n/a
 test-amd64-i386-libvirt-qemuu-debianhvm-amd64-xsm 1 build-check(1) blocked in 61096 n/a
 test-amd64-i386-xl-qemut-debianhvm-amd64-xsm 1 build-check(1) blocked in 61096 n/a
 test-amd64-amd64-libvirt-qcow2 11 migrate-support-check fail in 61263 never pass
 test-amd64-i386-libvirt      12 migrate-support-check fail in 61263 never pass
 test-amd64-amd64-xl-pvh-intel 11 guest-start          fail in 61263 never pass
 test-amd64-i386-xl-qemut-stubdom-debianhvm-amd64-xsm 9 debian-hvm-install fail in 61263 never pass
 test-amd64-amd64-libvirt-raw 11 migrate-support-check fail in 61263 never pass
 test-amd64-i386-xl-qemuu-win7-amd64 17 guest-stop     fail in 61263 never pass
 test-amd64-amd64-xl-pvh-amd  11 guest-start           fail in 61263 never pass
 test-amd64-amd64-libvirt-vhd 11 migrate-support-check fail in 61263 never pass
 test-amd64-i386-libvirt-xsm  12 migrate-support-check fail in 61263 never pass
 test-amd64-i386-libvirt-vhd  11 migrate-support-check fail in 61263 never pass
 test-amd64-amd64-libvirt     12 migrate-support-check fail in 61263 never pass
 test-amd64-i386-libvirt-raw  11 migrate-support-check fail in 61263 never pass
 test-amd64-i386-libvirt-qemuu-debianhvm-amd64-xsm 10 migrate-support-check fail in 61263 never pass
 test-amd64-i386-libvirt-qcow2 11 migrate-support-check fail in 61263 never pass
 test-amd64-amd64-libvirt-pair 21 guest-migrate/src_host/dst_host fail in 61263 never pass
 test-amd64-i386-libvirt-pair 21 guest-migrate/src_host/dst_host fail in 61263 never pass
 test-armhf-armhf-xl-raw       6 xen-boot                     fail   never pass
 test-armhf-armhf-xl-qcow2     6 xen-boot                     fail   never pass
 test-armhf-armhf-xl-rtds      6 xen-boot                     fail   never pass
 test-armhf-armhf-xl-arndale   6 xen-boot                     fail   never pass
 test-armhf-armhf-libvirt-vhd  6 xen-boot                     fail   never pass
 test-armhf-armhf-libvirt-qcow2  6 xen-boot                     fail never pass
 test-armhf-armhf-xl-vhd       6 xen-boot                     fail   never pass
 test-armhf-armhf-libvirt-raw  6 xen-boot                     fail   never pass
 test-armhf-armhf-xl-cubietruck  6 xen-boot                     fail never pass
 test-armhf-armhf-xl-xsm       6 xen-boot                     fail   never pass
 test-amd64-amd64-libvirt-xsm 12 migrate-support-check        fail   never pass
 test-amd64-amd64-libvirt-qemuu-debianhvm-amd64-xsm 10 migrate-support-check fail never pass
 test-armhf-armhf-libvirt-xsm  6 xen-boot                     fail   never pass

version targeted for testing:
 linux                318ff69ca4c275bae4b875b87df5bdbd7988486a
baseline version:
 linux                9b8b905951bde404f20a7bd4b37a5134f3484569

Last test of basis    60666  2015-08-12 06:12:25 Z   23 days
Testing same since    60747  2015-08-17 05:56:00 Z   18 days   11 attempts

------------------------------------------------------------
People who touched revisions under test:
  Al Viro <viro@zeniv.linux.org.uk>
  Alex Deucher <alexander.deucher@amd.com>
  Amanieu d'Antras <amanieu@gmail.com>
  Andrew Morton <akpm@linux-foundation.org>
  Andy Lutomirski <luto@kernel.org>
  Arkadiusz Miśkiewicz <arekm@maven.pl>
  Arnd Bergmann <arnd@arndb.de>
  Axel Lin <axel.lin@ingics.com>
  Benjamin Randazzo <benjamin@randazzo.fr>
  Bjorn Helgaas <bhelgaas@google.com>
  Brian King <brking@linux.vnet.ibm.com>
  Dan Carpenter <dan.carpenter@oracle.com>
  David Daney <david.daney@cavium.com>
  David S. Miller <davem@davemloft.net>
  David Vrabel <david.vrabel@citrix.com>
  Davidlohr Bueso <dbueso@suse.de>
  Dirk Behme <dirk.behme@de.bosch.com>
  Doug Ledford <dledford@redhat.com>
  Dr. Greg Wettstein <gw@idfusion.org>
  Felix Fietkau <nbd@openwrt.org>
  Greg Kroah-Hartman <gregkh@linuxfoundation.org>
  Herbert Xu <herbert@gondor.apana.org.au>
  Hugh Dickins <hughd@google.com>
  Ilya Dryomov <idryomov@gmail.com>
  Ingo Molnar <mingo@kernel.org>
  James Bottomley <JBottomley@Odin.com>
  James Hogan <james.hogan@imgtec.com>
  Jan Kara <jack@suse.com>
  Johan Hovold <johan@kernel.org>
  Joseph Qi <joseph.qi@huawei.com>
  Kevin Hilman <khilman@linaro.org>
  Linus Torvalds <torvalds@linux-foundation.org>
  Marcus Gelderie <redmnic@gmail.com>
  Marek Belisko <marek.belisko@streamunlimited.com>
  Marek Marczykowski-Górecki <marmarek@invisiblethingslab.com>
  Mark Brown <broonie@kernel.org>
  Mathias Nyman <mathias.nyman@linux.intel.com>
  Michael Kerrisk <mtk.manpages@gmail.com>
  Michael S. Tsirkin <mst@redhat.com>
  Michal Hocko <mhocko@suse.cz>
  Miklos Szeredi <mszeredi@suse.cz>
  Mimi Zohar <zohar@linux.vnet.ibm.com>
  NeilBrown <neilb@suse.com>
  Nicholas Bellinger <nab@daterainc.com>
  Nicholas Bellinger <nab@linux-iscsi.org>
  Paolo Bonzini <pbonzini@redhat.com>
  Paul Walmsley <paul@pwsan.com>
  Ralf Baechle <ralf@linux-mips.org>
  Roger Quadros <rogerq@ti.com>
  Takashi Iwai <tiwai@suse.de>
  Wang Kai <morgan.wang@huawei.com>
  Wen Xiong <wenxiong@linux.vnet.ibm.com>

jobs:
 build-amd64-xsm                                              pass
 build-armhf-xsm                                              pass
 build-i386-xsm                                               pass
 build-amd64                                                  pass
 build-armhf                                                  pass
 build-i386                                                   pass
 build-amd64-libvirt                                          pass
 build-armhf-libvirt                                          pass
 build-i386-libvirt                                           pass
 build-amd64-pvops                                            pass
 build-armhf-pvops                                            pass
 build-i386-pvops                                             pass
 build-amd64-rumpuserxen                                      pass
 build-i386-rumpuserxen                                       pass
 test-amd64-amd64-xl                                          pass
 test-armhf-armhf-xl                                          fail
 test-amd64-i386-xl                                           broken
 test-amd64-amd64-xl-qemut-debianhvm-amd64-xsm                broken
 test-amd64-i386-xl-qemut-debianhvm-amd64-xsm                 broken
 test-amd64-amd64-libvirt-qemuu-debianhvm-amd64-xsm           fail
 test-amd64-i386-libvirt-qemuu-debianhvm-amd64-xsm            broken
 test-amd64-amd64-xl-qemuu-debianhvm-amd64-xsm                pass
 test-amd64-i386-xl-qemuu-debianhvm-amd64-xsm                 broken
 test-amd64-amd64-xl-qemut-stubdom-debianhvm-amd64-xsm        broken
 test-amd64-i386-xl-qemut-stubdom-debianhvm-amd64-xsm         broken
 test-amd64-amd64-libvirt-xsm                                 pass
 test-armhf-armhf-libvirt-xsm                                 fail
 test-amd64-i386-libvirt-xsm                                  broken
 test-amd64-amd64-xl-xsm                                      broken
 test-armhf-armhf-xl-xsm                                      fail
 test-amd64-i386-xl-xsm                                       broken
 test-amd64-amd64-xl-pvh-amd                                  broken
 test-amd64-i386-qemut-rhel6hvm-amd                           broken
 test-amd64-i386-qemuu-rhel6hvm-amd                           broken
 test-amd64-amd64-xl-qemut-debianhvm-amd64                    broken
 test-amd64-i386-xl-qemut-debianhvm-amd64                     broken
 test-amd64-amd64-xl-qemuu-debianhvm-amd64                    broken
 test-amd64-i386-xl-qemuu-debianhvm-amd64                     broken
 test-amd64-i386-freebsd10-amd64                              broken
 test-amd64-amd64-xl-qemuu-ovmf-amd64                         broken
 test-amd64-i386-xl-qemuu-ovmf-amd64                          broken
 test-amd64-amd64-rumpuserxen-amd64                           broken
 test-amd64-amd64-xl-qemut-win7-amd64                         broken
 test-amd64-i386-xl-qemut-win7-amd64                          broken
 test-amd64-amd64-xl-qemuu-win7-amd64                         broken
 test-amd64-i386-xl-qemuu-win7-amd64                          broken
 test-armhf-armhf-xl-arndale                                  fail
 test-amd64-amd64-xl-credit2                                  broken
 test-armhf-armhf-xl-credit2                                  fail
 test-armhf-armhf-xl-cubietruck                               fail
 test-amd64-i386-freebsd10-i386                               broken
 test-amd64-i386-rumpuserxen-i386                             broken
 test-amd64-amd64-xl-pvh-intel                                broken
 test-amd64-i386-qemut-rhel6hvm-intel                         broken
 test-amd64-i386-qemuu-rhel6hvm-intel                         broken
 test-amd64-amd64-libvirt                                     broken
 test-armhf-armhf-libvirt                                     fail
 test-amd64-i386-libvirt                                      broken
 test-amd64-amd64-xl-multivcpu                                broken
 test-armhf-armhf-xl-multivcpu                                fail
 test-amd64-amd64-pair                                        broken
 test-amd64-i386-pair                                         broken
 test-amd64-amd64-libvirt-pair                                broken
 test-amd64-i386-libvirt-pair                                 broken
 test-amd64-amd64-amd64-pvgrub                                broken
 test-amd64-amd64-i386-pvgrub                                 broken
 test-amd64-amd64-pygrub                                      broken
 test-amd64-amd64-libvirt-qcow2                               broken
 test-armhf-armhf-libvirt-qcow2                               fail
 test-amd64-i386-libvirt-qcow2                                broken
 test-amd64-amd64-xl-qcow2                                    broken
 test-armhf-armhf-xl-qcow2                                    fail
 test-amd64-i386-xl-qcow2                                     broken
 test-amd64-amd64-libvirt-raw                                 broken
 test-armhf-armhf-libvirt-raw                                 fail
 test-amd64-i386-libvirt-raw                                  broken
 test-amd64-amd64-xl-raw                                      broken
 test-armhf-armhf-xl-raw                                      fail
 test-amd64-i386-xl-raw                                       broken
 test-amd64-amd64-xl-rtds                                     broken
 test-armhf-armhf-xl-rtds                                     fail
 test-amd64-i386-xl-qemut-winxpsp3-vcpus1                     broken
 test-amd64-i386-xl-qemuu-winxpsp3-vcpus1                     broken
 test-amd64-amd64-libvirt-vhd                                 broken
 test-armhf-armhf-libvirt-vhd                                 fail
 test-amd64-i386-libvirt-vhd                                  broken
 test-amd64-amd64-xl-vhd                                      broken
 test-armhf-armhf-xl-vhd                                      fail
 test-amd64-i386-xl-vhd                                       broken
 test-amd64-amd64-xl-qemut-winxpsp3                           broken
 test-amd64-i386-xl-qemut-winxpsp3                            broken
 test-amd64-amd64-xl-qemuu-winxpsp3                           broken
 test-amd64-i386-xl-qemuu-winxpsp3                            broken


------------------------------------------------------------
sg-report-flight on osstest.test-lab.xenproject.org
logs: /home/logs/logs
images: /home/logs/images

Logs, config files, etc. are available at
    http://logs.test-lab.xenproject.org/osstest/logs

Explanation of these reports, and of osstest in general, is at
    http://xenbits.xen.org/gitweb/?p=osstest.git;a=blob;f=README.email;hb=master
    http://xenbits.xen.org/gitweb/?p=osstest.git;a=blob;f=README;hb=master

Test harness code can be found at
    http://xenbits.xen.org/gitweb?p=osstest.git;a=summary

broken-step test-amd64-i386-qemut-rhel6hvm-intel host-install(3)
broken-step test-amd64-i386-xl-vhd host-install(3)
broken-step test-amd64-i386-xl-qcow2 host-install(3)
broken-step test-amd64-amd64-xl-vhd host-install(3)
broken-step test-amd64-amd64-libvirt-qcow2 host-install(3)
broken-step test-amd64-i386-libvirt host-install(3)
broken-step test-amd64-amd64-xl-pvh-intel host-install(3)
broken-step test-amd64-i386-xl-xsm host-install(3)
broken-step test-amd64-i386-xl host-install(3)
broken-step test-amd64-i386-xl-qemut-stubdom-debianhvm-amd64-xsm host-install(3)
broken-step test-amd64-i386-xl-qemuu-ovmf-amd64 host-install(3)
broken-step test-amd64-amd64-xl-credit2 host-install(3)
broken-step test-amd64-i386-qemut-rhel6hvm-amd host-install(3)
broken-step test-amd64-amd64-libvirt-raw host-install(3)
broken-step test-amd64-i386-xl-qemuu-win7-amd64 host-install(3)
broken-step test-amd64-amd64-xl-pvh-amd host-install(3)
broken-step test-amd64-i386-freebsd10-i386 host-install(3)
broken-step test-amd64-amd64-libvirt-vhd host-install(3)
broken-step test-amd64-i386-libvirt-xsm host-install(3)
broken-step test-amd64-i386-libvirt-vhd host-install(3)
broken-step test-amd64-i386-xl-qemuu-debianhvm-amd64 host-install(3)
broken-step test-amd64-i386-qemuu-rhel6hvm-amd host-install(3)
broken-step test-amd64-i386-xl-raw host-install(3)
broken-step test-amd64-amd64-rumpuserxen-amd64 host-install(3)
broken-step test-amd64-i386-rumpuserxen-i386 host-install(3)
broken-step test-amd64-amd64-libvirt host-install(3)
broken-step test-amd64-amd64-xl-qemut-winxpsp3 host-install(3)
broken-step test-amd64-i386-libvirt-raw host-install(3)
broken-step test-amd64-amd64-xl-xsm host-install(3)
broken-step test-amd64-i386-qemuu-rhel6hvm-intel host-install(3)
broken-step test-amd64-i386-freebsd10-amd64 host-install(3)
broken-step test-amd64-i386-xl-qemut-debianhvm-amd64 host-install(3)
broken-step test-amd64-i386-xl-qemut-win7-amd64 host-install(3)
broken-step test-amd64-amd64-xl-qcow2 host-install(3)
broken-step test-amd64-i386-xl-qemuu-debianhvm-amd64-xsm host-install(3)
broken-step test-amd64-amd64-xl-qemuu-win7-amd64 host-install(3)
broken-step test-amd64-amd64-xl-multivcpu host-install(3)
broken-step test-amd64-amd64-xl-qemuu-ovmf-amd64 host-install(3)
broken-step test-amd64-amd64-i386-pvgrub host-install(3)
broken-step test-amd64-amd64-xl-qemut-win7-amd64 host-install(3)
broken-step test-amd64-i386-libvirt-qemuu-debianhvm-amd64-xsm host-install(3)
broken-step test-amd64-i386-libvirt-qcow2 host-install(3)
broken-step test-amd64-amd64-xl-qemut-stubdom-debianhvm-amd64-xsm host-install(3)
broken-step test-amd64-amd64-amd64-pvgrub host-install(3)
broken-step test-amd64-amd64-pygrub host-install(3)
broken-step test-amd64-amd64-xl-qemut-debianhvm-amd64 host-install(3)
broken-step test-amd64-amd64-xl-raw host-install(3)
broken-step test-amd64-amd64-xl-qemuu-debianhvm-amd64 host-install(3)
broken-step test-amd64-amd64-xl-rtds host-install(3)
broken-step test-amd64-amd64-xl-qemut-debianhvm-amd64-xsm host-install(3)
broken-step test-amd64-i386-xl-qemut-debianhvm-amd64-xsm host-install(3)
broken-step test-amd64-i386-xl-qemut-winxpsp3-vcpus1 host-install(3)
broken-step test-amd64-i386-xl-qemuu-winxpsp3 host-install(3)
broken-step test-amd64-i386-xl-qemuu-winxpsp3-vcpus1 host-install(3)
broken-step test-amd64-i386-xl-qemut-winxpsp3 host-install(3)
broken-step test-amd64-amd64-xl-qemuu-winxpsp3 host-install(3)
broken-step test-amd64-amd64-libvirt-pair host-install/dst_host(4)
broken-step test-amd64-amd64-pair host-install/src_host(3)
broken-step test-amd64-amd64-pair host-install/dst_host(4)
broken-step test-amd64-amd64-libvirt-pair host-install/src_host(3)
broken-step test-amd64-i386-libvirt-pair host-install/src_host(3)
broken-step test-amd64-i386-libvirt-pair host-install/dst_host(4)
broken-step test-amd64-i386-pair host-install/src_host(3)
broken-step test-amd64-i386-pair host-install/dst_host(4)

Not pushing.

(No revision log; it would be 1572 lines long.)


[-- Attachment #2: Type: text/plain, Size: 126 bytes --]

_______________________________________________
Xen-devel mailing list
Xen-devel@lists.xen.org
http://lists.xen.org/xen-devel

^ permalink raw reply	[flat|nested] only message in thread

only message in thread, other threads:[~2015-09-05  5:23 UTC | newest]

Thread overview: (only message) (download: mbox.gz follow: Atom feed
-- links below jump to the message on this page --
2015-09-05  5:23 [linux-3.14 test] 61316: regressions - trouble: broken/fail/pass osstest service owner

This is a public inbox, see mirroring instructions
for how to clone and mirror all data and code used for this inbox;
as well as URLs for NNTP newsgroup(s).