* [qemu-upstream-4.2-testing test] 61619: regressions - FAIL
@ 2015-09-09 22:27 osstest service owner
0 siblings, 0 replies; only message in thread
From: osstest service owner @ 2015-09-09 22:27 UTC (permalink / raw)
To: xen-devel, osstest-admin
flight 61619 qemu-upstream-4.2-testing real [real]
http://logs.test-lab.xenproject.org/osstest/logs/61619/
Regressions :-(
Tests which did not succeed and are blocking,
including tests which could not be run:
test-i386-i386-xl-qemuu-winxpsp3 16 guest-localmigrate/x10 fail REGR. vs. 60611
Regressions which are regarded as allowable (not blocking):
test-amd64-amd64-xl-qemuu-win7-amd64 17 guest-stop fail like 60611
Tests which did not succeed, but are not blocking:
test-amd64-i386-xl-qemuu-ovmf-amd64 9 debian-hvm-install fail never pass
test-amd64-amd64-xl-qemuu-ovmf-amd64 9 debian-hvm-install fail never pass
test-amd64-i386-xl-qemuu-win7-amd64 17 guest-stop fail never pass
test-amd64-i386-xend-qemuu-winxpsp3 21 leak-check/check fail never pass
version targeted for testing:
qemuu 2a5956801545ff4122dc9551bcc4c4e3053f30ba
baseline version:
qemuu 138906105dd47b9dc6b1e5010e81fc606983dd75
Last test of basis 60611 2015-08-06 01:42:11 Z 34 days
Testing same since 61619 2015-09-08 12:11:08 Z 1 days 1 attempts
------------------------------------------------------------
People who touched revisions under test:
Gerd Hoffmann <kraxel@redhat.com>
Peter Lieven <pl@kamp.de>
jobs:
build-amd64 pass
build-i386 pass
build-amd64-libvirt pass
build-i386-libvirt pass
build-amd64-pvops pass
build-i386-pvops pass
test-amd64-i386-qemuu-rhel6hvm-amd pass
test-amd64-amd64-xl-qemuu-debianhvm-amd64 pass
test-amd64-i386-xl-qemuu-debianhvm-amd64 pass
test-amd64-amd64-xl-qemuu-ovmf-amd64 fail
test-amd64-i386-xl-qemuu-ovmf-amd64 fail
test-amd64-amd64-xl-qemuu-win7-amd64 fail
test-amd64-i386-xl-qemuu-win7-amd64 fail
test-amd64-i386-qemuu-rhel6hvm-intel pass
test-amd64-i386-xl-qemuu-winxpsp3-vcpus1 pass
test-amd64-i386-xend-qemuu-winxpsp3 fail
test-amd64-amd64-xl-qemuu-winxpsp3 pass
test-i386-i386-xl-qemuu-winxpsp3 fail
------------------------------------------------------------
sg-report-flight on osstest.test-lab.xenproject.org
logs: /home/logs/logs
images: /home/logs/images
Logs, config files, etc. are available at
http://logs.test-lab.xenproject.org/osstest/logs
Explanation of these reports, and of osstest in general, is at
http://xenbits.xen.org/gitweb/?p=osstest.git;a=blob;f=README.email;hb=master
http://xenbits.xen.org/gitweb/?p=osstest.git;a=blob;f=README;hb=master
Test harness code can be found at
http://xenbits.xen.org/gitweb?p=osstest.git;a=summary
Not pushing.
------------------------------------------------------------
commit 2a5956801545ff4122dc9551bcc4c4e3053f30ba
Author: Peter Lieven <pl@kamp.de>
Date: Mon Jun 30 10:07:54 2014 +0200
ui/vnc: limit client_cut_text msg payload size
currently a malicious client could define a payload
size of 2^32 - 1 bytes and send up to that size of
data to the vnc server. The server would allocated
that amount of memory which could easily create an
out of memory condition.
This patch limits the payload size to 1MB max.
Please note that client_cut_text messages are currently
silently ignored.
Signed-off-by: Peter Lieven <pl@kamp.de>
Signed-off-by: Gerd Hoffmann <kraxel@redhat.com>
^ permalink raw reply [flat|nested] only message in thread
only message in thread, other threads:[~2015-09-09 22:27 UTC | newest]
Thread overview: (only message) (download: mbox.gz follow: Atom feed
-- links below jump to the message on this page --
2015-09-09 22:27 [qemu-upstream-4.2-testing test] 61619: regressions - FAIL osstest service owner
This is a public inbox, see mirroring instructions
for how to clone and mirror all data and code used for this inbox;
as well as URLs for NNTP newsgroup(s).