From: osstest service owner <osstest-admin@xenproject.org>
To: xen-devel@lists.xensource.com, osstest-admin@xenproject.org
Subject: [qemu-upstream-4.5-testing test] 61733: regressions - trouble: broken/fail/pass
Date: Fri, 11 Sep 2015 20:43:50 +0000 [thread overview]
Message-ID: <osstest-61733-mainreport@xen.org> (raw)
flight 61733 qemu-upstream-4.5-testing real [real]
http://logs.test-lab.xenproject.org/osstest/logs/61733/
Regressions :-(
Tests which did not succeed and are blocking,
including tests which could not be run:
test-amd64-i386-xl-vhd 9 debian-di-install fail REGR. vs. 60577
test-amd64-i386-xl-raw 9 debian-di-install fail REGR. vs. 60577
test-amd64-amd64-xl-raw 9 debian-di-install fail REGR. vs. 60577
Tests which are failing intermittently (not blocking):
test-armhf-armhf-xl-vhd 3 host-install(3) broken in 61618 pass in 61733
test-armhf-armhf-xl-rtds 3 host-install(3) broken pass in 61618
test-armhf-armhf-xl-multivcpu 7 host-ping-check-xen fail in 61618 pass in 61733
test-armhf-armhf-libvirt-vhd 6 xen-boot fail pass in 61618
test-amd64-i386-xl-qemuu-winxpsp3 15 guest-localmigrate.2 fail pass in 61618
Regressions which are regarded as allowable (not blocking):
test-amd64-amd64-libvirt-raw 9 debian-di-install fail REGR. vs. 60577
test-amd64-i386-xl-qemuu-win7-amd64 17 guest-stop fail blocked in 60577
test-amd64-i386-libvirt 11 guest-start fail like 60577
test-amd64-amd64-xl-qemuu-win7-amd64 17 guest-stop fail like 60577
Tests which did not succeed, but are not blocking:
test-armhf-armhf-libvirt-vhd 9 debian-di-install fail in 61618 never pass
test-armhf-armhf-xl-rtds 13 saverestore-support-check fail in 61618 never pass
test-armhf-armhf-xl-rtds 12 migrate-support-check fail in 61618 never pass
test-armhf-armhf-xl-rtds 16 guest-start/debian.repeat fail in 61618 never pass
test-amd64-amd64-xl-pvh-intel 11 guest-start fail never pass
test-amd64-amd64-xl-pvh-amd 11 guest-start fail never pass
test-armhf-armhf-xl-qcow2 9 debian-di-install fail never pass
test-amd64-i386-xl-qcow2 9 debian-di-install fail never pass
test-armhf-armhf-libvirt-qcow2 9 debian-di-install fail never pass
test-armhf-armhf-libvirt-raw 9 debian-di-install fail never pass
test-armhf-armhf-xl-raw 9 debian-di-install fail never pass
test-armhf-armhf-libvirt 14 guest-saverestore fail never pass
test-armhf-armhf-libvirt 12 migrate-support-check fail never pass
test-amd64-i386-libvirt-pair 21 guest-migrate/src_host/dst_host fail never pass
test-amd64-amd64-libvirt-pair 21 guest-migrate/src_host/dst_host fail never pass
test-amd64-amd64-libvirt 12 migrate-support-check fail never pass
test-armhf-armhf-xl-multivcpu 13 saverestore-support-check fail never pass
test-armhf-armhf-xl-multivcpu 12 migrate-support-check fail never pass
test-amd64-amd64-libvirt-qcow2 11 migrate-support-check fail never pass
test-armhf-armhf-xl-arndale 12 migrate-support-check fail never pass
test-armhf-armhf-xl-arndale 13 saverestore-support-check fail never pass
test-amd64-i386-libvirt-raw 11 migrate-support-check fail never pass
test-armhf-armhf-xl-credit2 13 saverestore-support-check fail never pass
test-armhf-armhf-xl-credit2 12 migrate-support-check fail never pass
test-amd64-i386-libvirt-qcow2 11 migrate-support-check fail never pass
test-armhf-armhf-xl-cubietruck 12 migrate-support-check fail never pass
test-armhf-armhf-xl-cubietruck 13 saverestore-support-check fail never pass
test-amd64-i386-libvirt-vhd 11 migrate-support-check fail never pass
test-amd64-amd64-libvirt-vhd 11 migrate-support-check fail never pass
test-armhf-armhf-xl 12 migrate-support-check fail never pass
test-armhf-armhf-xl 13 saverestore-support-check fail never pass
test-armhf-armhf-xl-vhd 9 debian-di-install fail never pass
version targeted for testing:
qemuu c6dc376c4b5292769582137867d1be6c3960b5c7
baseline version:
qemuu f74d682ee4878af6a8e943f5f0b595af92b20084
Last test of basis 60577 2015-08-04 12:45:54 Z 38 days
Failing since 60964 2015-08-28 09:10:02 Z 14 days 3 attempts
Testing same since 61618 2015-09-08 12:11:46 Z 3 days 2 attempts
------------------------------------------------------------
People who touched revisions under test:
Gerd Hoffmann <kraxel@redhat.com>
Peter Lieven <pl@kamp.de>
jobs:
build-amd64 pass
build-armhf pass
build-i386 pass
build-amd64-libvirt pass
build-armhf-libvirt pass
build-i386-libvirt pass
build-amd64-pvops pass
build-armhf-pvops pass
build-i386-pvops pass
test-amd64-amd64-xl pass
test-armhf-armhf-xl pass
test-amd64-i386-xl pass
test-amd64-amd64-xl-pvh-amd fail
test-amd64-i386-qemuu-rhel6hvm-amd pass
test-amd64-amd64-xl-qemuu-debianhvm-amd64 pass
test-amd64-i386-xl-qemuu-debianhvm-amd64 pass
test-amd64-i386-freebsd10-amd64 pass
test-amd64-amd64-xl-qemuu-ovmf-amd64 pass
test-amd64-i386-xl-qemuu-ovmf-amd64 pass
test-amd64-amd64-xl-qemuu-win7-amd64 fail
test-amd64-i386-xl-qemuu-win7-amd64 fail
test-armhf-armhf-xl-arndale pass
test-amd64-amd64-xl-credit2 pass
test-armhf-armhf-xl-credit2 pass
test-armhf-armhf-xl-cubietruck pass
test-amd64-i386-freebsd10-i386 pass
test-amd64-amd64-xl-pvh-intel fail
test-amd64-i386-qemuu-rhel6hvm-intel pass
test-amd64-amd64-libvirt pass
test-armhf-armhf-libvirt fail
test-amd64-i386-libvirt fail
test-amd64-amd64-xl-multivcpu pass
test-armhf-armhf-xl-multivcpu pass
test-amd64-amd64-pair pass
test-amd64-i386-pair pass
test-amd64-amd64-libvirt-pair fail
test-amd64-i386-libvirt-pair fail
test-amd64-amd64-amd64-pvgrub pass
test-amd64-amd64-i386-pvgrub pass
test-amd64-amd64-pygrub pass
test-amd64-amd64-libvirt-qcow2 pass
test-armhf-armhf-libvirt-qcow2 fail
test-amd64-i386-libvirt-qcow2 pass
test-amd64-amd64-xl-qcow2 pass
test-armhf-armhf-xl-qcow2 fail
test-amd64-i386-xl-qcow2 fail
test-amd64-amd64-libvirt-raw fail
test-armhf-armhf-libvirt-raw fail
test-amd64-i386-libvirt-raw pass
test-amd64-amd64-xl-raw fail
test-armhf-armhf-xl-raw fail
test-amd64-i386-xl-raw fail
test-amd64-amd64-xl-rtds pass
test-armhf-armhf-xl-rtds broken
test-amd64-i386-xl-qemuu-winxpsp3-vcpus1 pass
test-amd64-amd64-libvirt-vhd pass
test-armhf-armhf-libvirt-vhd fail
test-amd64-i386-libvirt-vhd pass
test-amd64-amd64-xl-vhd pass
test-armhf-armhf-xl-vhd fail
test-amd64-i386-xl-vhd fail
test-amd64-amd64-xl-qemuu-winxpsp3 pass
test-amd64-i386-xl-qemuu-winxpsp3 fail
------------------------------------------------------------
sg-report-flight on osstest.test-lab.xenproject.org
logs: /home/logs/logs
images: /home/logs/images
Logs, config files, etc. are available at
http://logs.test-lab.xenproject.org/osstest/logs
Explanation of these reports, and of osstest in general, is at
http://xenbits.xen.org/gitweb/?p=osstest.git;a=blob;f=README.email;hb=master
http://xenbits.xen.org/gitweb/?p=osstest.git;a=blob;f=README;hb=master
Test harness code can be found at
http://xenbits.xen.org/gitweb?p=osstest.git;a=summary
broken-step test-armhf-armhf-xl-rtds host-install(3)
Not pushing.
------------------------------------------------------------
commit c6dc376c4b5292769582137867d1be6c3960b5c7
Author: Peter Lieven <pl@kamp.de>
Date: Mon Jun 30 10:07:54 2014 +0200
ui/vnc: limit client_cut_text msg payload size
currently a malicious client could define a payload
size of 2^32 - 1 bytes and send up to that size of
data to the vnc server. The server would allocated
that amount of memory which could easily create an
out of memory condition.
This patch limits the payload size to 1MB max.
Please note that client_cut_text messages are currently
silently ignored.
Signed-off-by: Peter Lieven <pl@kamp.de>
Signed-off-by: Gerd Hoffmann <kraxel@redhat.com>
reply other threads:[~2015-09-11 20:43 UTC|newest]
Thread overview: [no followups] expand[flat|nested] mbox.gz Atom feed
Reply instructions:
You may reply publicly to this message via plain-text email
using any one of the following methods:
* Save the following mbox file, import it into your mail client,
and reply-to-all from there: mbox
Avoid top-posting and favor interleaved quoting:
https://en.wikipedia.org/wiki/Posting_style#Interleaved_style
* Reply using the --to, --cc, and --in-reply-to
switches of git-send-email(1):
git send-email \
--in-reply-to=osstest-61733-mainreport@xen.org \
--to=osstest-admin@xenproject.org \
--cc=xen-devel@lists.xensource.com \
/path/to/YOUR_REPLY
https://kernel.org/pub/software/scm/git/docs/git-send-email.html
* If your mail client supports setting the In-Reply-To header
via mailto: links, try the mailto: link
Be sure your reply has a Subject: header at the top and a blank line
before the message body.
This is a public inbox, see mirroring instructions
for how to clone and mirror all data and code used for this inbox;
as well as URLs for NNTP newsgroup(s).