* [ovmf test] 61736: regressions - FAIL
@ 2015-09-11 21:39 osstest service owner
0 siblings, 0 replies; only message in thread
From: osstest service owner @ 2015-09-11 21:39 UTC (permalink / raw)
To: xen-devel, osstest-admin
flight 61736 ovmf real [real]
http://logs.test-lab.xenproject.org/osstest/logs/61736/
Regressions :-(
Tests which did not succeed and are blocking,
including tests which could not be run:
test-amd64-amd64-xl-qemuu-ovmf-amd64 9 debian-hvm-install fail REGR. vs. 60869
test-amd64-i386-xl-qemuu-ovmf-amd64 9 debian-hvm-install fail REGR. vs. 60869
version targeted for testing:
ovmf 78c8ec8a3f1c09856f0d70027d6a9d814208a77f
baseline version:
ovmf ba1806251ff8ff695175b92ab5732eadbcd2f72e
Last test of basis 60869 2015-08-25 03:03:43 Z 17 days
Failing since 60904 2015-08-27 01:40:43 Z 15 days 10 attempts
Testing same since 61736 2015-09-10 05:21:23 Z 1 days 1 attempts
------------------------------------------------------------
People who touched revisions under test:
"Yao, Jiewen" <jiewen.yao@intel.com>
Ard Biesheuvel <ard.biesheuvel@linaro.org>
Cecil Sheng <cecil.sheng@hp.com>
Cecil Sheng <cecil.sheng@hpe.com>
Dandan Bi <dandan.bi@intel.com>
eric Dong <eric.dong@intel.com>
Feng Tian <feng.tian@intel.com>
Fu Siyuan <siyuan.fu@intel.com>
Gary Ching-Pang Lin <glin@suse.com>
Hao Wu <hao.a.wu@intel.com>
Heyi Guo <heyi.guo@linaro.org>
Jeff Fan <jeff.fan@intel.com>
Jiaxin Wu <jiaxin.wu@intel.com>
Jonathan Panozzo <jonp@lime-technology.com>
Laszlo Ersek <lersek@redhat.com>
Leif Lindholm <leif.lindholm@linaro.org>
Liming Gao <liming.gao@intel.com>
Masamitsu MURASE <masamitsu.murase@gmail.com>
Qin Long <qin.long@intel.com>
Qiu Shumin <shumin.qiu@intel.com>
Ruiyu Ni <ruiyu.ni@intel.com>
Samer El-Haj-Mahmoud <samer.el-haj-mahmoud@hp.com>
Shifei Lu <shifeix.a.lu@intel.com>
Star Zeng <star.zeng@intel.com>
Sunny Wang <sunnywang@hpe.com>
Yao, Jiewen <jiewen.yao@intel.com>
Yingke Liu <yingke.d.liu@intel.com>
Zhang Lubo <lubo.zhang@intel.com>
jobs:
build-amd64-xsm pass
build-i386-xsm pass
build-amd64 pass
build-i386 pass
build-amd64-libvirt pass
build-i386-libvirt pass
build-amd64-pvops pass
build-i386-pvops pass
test-amd64-amd64-xl-qemuu-ovmf-amd64 fail
test-amd64-i386-xl-qemuu-ovmf-amd64 fail
------------------------------------------------------------
sg-report-flight on osstest.test-lab.xenproject.org
logs: /home/logs/logs
images: /home/logs/images
Logs, config files, etc. are available at
http://logs.test-lab.xenproject.org/osstest/logs
Explanation of these reports, and of osstest in general, is at
http://xenbits.xen.org/gitweb/?p=osstest.git;a=blob;f=README.email;hb=master
http://xenbits.xen.org/gitweb/?p=osstest.git;a=blob;f=README;hb=master
Test harness code can be found at
http://xenbits.xen.org/gitweb?p=osstest.git;a=summary
Not pushing.
(No revision log; it would be 1991 lines long.)
^ permalink raw reply [flat|nested] only message in thread
only message in thread, other threads:[~2015-09-11 21:39 UTC | newest]
Thread overview: (only message) (download: mbox.gz follow: Atom feed
-- links below jump to the message on this page --
2015-09-11 21:39 [ovmf test] 61736: regressions - FAIL osstest service owner
This is a public inbox, see mirroring instructions
for how to clone and mirror all data and code used for this inbox;
as well as URLs for NNTP newsgroup(s).