* [xen-unstable test] 61739: regressions - FAIL
@ 2015-09-12 1:13 osstest service owner
0 siblings, 0 replies; only message in thread
From: osstest service owner @ 2015-09-12 1:13 UTC (permalink / raw)
To: xen-devel, osstest-admin
flight 61739 xen-unstable real [real]
http://logs.test-lab.xenproject.org/osstest/logs/61739/
Regressions :-(
Tests which did not succeed and are blocking,
including tests which could not be run:
test-amd64-amd64-xl-qemut-stubdom-debianhvm-amd64-xsm 13 guest-localmigrate fail REGR. vs. 61627
Regressions which are regarded as allowable (not blocking):
test-amd64-i386-xl-qemut-stubdom-debianhvm-amd64-xsm 9 debian-hvm-install fail like 61627
test-armhf-armhf-xl-rtds 11 guest-start fail like 61627
test-amd64-amd64-xl-qemut-debianhvm-amd64 19 guest-start/debianhvm.repeat fail like 61627
test-amd64-i386-xl-qemuu-win7-amd64 17 guest-stop fail like 61627
test-amd64-amd64-xl-qemut-win7-amd64 17 guest-stop fail like 61627
Tests which did not succeed, but are not blocking:
test-amd64-amd64-xl-pvh-amd 11 guest-start fail never pass
test-armhf-armhf-libvirt-qcow2 9 debian-di-install fail never pass
test-amd64-amd64-xl-pvh-intel 11 guest-start fail never pass
test-armhf-armhf-xl-raw 9 debian-di-install fail never pass
test-armhf-armhf-xl-vhd 9 debian-di-install fail never pass
test-armhf-armhf-xl-qcow2 9 debian-di-install fail never pass
test-armhf-armhf-libvirt 14 guest-saverestore fail never pass
test-armhf-armhf-libvirt 12 migrate-support-check fail never pass
test-armhf-armhf-libvirt-xsm 12 migrate-support-check fail never pass
test-armhf-armhf-libvirt-xsm 14 guest-saverestore fail never pass
test-amd64-amd64-libvirt-pair 21 guest-migrate/src_host/dst_host fail never pass
test-amd64-amd64-libvirt-xsm 12 migrate-support-check fail never pass
test-amd64-i386-libvirt 12 migrate-support-check fail never pass
test-amd64-i386-libvirt-xsm 12 migrate-support-check fail never pass
test-amd64-i386-libvirt-pair 21 guest-migrate/src_host/dst_host fail never pass
test-amd64-amd64-libvirt 12 migrate-support-check fail never pass
test-amd64-i386-libvirt-raw 11 migrate-support-check fail never pass
test-armhf-armhf-xl 12 migrate-support-check fail never pass
test-armhf-armhf-xl 13 saverestore-support-check fail never pass
test-armhf-armhf-xl-xsm 13 saverestore-support-check fail never pass
test-armhf-armhf-xl-xsm 12 migrate-support-check fail never pass
test-amd64-i386-libvirt-qemuu-debianhvm-amd64-xsm 10 migrate-support-check fail never pass
test-amd64-amd64-libvirt-qemuu-debianhvm-amd64-xsm 10 migrate-support-check fail never pass
test-armhf-armhf-xl-multivcpu 13 saverestore-support-check fail never pass
test-armhf-armhf-xl-multivcpu 12 migrate-support-check fail never pass
test-armhf-armhf-xl-arndale 12 migrate-support-check fail never pass
test-armhf-armhf-xl-arndale 13 saverestore-support-check fail never pass
test-armhf-armhf-xl-cubietruck 12 migrate-support-check fail never pass
test-armhf-armhf-xl-cubietruck 13 saverestore-support-check fail never pass
test-amd64-i386-xl-qemut-win7-amd64 17 guest-stop fail never pass
test-amd64-i386-libvirt-vhd 11 migrate-support-check fail never pass
test-amd64-amd64-xl-qemuu-win7-amd64 17 guest-stop fail never pass
test-armhf-armhf-libvirt-vhd 9 debian-di-install fail never pass
test-amd64-i386-libvirt-qcow2 11 migrate-support-check fail never pass
test-amd64-amd64-libvirt-vhd 11 migrate-support-check fail never pass
test-amd64-amd64-libvirt-raw 11 migrate-support-check fail never pass
test-amd64-amd64-libvirt-qcow2 11 migrate-support-check fail never pass
test-armhf-armhf-libvirt-raw 9 debian-di-install fail never pass
test-armhf-armhf-xl-credit2 13 saverestore-support-check fail never pass
test-armhf-armhf-xl-credit2 12 migrate-support-check fail never pass
version targeted for testing:
xen fd5964a2a08addee1458659aacceeda48c4d44d9
baseline version:
xen a7b39c8bd6cba3fe1c8012987b9e28bdbac7e92d
Last test of basis 61627 2015-09-08 14:33:27 Z 3 days
Testing same since 61739 2015-09-10 06:45:52 Z 1 days 1 attempts
------------------------------------------------------------
People who touched revisions under test:
Boris Ostrovsky <boris.ostrovsky@oracle.com>
David Vrabel <david.vrabel@citrix.com>
Hanjun Guo <hanjun.guo@linaro.org>
Ian Campbell <ian.campbell@citrix.com>
Ian Jackson <ian.jackson@eu.citrix.com>
Jonathan Creekmore <jonathan.creekmore@gmail.com>
Len Brown <len.brown@intel.com>
Rafael J. Wysocki <rafael.j.wysocki@intel.com>
Razvan Cojocaru <rcojocaru@bitdefender.com>
Shannon Zhao <shannon.zhao@linaro.org>
Stefano Stabellini <stefano.stabellini@eu.citrix.com>
Tamas K Lengyel <tamas@tklengyel.com>
Tiejun Chen <tiejun.chen@intel.com>
Tomasz Nowicki <tomasz.nowicki@linaro.org>
jobs:
build-amd64-xsm pass
build-armhf-xsm pass
build-i386-xsm pass
build-amd64 pass
build-armhf pass
build-i386 pass
build-amd64-libvirt pass
build-armhf-libvirt pass
build-i386-libvirt pass
build-amd64-oldkern pass
build-i386-oldkern pass
build-amd64-prev pass
build-i386-prev pass
build-amd64-pvops pass
build-armhf-pvops pass
build-i386-pvops pass
build-amd64-rumpuserxen pass
build-i386-rumpuserxen pass
test-amd64-amd64-xl pass
test-armhf-armhf-xl pass
test-amd64-i386-xl pass
test-amd64-amd64-xl-qemut-debianhvm-amd64-xsm pass
test-amd64-i386-xl-qemut-debianhvm-amd64-xsm pass
test-amd64-amd64-libvirt-qemuu-debianhvm-amd64-xsm pass
test-amd64-i386-libvirt-qemuu-debianhvm-amd64-xsm pass
test-amd64-amd64-xl-qemuu-debianhvm-amd64-xsm pass
test-amd64-i386-xl-qemuu-debianhvm-amd64-xsm pass
test-amd64-amd64-xl-qemut-stubdom-debianhvm-amd64-xsm fail
test-amd64-i386-xl-qemut-stubdom-debianhvm-amd64-xsm fail
test-amd64-amd64-libvirt-xsm pass
test-armhf-armhf-libvirt-xsm fail
test-amd64-i386-libvirt-xsm pass
test-amd64-amd64-xl-xsm pass
test-armhf-armhf-xl-xsm pass
test-amd64-i386-xl-xsm pass
test-amd64-amd64-xl-pvh-amd fail
test-amd64-i386-qemut-rhel6hvm-amd pass
test-amd64-i386-qemuu-rhel6hvm-amd pass
test-amd64-amd64-xl-qemut-debianhvm-amd64 fail
test-amd64-i386-xl-qemut-debianhvm-amd64 pass
test-amd64-amd64-xl-qemuu-debianhvm-amd64 pass
test-amd64-i386-xl-qemuu-debianhvm-amd64 pass
test-amd64-i386-freebsd10-amd64 pass
test-amd64-amd64-xl-qemuu-ovmf-amd64 pass
test-amd64-i386-xl-qemuu-ovmf-amd64 pass
test-amd64-amd64-rumpuserxen-amd64 pass
test-amd64-amd64-xl-qemut-win7-amd64 fail
test-amd64-i386-xl-qemut-win7-amd64 fail
test-amd64-amd64-xl-qemuu-win7-amd64 fail
test-amd64-i386-xl-qemuu-win7-amd64 fail
test-armhf-armhf-xl-arndale pass
test-amd64-amd64-xl-credit2 pass
test-armhf-armhf-xl-credit2 pass
test-armhf-armhf-xl-cubietruck pass
test-amd64-i386-freebsd10-i386 pass
test-amd64-i386-rumpuserxen-i386 pass
test-amd64-amd64-xl-pvh-intel fail
test-amd64-i386-qemut-rhel6hvm-intel pass
test-amd64-i386-qemuu-rhel6hvm-intel pass
test-amd64-amd64-libvirt pass
test-armhf-armhf-libvirt fail
test-amd64-i386-libvirt pass
test-amd64-amd64-migrupgrade pass
test-amd64-i386-migrupgrade pass
test-amd64-amd64-xl-multivcpu pass
test-armhf-armhf-xl-multivcpu pass
test-amd64-amd64-pair pass
test-amd64-i386-pair pass
test-amd64-amd64-libvirt-pair fail
test-amd64-i386-libvirt-pair fail
test-amd64-amd64-amd64-pvgrub pass
test-amd64-amd64-i386-pvgrub pass
test-amd64-amd64-pygrub pass
test-amd64-amd64-libvirt-qcow2 pass
test-armhf-armhf-libvirt-qcow2 fail
test-amd64-i386-libvirt-qcow2 pass
test-amd64-amd64-xl-qcow2 pass
test-armhf-armhf-xl-qcow2 fail
test-amd64-i386-xl-qcow2 pass
test-amd64-amd64-libvirt-raw pass
test-armhf-armhf-libvirt-raw fail
test-amd64-i386-libvirt-raw pass
test-amd64-amd64-xl-raw pass
test-armhf-armhf-xl-raw fail
test-amd64-i386-xl-raw pass
test-amd64-amd64-xl-rtds pass
test-armhf-armhf-xl-rtds fail
test-amd64-i386-xl-qemut-winxpsp3-vcpus1 pass
test-amd64-i386-xl-qemuu-winxpsp3-vcpus1 pass
test-amd64-amd64-libvirt-vhd pass
test-armhf-armhf-libvirt-vhd fail
test-amd64-i386-libvirt-vhd pass
test-amd64-amd64-xl-vhd pass
test-armhf-armhf-xl-vhd fail
test-amd64-i386-xl-vhd pass
test-amd64-amd64-xl-qemut-winxpsp3 pass
test-amd64-i386-xl-qemut-winxpsp3 pass
test-amd64-amd64-xl-qemuu-winxpsp3 pass
test-amd64-i386-xl-qemuu-winxpsp3 pass
------------------------------------------------------------
sg-report-flight on osstest.test-lab.xenproject.org
logs: /home/logs/logs
images: /home/logs/images
Logs, config files, etc. are available at
http://logs.test-lab.xenproject.org/osstest/logs
Explanation of these reports, and of osstest in general, is at
http://xenbits.xen.org/gitweb/?p=osstest.git;a=blob;f=README.email;hb=master
http://xenbits.xen.org/gitweb/?p=osstest.git;a=blob;f=README;hb=master
Test harness code can be found at
http://xenbits.xen.org/gitweb?p=osstest.git;a=summary
Not pushing.
------------------------------------------------------------
commit fd5964a2a08addee1458659aacceeda48c4d44d9
Author: Boris Ostrovsky <boris.ostrovsky@oracle.com>
Date: Wed Sep 9 17:10:39 2015 +0200
libxc/x86/pvh: Allow creation of 32b PVH guests
Signed-off-by: Boris Ostrovsky <boris.ostrovsky@oracle.com>
Acked-by: Ian Campbell <ian.campbell@citrix.com>
commit 8149a99ed961c4414cdd9f15d66fe8db58e063cb
Author: Boris Ostrovsky <boris.ostrovsky@oracle.com>
Date: Wed Sep 9 17:10:13 2015 +0200
x86/pvh: handle hypercalls for 32b PVH guests
Signed-off-by: Boris Ostrovsky <boris.ostrovsky@oracle.com>
Reviewed-by: Jan Beulich <jbeulich@suse.com>
commit e264718e917708dd8d5080711e7cb97de91f00ae
Author: Boris Ostrovsky <boris.ostrovsky@oracle.com>
Date: Wed Sep 9 17:09:34 2015 +0200
x86/compat: test both PV and PVH guests for compat mode
Add is_pvh_32bit_domain() macro and use it alongside is_pv_32bit_domain() where
necessary.
Since PVH guests cannot change execution mode, has_32bit_shinfo is a good
indicator of whether the guest is PVH and 32-bit.
Signed-off-by: Boris Ostrovsky <boris.ostrovsky@oracle.com>
commit 476cf36ac0de41bd5070f902c430d5ce90c7f590
Author: Boris Ostrovsky <boris.ostrovsky@oracle.com>
Date: Wed Sep 9 17:08:56 2015 +0200
x86/pvh: do not allow 32-bit PVH guests to clear CR4's PAE bit
.. since we only support 32-bit PV(H) guests in PAE mode.
Signed-off-by: Boris Ostrovsky <boris.ostrovsky@oracle.com>
Reviewed-by: Jan Beulich <jbeulich@suse.com>
commit ad01afb7255af6755c44e34c943fc336bf4b0316
Author: Boris Ostrovsky <boris.ostrovsky@oracle.com>
Date: Wed Sep 9 17:08:12 2015 +0200
x86/pvh: set 32b PVH guest mode in XEN_DOMCTL_set_address_size
Signed-off-by: Boris Ostrovsky <boris.ostrovsky@oracle.com>
Reviewed-by: Jan Beulich <jbeulich@suse.com>
commit fdb0a9eb31d04c0fb60deab07a47c9a2545bbdfd
Author: Tiejun Chen <tiejun.chen@intel.com>
Date: Wed Sep 9 16:29:11 2015 +0200
domctl: lower loglevel of XEN_DOMCTL_memory_mapping
We should lower loglevel to XENLOG_G_DEBUG while mapping or
unmapping memory via XEN_DOMCTL_memory_mapping since its
fair enough to check this info just while debugging.
Signed-off-by: Tiejun Chen <tiejun.chen@intel.com>
commit c21f69e8a113818639027c7cd86773777c85fe3d
Author: Jonathan Creekmore <jonathan.creekmore@gmail.com>
Date: Wed Sep 9 16:28:27 2015 +0200
x86: wrap kexec feature with CONFIG_KEXEC
Add the appropriate #if checks around the kexec code in the x86 codebase
so that the feature can actually be turned off by the flag instead of
always required to be enabled on x86.
Signed-off-by: Jonathan Creekmore <jonathan.creekmore@gmail.com>
Reviewed-by: Andrew Cooper <andrew.cooper3@citrix.com>
Acked-by: David Vrabel <david.vrabel@citrix.com>
commit 780f119c8b073b36bcc098ef7b7f70fd1dc17c96
Author: Razvan Cojocaru <rcojocaru@bitdefender.com>
Date: Wed Sep 9 16:27:24 2015 +0200
x86: clean up vm_event-related code in asm-x86/domain.h
As suggested by Jan Beulich, moved struct monitor_write_data from
struct arch_domain to struct arch_vcpu, as well as moving all
vm_event-related data from asm-x86/domain.h to struct vm_event,
and allocating it dynamically only when needed.
Suggested-by: Jan Beulich <jbeulich@suse.com>
Signed-off-by: Razvan Cojocaru <rcojocaru@bitdefender.com>
Acked-by: Tamas K Lengyel <tamas@tklengyel.com>
Reviewed-by: Andrew Cooper <andrew.cooper3@citrix.com>
commit f025e6ddde98819083aadee11f776180cf5c6dce
Author: Hanjun Guo <hanjun.guo@linaro.org>
Date: Wed Sep 9 16:26:37 2015 +0200
ACPI / table: Replace '1' with specific error return values
After commit 7f8f97c3cc (ACPI: acpi_table_parse() now returns
success/fail, not count), acpi_table_parse() returns '1' when it is
unable to find the table, but it should return a negative error code
in that case. Make it return -ENODEV instead.
Fix the same problem in acpi_table_init() analogously.
Signed-off-by: Hanjun Guo <hanjun.guo@linaro.org>
[rjw: Subject and changelog]
Signed-off-by: Rafael J. Wysocki <rafael.j.wysocki@intel.com>
[Linux commit 95df812dbdc350bfcf31e247e9100c378a472480]
Signed-off-by: Shannon Zhao <shannon.zhao@linaro.org>
commit 0f09ae7bcbef680c9a6edb816557d1af4179b591
Author: Len Brown <len.brown@intel.com>
Date: Wed Sep 9 16:26:12 2015 +0200
ACPI: disable ACPI cleanly when bad RSDP found
When ACPI is disabled in the BIOS of this VIA C3 box,
it invalidates the RSDP, which Linux notices:
ACPI Error (tbxfroot-0218): A valid RSDP was not found [20080926]
Bug Linux neglected to disable ACPI at that stage,
and later scribbled on smp_found_config:
ACPI: No APIC-table, disabling MPS
But this box doesn't run well in legacy PIC mode,
it needed IOAPIC mode to perform correctly:
http://lkml.org/lkml/2009/2/5/39
So exit ACPI mode cleanly when we first detect
that it is hopeless.
Signed-off-by: Len Brown <len.brown@intel.com>
[Linux commit 9e3a9d1ed8cc8db93e5c53e9a5b09065bd95de8b]
Signed-off-by: Shannon Zhao <shannon.zhao@linaro.org>
commit cf5efd610fe58160ceba3b5daece79c6a245c8fc
Author: Tomasz Nowicki <tomasz.nowicki@linaro.org>
Date: Wed Sep 9 16:25:42 2015 +0200
ACPI/table: Always count matched and successfully parsed entries
acpi_parse_entries() allows to traverse all available table entries (aka
subtables) by passing max_entries parameter equal to 0, but since its count
variable is only incremented if max_entries is not 0, the function always
returns 0 for max_entries equal to 0. It would be more useful if it returned
the number of entries matched instead, so make it increment count in that
case too.
Signed-off-by: Tomasz Nowicki <tomasz.nowicki@linaro.org>
[Linux commit 4ceacd02f5a1795c5c697e0345ee10beef675290]
Signed-off-by: Shannon Zhao <shannon.zhao@linaro.org>
commit 0b5fd6433f54281f3bffd79f2d759dd0edc1f3ab
Author: Boris Ostrovsky <boris.ostrovsky@oracle.com>
Date: Wed Sep 9 15:32:00 2015 +0200
x86/VPMU: Set VPMU context pointer to NULL when freeing it
Otherwise we may hit assertion in vpmu_initialise() if vcpu is offlined
and then onlined again.
For tidyness, set priv_context to NULL as well.
Signed-off-by: Boris Ostrovsky <boris.ostrovsky@oracle.com>
Reviewed-by: Dietmar Hahn <dietmar.hahn@ts.fujitsu.com>
Release-acked-by: Wei Liu <wei.liu2@citrix.com>
commit 0d6a3c755374f04f6dd25373da28291a8f35bede
Author: Stefano Stabellini <stefano.stabellini@eu.citrix.com>
Date: Wed Sep 9 15:29:06 2015 +0200
efi: introduce efi_arch_flush_dcache_area
Objects loaded by FileHandle->Read need to be flushed from dcache,
otherwise copy_from_paddr will read stale data when copying the kernel,
causing a failure to boot.
Introduce efi_arch_flush_dcache_area and call it from read_file.
This commit introduces no functional changes on x86.
Reported-by: Mark Rutland <mark.rutland@arm.com>
Signed-off-by: Stefano Stabellini <stefano.stabellini@eu.citrix.com>
Acked-by: Ian Campbell <ian.campbell@citrix.com>
Release-acked-by: Wei Liu <wei.liu2@citrix.com>
commit 315a8722b4d7ba6141c6cc85009b6e09f5b20424
Author: Ian Jackson <ian.jackson@eu.citrix.com>
Date: Wed Sep 9 13:19:57 2015 +0100
Branch for 4.6: Update staging version to 4.7-unstable
* Change README to say `Xen 4.6-rc'
* Change XEN_EXTRAVERSION so that we are `4.6.0-rc'
Signed-off-by: Ian Jackson <Ian.Jackson@eu.citrix.com>
commit bf6cfbb187f8d1078af655e754eb8a2ffd4ae865
Author: Ian Jackson <ian.jackson@eu.citrix.com>
Date: Wed Sep 9 13:18:13 2015 +0100
Branch for 4.6: Unpin QEMU_UPSTREAM_REVISION
commit 664675adece8e6c4220c3bd22b1f78bea7e630b1
Author: Ian Campbell <ian.campbell@citrix.com>
Date: Sat Jul 25 08:28:58 2015 +0000
MAINTAINERS: stable backports should be requested on xen-devel
As well as CC-ing the correct people. I just saw such a request on
xen-users and thought this was worth clarifying here too.
Signed-off-by: Ian Campbell <ian.campbell@citrix.com>
(qemu changes not included)
^ permalink raw reply [flat|nested] only message in thread
only message in thread, other threads:[~2015-09-12 1:13 UTC | newest]
Thread overview: (only message) (download: mbox.gz follow: Atom feed
-- links below jump to the message on this page --
2015-09-12 1:13 [xen-unstable test] 61739: regressions - FAIL osstest service owner
This is a public inbox, see mirroring instructions
for how to clone and mirror all data and code used for this inbox;
as well as URLs for NNTP newsgroup(s).