From: osstest service owner <osstest-admin@xenproject.org>
To: xen-devel@lists.xensource.com, osstest-admin@xenproject.org
Subject: [linux-3.14 test] 61827: regressions - FAIL
Date: Mon, 14 Sep 2015 20:26:52 +0000 [thread overview]
Message-ID: <osstest-61827-mainreport@xen.org> (raw)
[-- Warning: decoded text below may be mangled, UTF-8 assumed --]
[-- Attachment #1: Type: text/plain, Size: 16180 bytes --]
flight 61827 linux-3.14 real [real]
http://logs.test-lab.xenproject.org/osstest/logs/61827/
Regressions :-(
Tests which did not succeed and are blocking,
including tests which could not be run:
test-amd64-i386-xl-vhd 13 guest-saverestore fail REGR. vs. 60666
test-amd64-i386-xl-qcow2 13 guest-saverestore fail REGR. vs. 60666
test-amd64-amd64-xl-vhd 19 guest-start.2 fail in 61263 REGR. vs. 60666
test-amd64-amd64-xl-qcow2 19 guest-start.2 fail in 61263 REGR. vs. 60666
Tests which are failing intermittently (not blocking):
test-armhf-armhf-libvirt-xsm 3 host-install(3) broken in 61522 pass in 61827
test-amd64-i386-libvirt 18 guest-start/debian.repeat fail in 61263 pass in 61827
test-amd64-i386-xl-qemuu-ovmf-amd64 12 guest-saverestore fail in 61263 pass in 61827
test-amd64-i386-xl-qemuu-debianhvm-amd64 19 guest-start/debianhvm.repeat fail in 61263 pass in 61827
test-amd64-i386-xl-qemut-debianhvm-amd64 18 guest-start.2 fail in 61263 pass in 61827
test-amd64-i386-xl-qemuu-winxpsp3-vcpus1 19 guest-start/win.repeat fail in 61263 pass in 61827
test-amd64-amd64-libvirt-qemuu-debianhvm-amd64-xsm 16 guest-start/debianhvm.repeat fail in 61522 pass in 61827
test-amd64-i386-rumpuserxen-i386 15 rumpuserxen-demo-xenstorels/xenstorels.repeat fail in 61522 pass in 61827
test-amd64-amd64-xl-qcow2 10 guest-start fail in 61522 pass in 61827
test-amd64-i386-libvirt-qemuu-debianhvm-amd64-xsm 16 guest-start/debianhvm.repeat fail in 61522 pass in 61827
test-amd64-amd64-libvirt-qcow2 10 guest-start fail in 61742 pass in 61827
test-amd64-amd64-xl-qemuu-debianhvm-amd64 18 guest-start.2 fail in 61742 pass in 61827
test-amd64-amd64-xl-qemut-stubdom-debianhvm-amd64-xsm 13 guest-localmigrate fail in 61742 pass in 61827
test-amd64-amd64-xl-qemuu-ovmf-amd64 19 guest-start/debianhvm.repeat fail in 61742 pass in 61827
test-amd64-amd64-xl-vhd 13 guest-saverestore fail pass in 61263
test-amd64-amd64-libvirt-xsm 18 guest-start/debian.repeat fail pass in 61522
test-amd64-amd64-libvirt-qcow2 13 guest-saverestore fail pass in 61522
test-amd64-i386-xl-qemuu-ovmf-amd64 19 guest-start/debianhvm.repeat fail pass in 61742
test-amd64-amd64-libvirt-raw 17 guest-start/debian.repeat fail pass in 61742
test-amd64-amd64-libvirt-vhd 14 guest-saverestore.2 fail pass in 61742
test-amd64-i386-libvirt-xsm 18 guest-start/debian.repeat fail pass in 61742
test-amd64-i386-libvirt-vhd 9 debian-di-install fail pass in 61742
test-amd64-i386-libvirt-raw 18 guest-destroy fail pass in 61742
test-amd64-i386-qemuu-rhel6hvm-intel 12 guest-start/redhat.repeat fail pass in 61742
test-amd64-amd64-xl-qcow2 13 guest-saverestore fail pass in 61742
test-amd64-i386-xl-qemut-debianhvm-amd64 19 guest-start/debianhvm.repeat fail pass in 61742
test-amd64-amd64-xl-qemuu-winxpsp3 12 guest-saverestore fail pass in 61742
test-amd64-i386-xl-qemut-win7-amd64 9 windows-install fail pass in 61742
Regressions which are regarded as allowable (not blocking):
test-amd64-i386-libvirt-qcow2 13 guest-saverestore fail REGR. vs. 60666
test-amd64-amd64-xl-qemut-stubdom-debianhvm-amd64-xsm 16 guest-localmigrate/x10 fail blocked in 60666
test-amd64-amd64-libvirt-qcow2 14 guest-saverestore.2 fail in 61522 REGR. vs. 60666
test-amd64-amd64-libvirt-vhd 16 guest-start.2 fail in 61522 REGR. vs. 60666
test-amd64-i386-libvirt-vhd 13 guest-saverestore fail in 61522 REGR. vs. 60666
test-amd64-amd64-rumpuserxen-amd64 15 rumpuserxen-demo-xenstorels/xenstorels.repeat fail in 61522 like 60666
test-amd64-i386-xl-qemut-win7-amd64 17 guest-stop fail in 61522 like 60666
test-armhf-armhf-libvirt 6 xen-boot fail like 60666
test-armhf-armhf-xl-multivcpu 6 xen-boot fail like 60666
test-armhf-armhf-xl 6 xen-boot fail like 60666
test-armhf-armhf-xl-credit2 6 xen-boot fail like 60666
test-amd64-amd64-xl-qemuu-win7-amd64 17 guest-stop fail like 60666
test-amd64-amd64-xl-qemut-win7-amd64 17 guest-stop fail like 60666
Tests which did not succeed, but are not blocking:
test-amd64-i386-libvirt-vhd 11 migrate-support-check fail in 61522 never pass
test-armhf-armhf-libvirt-vhd 6 xen-boot fail never pass
test-armhf-armhf-xl-arndale 6 xen-boot fail never pass
test-armhf-armhf-xl-rtds 6 xen-boot fail never pass
test-armhf-armhf-libvirt-qcow2 6 xen-boot fail never pass
test-armhf-armhf-libvirt-raw 6 xen-boot fail never pass
test-armhf-armhf-xl-raw 6 xen-boot fail never pass
test-armhf-armhf-xl-cubietruck 6 xen-boot fail never pass
test-armhf-armhf-xl-xsm 6 xen-boot fail never pass
test-armhf-armhf-xl-vhd 6 xen-boot fail never pass
test-amd64-amd64-libvirt-qemuu-debianhvm-amd64-xsm 10 migrate-support-check fail never pass
test-amd64-amd64-libvirt-xsm 12 migrate-support-check fail never pass
test-armhf-armhf-libvirt-xsm 6 xen-boot fail never pass
test-armhf-armhf-xl-qcow2 6 xen-boot fail never pass
test-amd64-amd64-libvirt-qcow2 11 migrate-support-check fail never pass
test-amd64-i386-libvirt 12 migrate-support-check fail never pass
test-amd64-amd64-xl-pvh-intel 11 guest-start fail never pass
test-amd64-i386-xl-qemut-stubdom-debianhvm-amd64-xsm 9 debian-hvm-install fail never pass
test-amd64-amd64-libvirt-raw 11 migrate-support-check fail never pass
test-amd64-i386-xl-qemuu-win7-amd64 17 guest-stop fail never pass
test-amd64-amd64-xl-pvh-amd 11 guest-start fail never pass
test-amd64-amd64-libvirt-vhd 11 migrate-support-check fail never pass
test-amd64-i386-libvirt-xsm 12 migrate-support-check fail never pass
test-amd64-amd64-libvirt 12 migrate-support-check fail never pass
test-amd64-i386-libvirt-raw 11 migrate-support-check fail never pass
test-amd64-i386-libvirt-qemuu-debianhvm-amd64-xsm 10 migrate-support-check fail never pass
test-amd64-i386-libvirt-qcow2 11 migrate-support-check fail never pass
test-amd64-amd64-libvirt-pair 21 guest-migrate/src_host/dst_host fail never pass
test-amd64-i386-libvirt-pair 21 guest-migrate/src_host/dst_host fail never pass
version targeted for testing:
linux 318ff69ca4c275bae4b875b87df5bdbd7988486a
baseline version:
linux 9b8b905951bde404f20a7bd4b37a5134f3484569
Last test of basis 60666 2015-08-12 06:12:25 Z 33 days
Testing same since 60747 2015-08-17 05:56:00 Z 28 days 15 attempts
------------------------------------------------------------
People who touched revisions under test:
Al Viro <viro@zeniv.linux.org.uk>
Alex Deucher <alexander.deucher@amd.com>
Amanieu d'Antras <amanieu@gmail.com>
Andrew Morton <akpm@linux-foundation.org>
Andy Lutomirski <luto@kernel.org>
Arkadiusz Miśkiewicz <arekm@maven.pl>
Arnd Bergmann <arnd@arndb.de>
Axel Lin <axel.lin@ingics.com>
Benjamin Randazzo <benjamin@randazzo.fr>
Bjorn Helgaas <bhelgaas@google.com>
Brian King <brking@linux.vnet.ibm.com>
Dan Carpenter <dan.carpenter@oracle.com>
David Daney <david.daney@cavium.com>
David S. Miller <davem@davemloft.net>
David Vrabel <david.vrabel@citrix.com>
Davidlohr Bueso <dbueso@suse.de>
Dirk Behme <dirk.behme@de.bosch.com>
Doug Ledford <dledford@redhat.com>
Dr. Greg Wettstein <gw@idfusion.org>
Felix Fietkau <nbd@openwrt.org>
Greg Kroah-Hartman <gregkh@linuxfoundation.org>
Herbert Xu <herbert@gondor.apana.org.au>
Hugh Dickins <hughd@google.com>
Ilya Dryomov <idryomov@gmail.com>
Ingo Molnar <mingo@kernel.org>
James Bottomley <JBottomley@Odin.com>
James Hogan <james.hogan@imgtec.com>
Jan Kara <jack@suse.com>
Johan Hovold <johan@kernel.org>
Joseph Qi <joseph.qi@huawei.com>
Kevin Hilman <khilman@linaro.org>
Linus Torvalds <torvalds@linux-foundation.org>
Marcus Gelderie <redmnic@gmail.com>
Marek Belisko <marek.belisko@streamunlimited.com>
Marek Marczykowski-Górecki <marmarek@invisiblethingslab.com>
Mark Brown <broonie@kernel.org>
Mathias Nyman <mathias.nyman@linux.intel.com>
Michael Kerrisk <mtk.manpages@gmail.com>
Michael S. Tsirkin <mst@redhat.com>
Michal Hocko <mhocko@suse.cz>
Miklos Szeredi <mszeredi@suse.cz>
Mimi Zohar <zohar@linux.vnet.ibm.com>
NeilBrown <neilb@suse.com>
Nicholas Bellinger <nab@daterainc.com>
Nicholas Bellinger <nab@linux-iscsi.org>
Paolo Bonzini <pbonzini@redhat.com>
Paul Walmsley <paul@pwsan.com>
Ralf Baechle <ralf@linux-mips.org>
Roger Quadros <rogerq@ti.com>
Takashi Iwai <tiwai@suse.de>
Wang Kai <morgan.wang@huawei.com>
Wen Xiong <wenxiong@linux.vnet.ibm.com>
jobs:
build-amd64-xsm pass
build-armhf-xsm pass
build-i386-xsm pass
build-amd64 pass
build-armhf pass
build-i386 pass
build-amd64-libvirt pass
build-armhf-libvirt pass
build-i386-libvirt pass
build-amd64-pvops pass
build-armhf-pvops pass
build-i386-pvops pass
build-amd64-rumpuserxen pass
build-i386-rumpuserxen pass
test-amd64-amd64-xl pass
test-armhf-armhf-xl fail
test-amd64-i386-xl pass
test-amd64-amd64-xl-qemut-debianhvm-amd64-xsm pass
test-amd64-i386-xl-qemut-debianhvm-amd64-xsm pass
test-amd64-amd64-libvirt-qemuu-debianhvm-amd64-xsm pass
test-amd64-i386-libvirt-qemuu-debianhvm-amd64-xsm pass
test-amd64-amd64-xl-qemuu-debianhvm-amd64-xsm pass
test-amd64-i386-xl-qemuu-debianhvm-amd64-xsm pass
test-amd64-amd64-xl-qemut-stubdom-debianhvm-amd64-xsm fail
test-amd64-i386-xl-qemut-stubdom-debianhvm-amd64-xsm fail
test-amd64-amd64-libvirt-xsm fail
test-armhf-armhf-libvirt-xsm fail
test-amd64-i386-libvirt-xsm fail
test-amd64-amd64-xl-xsm pass
test-armhf-armhf-xl-xsm fail
test-amd64-i386-xl-xsm pass
test-amd64-amd64-xl-pvh-amd fail
test-amd64-i386-qemut-rhel6hvm-amd pass
test-amd64-i386-qemuu-rhel6hvm-amd pass
test-amd64-amd64-xl-qemut-debianhvm-amd64 pass
test-amd64-i386-xl-qemut-debianhvm-amd64 fail
test-amd64-amd64-xl-qemuu-debianhvm-amd64 pass
test-amd64-i386-xl-qemuu-debianhvm-amd64 pass
test-amd64-i386-freebsd10-amd64 pass
test-amd64-amd64-xl-qemuu-ovmf-amd64 pass
test-amd64-i386-xl-qemuu-ovmf-amd64 fail
test-amd64-amd64-rumpuserxen-amd64 pass
test-amd64-amd64-xl-qemut-win7-amd64 fail
test-amd64-i386-xl-qemut-win7-amd64 fail
test-amd64-amd64-xl-qemuu-win7-amd64 fail
test-amd64-i386-xl-qemuu-win7-amd64 fail
test-armhf-armhf-xl-arndale fail
test-amd64-amd64-xl-credit2 pass
test-armhf-armhf-xl-credit2 fail
test-armhf-armhf-xl-cubietruck fail
test-amd64-i386-freebsd10-i386 pass
test-amd64-i386-rumpuserxen-i386 pass
test-amd64-amd64-xl-pvh-intel fail
test-amd64-i386-qemut-rhel6hvm-intel pass
test-amd64-i386-qemuu-rhel6hvm-intel fail
test-amd64-amd64-libvirt pass
test-armhf-armhf-libvirt fail
test-amd64-i386-libvirt pass
test-amd64-amd64-xl-multivcpu pass
test-armhf-armhf-xl-multivcpu fail
test-amd64-amd64-pair pass
test-amd64-i386-pair pass
test-amd64-amd64-libvirt-pair fail
test-amd64-i386-libvirt-pair fail
test-amd64-amd64-amd64-pvgrub pass
test-amd64-amd64-i386-pvgrub pass
test-amd64-amd64-pygrub pass
test-amd64-amd64-libvirt-qcow2 fail
test-armhf-armhf-libvirt-qcow2 fail
test-amd64-i386-libvirt-qcow2 fail
test-amd64-amd64-xl-qcow2 fail
test-armhf-armhf-xl-qcow2 fail
test-amd64-i386-xl-qcow2 fail
test-amd64-amd64-libvirt-raw fail
test-armhf-armhf-libvirt-raw fail
test-amd64-i386-libvirt-raw fail
test-amd64-amd64-xl-raw pass
test-armhf-armhf-xl-raw fail
test-amd64-i386-xl-raw pass
test-amd64-amd64-xl-rtds pass
test-armhf-armhf-xl-rtds fail
test-amd64-i386-xl-qemut-winxpsp3-vcpus1 pass
test-amd64-i386-xl-qemuu-winxpsp3-vcpus1 pass
test-amd64-amd64-libvirt-vhd fail
test-armhf-armhf-libvirt-vhd fail
test-amd64-i386-libvirt-vhd fail
test-amd64-amd64-xl-vhd fail
test-armhf-armhf-xl-vhd fail
test-amd64-i386-xl-vhd fail
test-amd64-amd64-xl-qemut-winxpsp3 pass
test-amd64-i386-xl-qemut-winxpsp3 pass
test-amd64-amd64-xl-qemuu-winxpsp3 fail
test-amd64-i386-xl-qemuu-winxpsp3 pass
------------------------------------------------------------
sg-report-flight on osstest.test-lab.xenproject.org
logs: /home/logs/logs
images: /home/logs/images
Logs, config files, etc. are available at
http://logs.test-lab.xenproject.org/osstest/logs
Explanation of these reports, and of osstest in general, is at
http://xenbits.xen.org/gitweb/?p=osstest.git;a=blob;f=README.email;hb=master
http://xenbits.xen.org/gitweb/?p=osstest.git;a=blob;f=README;hb=master
Test harness code can be found at
http://xenbits.xen.org/gitweb?p=osstest.git;a=summary
Not pushing.
(No revision log; it would be 1572 lines long.)
[-- Attachment #2: Type: text/plain, Size: 126 bytes --]
_______________________________________________
Xen-devel mailing list
Xen-devel@lists.xen.org
http://lists.xen.org/xen-devel
reply other threads:[~2015-09-14 20:26 UTC|newest]
Thread overview: [no followups] expand[flat|nested] mbox.gz Atom feed
Reply instructions:
You may reply publicly to this message via plain-text email
using any one of the following methods:
* Save the following mbox file, import it into your mail client,
and reply-to-all from there: mbox
Avoid top-posting and favor interleaved quoting:
https://en.wikipedia.org/wiki/Posting_style#Interleaved_style
* Reply using the --to, --cc, and --in-reply-to
switches of git-send-email(1):
git send-email \
--in-reply-to=osstest-61827-mainreport@xen.org \
--to=osstest-admin@xenproject.org \
--cc=xen-devel@lists.xensource.com \
/path/to/YOUR_REPLY
https://kernel.org/pub/software/scm/git/docs/git-send-email.html
* If your mail client supports setting the In-Reply-To header
via mailto: links, try the mailto: link
Be sure your reply has a Subject: header at the top and a blank line
before the message body.
This is a public inbox, see mirroring instructions
for how to clone and mirror all data and code used for this inbox;
as well as URLs for NNTP newsgroup(s).