xen-devel.lists.xenproject.org archive mirror
 help / color / mirror / Atom feed
* [linux-3.16 test] 61939: regressions - trouble: blocked/broken/fail/pass
@ 2015-09-15 20:20 osstest service owner
  0 siblings, 0 replies; only message in thread
From: osstest service owner @ 2015-09-15 20:20 UTC (permalink / raw)
  To: xen-devel, osstest-admin

[-- Warning: decoded text below may be mangled, UTF-8 assumed --]
[-- Attachment #1: Type: text/plain, Size: 17856 bytes --]

flight 61939 linux-3.16 real [real]
http://logs.test-lab.xenproject.org/osstest/logs/61939/

Regressions :-(

Tests which did not succeed and are blocking,
including tests which could not be run:
 build-armhf-pvops             4 host-build-prep           fail REGR. vs. 60836

Regressions which are regarded as allowable (not blocking):
 test-amd64-i386-rumpuserxen-i386 15 rumpuserxen-demo-xenstorels/xenstorels.repeat fail REGR. vs. 60836
 test-amd64-i386-xl-qemut-stubdom-debianhvm-amd64-xsm 13 guest-localmigrate fail like 60803
 test-amd64-amd64-xl-qemut-stubdom-debianhvm-amd64-xsm 13 guest-localmigrate fail like 60803
 test-amd64-amd64-xl-credit2  18 guest-localmigrate/x10       fail   like 60836
 test-amd64-amd64-xl-qemut-win7-amd64 17 guest-stop             fail like 60836

Tests which did not succeed, but are not blocking:
 test-armhf-armhf-xl-vhd       1 build-check(1)               blocked  n/a
 test-armhf-armhf-libvirt-qcow2  1 build-check(1)               blocked  n/a
 test-armhf-armhf-xl-qcow2     1 build-check(1)               blocked  n/a
 test-armhf-armhf-libvirt-vhd  1 build-check(1)               blocked  n/a
 test-armhf-armhf-libvirt-raw  1 build-check(1)               blocked  n/a
 test-armhf-armhf-xl-raw       1 build-check(1)               blocked  n/a
 test-armhf-armhf-libvirt-xsm  1 build-check(1)               blocked  n/a
 test-armhf-armhf-libvirt      1 build-check(1)               blocked  n/a
 test-armhf-armhf-xl-xsm       1 build-check(1)               blocked  n/a
 test-armhf-armhf-xl           1 build-check(1)               blocked  n/a
 test-armhf-armhf-xl-rtds      1 build-check(1)               blocked  n/a
 test-armhf-armhf-xl-multivcpu  1 build-check(1)               blocked  n/a
 test-armhf-armhf-xl-arndale   1 build-check(1)               blocked  n/a
 test-armhf-armhf-xl-cubietruck  1 build-check(1)               blocked  n/a
 test-armhf-armhf-xl-credit2   1 build-check(1)               blocked  n/a
 test-amd64-amd64-xl-pvh-intel 11 guest-start                  fail  never pass
 test-amd64-amd64-xl-pvh-amd  11 guest-start                  fail   never pass
 test-amd64-amd64-xl-multivcpu 18 guest-localmigrate/x10       fail  never pass
 test-amd64-amd64-libvirt-pair 21 guest-migrate/src_host/dst_host fail never pass
 test-amd64-amd64-xl-rtds     18 guest-localmigrate/x10       fail   never pass
 test-amd64-i386-libvirt-xsm  12 migrate-support-check        fail   never pass
 test-amd64-i386-libvirt-pair 21 guest-migrate/src_host/dst_host fail never pass
 test-amd64-amd64-libvirt-xsm 12 migrate-support-check        fail   never pass
 test-amd64-i386-libvirt-qemuu-debianhvm-amd64-xsm 10 migrate-support-check fail never pass
 test-amd64-amd64-libvirt-raw 11 migrate-support-check        fail   never pass
 test-amd64-amd64-libvirt-qcow2 11 migrate-support-check        fail never pass
 test-amd64-i386-libvirt-qcow2 11 migrate-support-check        fail  never pass
 test-amd64-i386-libvirt-vhd  11 migrate-support-check        fail   never pass
 test-amd64-amd64-libvirt-vhd 11 migrate-support-check        fail   never pass
 test-amd64-i386-libvirt-raw  11 migrate-support-check        fail   never pass
 test-amd64-amd64-libvirt-qemuu-debianhvm-amd64-xsm 10 migrate-support-check fail never pass
 test-amd64-i386-libvirt      12 migrate-support-check        fail   never pass
 test-amd64-amd64-libvirt     12 migrate-support-check        fail   never pass
 test-amd64-i386-xl-qemut-win7-amd64 17 guest-stop              fail never pass
 test-amd64-amd64-xl-qemuu-win7-amd64 17 guest-stop             fail never pass
 test-amd64-i386-xl-qemuu-win7-amd64 17 guest-stop              fail never pass

version targeted for testing:
 linux                76aee4f56fe6a10b449327f83989474be1d8224c
baseline version:
 linux                72388a1322d01750228f7852c80c7f9547bd63a8

Last test of basis    60836  2015-08-22 23:20:54 Z   23 days
Testing same since    61786  2015-09-11 09:43:46 Z    4 days    2 attempts

------------------------------------------------------------
People who touched revisions under test:
  "Eric W. Biederman" <ebiederm@xmission.com>
  Al Viro <viro@zeniv.linux.org.uk>
  Alan Stern <stern@rowland.harvard.edu>
  Alex Deucher <alexander.deucher@amd.com>
  Alexander Drozdov <al.drozdov@gmail.com>
  Alexei Potashnik <alexei@purestorage.com>
  Amanieu d'Antras <amanieu@gmail.com>
  Andrew Morton <akpm@linux-foundation.org>
  Andy Lutomirski <luto@kernel.org>
  Andy Shevchenko <andriy.shevchenko@linux.intel.com>
  Antonio Quartulli <antonio@meshcoding.com>
  Ard Biesheuvel <ard.biesheuvel@linaro.org>
  Arkadiusz Miśkiewicz <arekm@maven.pl>
  Axel Lin <axel.lin@ingics.com>
  Bart Van Assche <bart.vanassche@sandisk.com>
  Benjamin Randazzo <benjamin@randazzo.fr>
  Bjorn Helgaas <bhelgaas@google.com>
  Bob Liu <bob.liu@oracle.com>
  Borislav Petkov <bp@suse.de>
  Brenden Blanco <bblanco@plumgrid.com>
  Brian King <brking@linux.vnet.ibm.com>
  Catalin Marinas <catalin.marinas@arm.com>
  Chad Dupuis <chad.dupuis@qlogic.com>
  Charles Keepax <ckeepax@opensource.wolfsonmicro.com>
  Chris Wilson <chris@chris-wilson.co.uk>
  Christoph Hellwig <hch@infradead.org>
  Christoph Hellwig <hch@lst.de>
  Cong Wang <cwang@twopensource.com>
  Cong Wang <xiyou.wangcong@gmail.com>
  Dan Carpenter <dan.carpenter@oracle.com>
  Daniel Borkmann <daniel@iogearbox.net>
  Daniel Vetter <daniel.vetter@ffwll.ch>
  Dave Airlie <airlied@redhat.com>
  Dave Chinner <david@fromorbit.com>
  Dave Chinner <dchinner@redhat.com>
  David Ahern <dsa@cumulusnetworks.com>
  David Daney <david.daney@cavium.com>
  David S. Miller <davem@davemloft.net>
  David Vrabel <david.vrabel@citrix.com>
  Davidlohr Bueso <dbueso@suse.de>
  Denis Carikli <denis@eukrea.com>
  Ding Tianhong <dingtianhong@huawei.com>
  dingtianhong <dingtianhong@huawei.com>
  Dirk Behme <dirk.behme@de.bosch.com>
  Dmitry Skorodumov <sdmitry@parallels.com>
  Doug Ledford <dledford@redhat.com>
  Dr. Greg Wettstein <gw@idfusion.org>
  Eduardo Valentin <edubezval@gmail.com>
  Eric Dumazet <edumazet@google.com>
  Eric W. Biederman <ebiederm@xmission.com>
  Felix Fietkau <nbd@openwrt.org>
  Florian Westphal <fw@strlen.de>
  Gavin Shan <gwshan@linux.vnet.ibm.com>
  Gioh Kim <gioh.kim@lge.com>
  Greg Kroah-Hartman <gregkh@linuxfoundation.org>
  Gregory Hoggarth <Gregory.Hoggarth@alliedtelesis.co.nz>
  Guenter Roeck <linux@roeck-us.net>
  Guillermo A. Amaral <g@maral.me>
  Hans-Christian Egtvedt <egtvedt@samfundet.no>
  Haozhong Zhang <haozhong.zhang@intel.com>
  Herbert Xu <herbert@gondor.apana.org.au>
  Herton R. Krzesinski <herton@redhat.com>
  Horia Geant? <horia.geanta@freescale.com>
  huaibin Wang <huaibin.wang@6wind.com>
  Hugh Dickins <hughd@google.com>
  Ilan Cohen <ilanco@gmail.com>
  Ilya Dryomov <idryomov@gmail.com>
  Ingo Molnar <mingo@kernel.org>
  Ivan Vecera <ivecera@redhat.com>
  J. Bruce Fields <bfields@redhat.com>
  Jack Morgenstein <jackm@dev.mellanox.co.il>
  James Bottomley <JBottomley@Odin.com>
  James Hogan <james.hogan@imgtec.com>
  Jan Kara <jack@suse.com>
  Jason Gunthorpe <jgunthorpe@obsidianresearch.com>
  Jiri Kosina <jkosina@suse.cz>
  Jiri Pirko <jiri@resnulli.us>
  Joe Stringer <joestringer@nicira.com>
  Joe Thornber <ejt@redhat.com>
  Johan Hovold <johan@kernel.org>
  Johannes Oertei <johannes.oertel@uni-due.de>
  John Soni Jose <sony.john@avagotech.com>
  Joseph Qi <joseph.qi@huawei.com>
  Juergen Gross <jgross@suse.com>
  Julian Anastasov <ja@ssi.bg>
  Kinglong Mee <kinglongmee@gmail.com>
  Konrad Rzeszutek Wilk <konrad.wilk@oracle.com>
  Krzysztof Kozlowski <k.kozlowski@samsung.com>
  Lars Westerhoff <lars.westerhoff@newtec.eu>
  Lee Jones <lee.jones@linaro.org>
  Linus Torvalds <torvalds@linux-foundation.org>
  Luis Henriques <luis.henriques@canonical.com>
  Lukasz Majewski <l.majewski@samsung.com>
  Manfred Spraul <manfred@colorfullife.com>
  Marc Zyngier <marc.zyngier@arm.com>
  Marc-André Lureau <marcandre.lureau@redhat.com>
  Marcus Gelderie <redmnic@gmail.com>
  Marek Belisko <marek.belisko@streamunlimited.com>
  Marek Lindner <mareklindner@neomailbox.ch>
  Marek Marczykowski-Górecki <marmarek@invisiblethingslab.com>
  Mark Brown <broonie@kernel.org>
  Markos Chandras <markos.chandras@imgtec.com>
  Martin Schwidefsky <schwidefsky@de.ibm.com>
  Matan Barak <matanb@mellanox.com>
  Mathias Nyman <mathias.nyman@linux.intel.com>
  Matt Fleming <matt.fleming@intel.com>
  Michael Kerrisk <mtk.manpages@gmail.com>
  Michael S. Tsirkin <mst@redhat.com>
  Michael Walle <michael@walle.cc>
  Michal Hocko <mhocko@suse.cz>
  Mike Snitzer <snitzer@redhat.com>
  Mimi Zohar <zohar@linux.vnet.ibm.com>
  Ming Lei <ming.lei@canonical.com>
  Naoya Horiguchi <n-horiguchi@ah.jp.nec.com>
  NeilBrown <neilb@suse.com>
  Nicholas Bellinger <nab@linux-iscsi.org>
  Nicolas Dichtel <nicolas.dichtel@6wind.com>
  Nikolay Aleksandrov <nikolay@cumulusnetworks.com>
  Nikolay Borisov <kernel@kyup.com>
  Oleg Nesterov <oleg@redhat.com>
  Or Gerlitz <ogerlitz@mellanox.com>
  Pablo Neira Ayuso <pablo@netfilter.org>
  Paolo Bonzini <pbonzini@redhat.com>
  Paul E. McKenney <paulmck@linux.vnet.ibm.com>
  Paul Moore <paul@paul-moore.com>
  Paul Walmsley <paul@pwsan.com>
  Peter Zijlstra (Intel) <peterz@infradead.org>
  Peter Zijlstra <peterz@infradead.org>
  Pieter Hollants <pieter@hollants.com>
  Rafael Aquini <aquini@redhat.com>
  Ralf Baechle <ralf@linux-mips.org>
  Rasesh Mody <rasesh.mody@qlogic.com>
  Reinhard Speyerer <rspmn@arcor.de>
  Richard Weinberger <richard@nod.at>
  Roger Pau Monné <roger.pau@citrix.com>
  Roger Quadros <rogerq@ti.com>
  Roland Dreier <roland@purestorage.com>
  Russell King <rmk+kernel@arm.linux.org.uk>
  Rusty Russell <rusty@rustcorp.com.au>
  Saurav Kashyap <saurav.kashyap@qlogic.com>
  Sebastian Ott <sebott@linux.vnet.ibm.com>
  Seth Forshee <seth.forshee@canonical.com>
  Shawn Guo <shawnguo@kernel.org>
  Simon Horman <horms@verge.net.au>
  Spencer Baugh <sbaugh@catern.com>
  Stephen Smalley <sds@tycho.nsa.gov>
  Steven Rostedt <rostedt@goodmis.org>
  Sumit Saxena <sumit.saxena@avagotech.com>
  Takashi Iwai <tiwai@suse.de>
  Takashi Sakamoto <o-takashi@sakamocchi.jp>
  Tejun Heo <tj@kernel.org>
  Theodore Ts'o <tytso@mit.edu>
  Thomas Hellstrom <thellstrom@vmware.com>
  Trond Myklebust <trond.myklebust@primarydata.com>
  Vasu Dev <vasu.dev@intel.com>
  Vlad Zolotarov <vladz@cloudius-systems.com>
  WANG Cong <xiyou.wangcong@gmail.com>
  Wanpeng Li <wanpeng.li@hotmail.com>
  Wen Xiong <wenxiong@linux.vnet.ibm.com>
  Will Deacon <will.deacon@arm.com>
  Yao-Wen Mao <yaowen@google.com>
  Ying Xue <ying.xue@windriver.com>

jobs:
 build-amd64-xsm                                              pass
 build-armhf-xsm                                              pass
 build-i386-xsm                                               pass
 build-amd64                                                  pass
 build-armhf                                                  pass
 build-i386                                                   pass
 build-amd64-libvirt                                          pass
 build-armhf-libvirt                                          pass
 build-i386-libvirt                                           pass
 build-amd64-pvops                                            pass
 build-armhf-pvops                                            broken
 build-i386-pvops                                             pass
 build-amd64-rumpuserxen                                      pass
 build-i386-rumpuserxen                                       pass
 test-amd64-amd64-xl                                          pass
 test-armhf-armhf-xl                                          blocked
 test-amd64-i386-xl                                           pass
 test-amd64-amd64-xl-qemut-debianhvm-amd64-xsm                pass
 test-amd64-i386-xl-qemut-debianhvm-amd64-xsm                 pass
 test-amd64-amd64-libvirt-qemuu-debianhvm-amd64-xsm           pass
 test-amd64-i386-libvirt-qemuu-debianhvm-amd64-xsm            pass
 test-amd64-amd64-xl-qemuu-debianhvm-amd64-xsm                pass
 test-amd64-i386-xl-qemuu-debianhvm-amd64-xsm                 pass
 test-amd64-amd64-xl-qemut-stubdom-debianhvm-amd64-xsm        fail
 test-amd64-i386-xl-qemut-stubdom-debianhvm-amd64-xsm         fail
 test-amd64-amd64-libvirt-xsm                                 pass
 test-armhf-armhf-libvirt-xsm                                 blocked
 test-amd64-i386-libvirt-xsm                                  pass
 test-amd64-amd64-xl-xsm                                      pass
 test-armhf-armhf-xl-xsm                                      blocked
 test-amd64-i386-xl-xsm                                       pass
 test-amd64-amd64-xl-pvh-amd                                  fail
 test-amd64-i386-qemut-rhel6hvm-amd                           pass
 test-amd64-i386-qemuu-rhel6hvm-amd                           pass
 test-amd64-amd64-xl-qemut-debianhvm-amd64                    pass
 test-amd64-i386-xl-qemut-debianhvm-amd64                     pass
 test-amd64-amd64-xl-qemuu-debianhvm-amd64                    pass
 test-amd64-i386-xl-qemuu-debianhvm-amd64                     pass
 test-amd64-i386-freebsd10-amd64                              pass
 test-amd64-amd64-xl-qemuu-ovmf-amd64                         pass
 test-amd64-i386-xl-qemuu-ovmf-amd64                          pass
 test-amd64-amd64-rumpuserxen-amd64                           pass
 test-amd64-amd64-xl-qemut-win7-amd64                         fail
 test-amd64-i386-xl-qemut-win7-amd64                          fail
 test-amd64-amd64-xl-qemuu-win7-amd64                         fail
 test-amd64-i386-xl-qemuu-win7-amd64                          fail
 test-armhf-armhf-xl-arndale                                  blocked
 test-amd64-amd64-xl-credit2                                  fail
 test-armhf-armhf-xl-credit2                                  blocked
 test-armhf-armhf-xl-cubietruck                               blocked
 test-amd64-i386-freebsd10-i386                               pass
 test-amd64-i386-rumpuserxen-i386                             fail
 test-amd64-amd64-xl-pvh-intel                                fail
 test-amd64-i386-qemut-rhel6hvm-intel                         pass
 test-amd64-i386-qemuu-rhel6hvm-intel                         pass
 test-amd64-amd64-libvirt                                     pass
 test-armhf-armhf-libvirt                                     blocked
 test-amd64-i386-libvirt                                      pass
 test-amd64-amd64-xl-multivcpu                                fail
 test-armhf-armhf-xl-multivcpu                                blocked
 test-amd64-amd64-pair                                        pass
 test-amd64-i386-pair                                         pass
 test-amd64-amd64-libvirt-pair                                fail
 test-amd64-i386-libvirt-pair                                 fail
 test-amd64-amd64-amd64-pvgrub                                pass
 test-amd64-amd64-i386-pvgrub                                 pass
 test-amd64-amd64-pygrub                                      pass
 test-amd64-amd64-libvirt-qcow2                               pass
 test-armhf-armhf-libvirt-qcow2                               blocked
 test-amd64-i386-libvirt-qcow2                                pass
 test-amd64-amd64-xl-qcow2                                    pass
 test-armhf-armhf-xl-qcow2                                    blocked
 test-amd64-i386-xl-qcow2                                     pass
 test-amd64-amd64-libvirt-raw                                 pass
 test-armhf-armhf-libvirt-raw                                 blocked
 test-amd64-i386-libvirt-raw                                  pass
 test-amd64-amd64-xl-raw                                      pass
 test-armhf-armhf-xl-raw                                      blocked
 test-amd64-i386-xl-raw                                       pass
 test-amd64-amd64-xl-rtds                                     fail
 test-armhf-armhf-xl-rtds                                     blocked
 test-amd64-i386-xl-qemut-winxpsp3-vcpus1                     pass
 test-amd64-i386-xl-qemuu-winxpsp3-vcpus1                     pass
 test-amd64-amd64-libvirt-vhd                                 pass
 test-armhf-armhf-libvirt-vhd                                 blocked
 test-amd64-i386-libvirt-vhd                                  pass
 test-amd64-amd64-xl-vhd                                      pass
 test-armhf-armhf-xl-vhd                                      blocked
 test-amd64-i386-xl-vhd                                       pass
 test-amd64-amd64-xl-qemut-winxpsp3                           pass
 test-amd64-i386-xl-qemut-winxpsp3                            pass
 test-amd64-amd64-xl-qemuu-winxpsp3                           pass
 test-amd64-i386-xl-qemuu-winxpsp3                            pass


------------------------------------------------------------
sg-report-flight on osstest.test-lab.xenproject.org
logs: /home/logs/logs
images: /home/logs/images

Logs, config files, etc. are available at
    http://logs.test-lab.xenproject.org/osstest/logs

Explanation of these reports, and of osstest in general, is at
    http://xenbits.xen.org/gitweb/?p=osstest.git;a=blob;f=README.email;hb=master
    http://xenbits.xen.org/gitweb/?p=osstest.git;a=blob;f=README;hb=master

Test harness code can be found at
    http://xenbits.xen.org/gitweb?p=osstest.git;a=summary


Not pushing.

(No revision log; it would be 4590 lines long.)


[-- Attachment #2: Type: text/plain, Size: 126 bytes --]

_______________________________________________
Xen-devel mailing list
Xen-devel@lists.xen.org
http://lists.xen.org/xen-devel

^ permalink raw reply	[flat|nested] only message in thread

only message in thread, other threads:[~2015-09-15 20:20 UTC | newest]

Thread overview: (only message) (download: mbox.gz follow: Atom feed
-- links below jump to the message on this page --
2015-09-15 20:20 [linux-3.16 test] 61939: regressions - trouble: blocked/broken/fail/pass osstest service owner

This is a public inbox, see mirroring instructions
for how to clone and mirror all data and code used for this inbox;
as well as URLs for NNTP newsgroup(s).