From mboxrd@z Thu Jan 1 00:00:00 1970 From: osstest service owner Subject: [linux-3.16 test] 61939: regressions - trouble: blocked/broken/fail/pass Date: Tue, 15 Sep 2015 20:20:04 +0000 Message-ID: Mime-Version: 1.0 Content-Type: multipart/mixed; boundary="===============7847272870663396777==" Return-path: List-Unsubscribe: , List-Post: List-Help: List-Subscribe: , Sender: xen-devel-bounces@lists.xen.org Errors-To: xen-devel-bounces@lists.xen.org To: xen-devel@lists.xensource.com, osstest-admin@xenproject.org List-Id: xen-devel@lists.xenproject.org --===============7847272870663396777== Content-Length: 18226 Content-Transfer-Encoding: quoted-printable flight 61939 linux-3.16 real [real] http://logs.test-lab.xenproject.org/osstest/logs/61939/ Regressions :-( Tests which did not succeed and are blocking, including tests which could not be run: build-armhf-pvops 4 host-build-prep fail REGR. vs. 60836 Regressions which are regarded as allowable (not blocking): test-amd64-i386-rumpuserxen-i386 15 rumpuserxen-demo-xenstorels/xenstorels.repeat fail REGR. vs. 60836 test-amd64-i386-xl-qemut-stubdom-debianhvm-amd64-xsm 13 guest-localmigrate fail like 60803 test-amd64-amd64-xl-qemut-stubdom-debianhvm-amd64-xsm 13 guest-localmigrate fail like 60803 test-amd64-amd64-xl-credit2 18 guest-localmigrate/x10 fail like 60836 test-amd64-amd64-xl-qemut-win7-amd64 17 guest-stop fail like 60836 Tests which did not succeed, but are not blocking: test-armhf-armhf-xl-vhd 1 build-check(1) blocked n/a test-armhf-armhf-libvirt-qcow2 1 build-check(1) blocked n/a test-armhf-armhf-xl-qcow2 1 build-check(1) blocked n/a test-armhf-armhf-libvirt-vhd 1 build-check(1) blocked n/a test-armhf-armhf-libvirt-raw 1 build-check(1) blocked n/a test-armhf-armhf-xl-raw 1 build-check(1) blocked n/a test-armhf-armhf-libvirt-xsm 1 build-check(1) blocked n/a test-armhf-armhf-libvirt 1 build-check(1) blocked n/a test-armhf-armhf-xl-xsm 1 build-check(1) blocked n/a test-armhf-armhf-xl 1 build-check(1) blocked n/a test-armhf-armhf-xl-rtds 1 build-check(1) blocked n/a test-armhf-armhf-xl-multivcpu 1 build-check(1) blocked n/a test-armhf-armhf-xl-arndale 1 build-check(1) blocked n/a test-armhf-armhf-xl-cubietruck 1 build-check(1) blocked n/a test-armhf-armhf-xl-credit2 1 build-check(1) blocked n/a test-amd64-amd64-xl-pvh-intel 11 guest-start fail never pass test-amd64-amd64-xl-pvh-amd 11 guest-start fail never pass test-amd64-amd64-xl-multivcpu 18 guest-localmigrate/x10 fail never pass test-amd64-amd64-libvirt-pair 21 guest-migrate/src_host/dst_host fail never pass test-amd64-amd64-xl-rtds 18 guest-localmigrate/x10 fail never pass test-amd64-i386-libvirt-xsm 12 migrate-support-check fail never pass test-amd64-i386-libvirt-pair 21 guest-migrate/src_host/dst_host fail never pass test-amd64-amd64-libvirt-xsm 12 migrate-support-check fail never pass test-amd64-i386-libvirt-qemuu-debianhvm-amd64-xsm 10 migrate-support-check fail never pass test-amd64-amd64-libvirt-raw 11 migrate-support-check fail never pass test-amd64-amd64-libvirt-qcow2 11 migrate-support-check fail never pass test-amd64-i386-libvirt-qcow2 11 migrate-support-check fail never pass test-amd64-i386-libvirt-vhd 11 migrate-support-check fail never pass test-amd64-amd64-libvirt-vhd 11 migrate-support-check fail never pass test-amd64-i386-libvirt-raw 11 migrate-support-check fail never pass test-amd64-amd64-libvirt-qemuu-debianhvm-amd64-xsm 10 migrate-support-check fail never pass test-amd64-i386-libvirt 12 migrate-support-check fail never pass test-amd64-amd64-libvirt 12 migrate-support-check fail never pass test-amd64-i386-xl-qemut-win7-amd64 17 guest-stop fail never pass test-amd64-amd64-xl-qemuu-win7-amd64 17 guest-stop fail never pass test-amd64-i386-xl-qemuu-win7-amd64 17 guest-stop fail never pass version targeted for testing: linux 76aee4f56fe6a10b449327f83989474be1d8224c baseline version: linux 72388a1322d01750228f7852c80c7f9547bd63a8 Last test of basis 60836 2015-08-22 23:20:54 Z 23 days Testing same since 61786 2015-09-11 09:43:46 Z 4 days 2 attempts ------------------------------------------------------------ People who touched revisions under test: "Eric W. Biederman" Al Viro Alan Stern Alex Deucher Alexander Drozdov Alexei Potashnik Amanieu d'Antras Andrew Morton Andy Lutomirski Andy Shevchenko Antonio Quartulli Ard Biesheuvel Arkadiusz Mi=C5=9Bkiewicz Axel Lin Bart Van Assche Benjamin Randazzo Bjorn Helgaas Bob Liu Borislav Petkov Brenden Blanco Brian King Catalin Marinas Chad Dupuis Charles Keepax Chris Wilson Christoph Hellwig Christoph Hellwig Cong Wang Cong Wang Dan Carpenter Daniel Borkmann Daniel Vetter Dave Airlie Dave Chinner Dave Chinner David Ahern David Daney David S. Miller David Vrabel Davidlohr Bueso Denis Carikli Ding Tianhong dingtianhong Dirk Behme Dmitry Skorodumov Doug Ledford Dr. Greg Wettstein Eduardo Valentin Eric Dumazet Eric W. Biederman Felix Fietkau Florian Westphal Gavin Shan Gioh Kim Greg Kroah-Hartman Gregory Hoggarth Guenter Roeck Guillermo A. Amaral Hans-Christian Egtvedt Haozhong Zhang Herbert Xu Herton R. Krzesinski Horia Geant=3F huaibin Wang Hugh Dickins Ilan Cohen Ilya Dryomov Ingo Molnar Ivan Vecera J. Bruce Fields Jack Morgenstein James Bottomley James Hogan Jan Kara Jason Gunthorpe Jiri Kosina Jiri Pirko Joe Stringer Joe Thornber Johan Hovold Johannes Oertei John Soni Jose Joseph Qi Juergen Gross Julian Anastasov Kinglong Mee Konrad Rzeszutek Wilk Krzysztof Kozlowski Lars Westerhoff Lee Jones Linus Torvalds Luis Henriques Lukasz Majewski Manfred Spraul Marc Zyngier Marc-Andr=C3=A9 Lureau Marcus Gelderie Marek Belisko Marek Lindner Marek Marczykowski-G=C3=B3recki Mark Brown Markos Chandras Martin Schwidefsky Matan Barak Mathias Nyman Matt Fleming Michael Kerrisk Michael S. Tsirkin Michael Walle Michal Hocko Mike Snitzer Mimi Zohar Ming Lei Naoya Horiguchi NeilBrown Nicholas Bellinger Nicolas Dichtel Nikolay Aleksandrov Nikolay Borisov Oleg Nesterov Or Gerlitz Pablo Neira Ayuso Paolo Bonzini Paul E. McKenney Paul Moore Paul Walmsley Peter Zijlstra (Intel) Peter Zijlstra Pieter Hollants Rafael Aquini Ralf Baechle Rasesh Mody Reinhard Speyerer Richard Weinberger Roger Pau Monn=C3=A9 Roger Quadros Roland Dreier Russell King Rusty Russell Saurav Kashyap Sebastian Ott Seth Forshee Shawn Guo Simon Horman Spencer Baugh Stephen Smalley Steven Rostedt Sumit Saxena Takashi Iwai Takashi Sakamoto Tejun Heo Theodore Ts'o Thomas Hellstrom Trond Myklebust Vasu Dev Vlad Zolotarov WANG Cong Wanpeng Li Wen Xiong Will Deacon Yao-Wen Mao Ying Xue jobs: build-amd64-xsm pass build-armhf-xsm pass build-i386-xsm pass build-amd64 pass build-armhf pass build-i386 pass build-amd64-libvirt pass build-armhf-libvirt pass build-i386-libvirt pass build-amd64-pvops pass build-armhf-pvops broken build-i386-pvops pass build-amd64-rumpuserxen pass build-i386-rumpuserxen pass test-amd64-amd64-xl pass test-armhf-armhf-xl blocked test-amd64-i386-xl pass test-amd64-amd64-xl-qemut-debianhvm-amd64-xsm pass test-amd64-i386-xl-qemut-debianhvm-amd64-xsm pass test-amd64-amd64-libvirt-qemuu-debianhvm-amd64-xsm pass test-amd64-i386-libvirt-qemuu-debianhvm-amd64-xsm pass test-amd64-amd64-xl-qemuu-debianhvm-amd64-xsm pass test-amd64-i386-xl-qemuu-debianhvm-amd64-xsm pass test-amd64-amd64-xl-qemut-stubdom-debianhvm-amd64-xsm fail test-amd64-i386-xl-qemut-stubdom-debianhvm-amd64-xsm fail test-amd64-amd64-libvirt-xsm pass test-armhf-armhf-libvirt-xsm blocked test-amd64-i386-libvirt-xsm pass test-amd64-amd64-xl-xsm pass test-armhf-armhf-xl-xsm blocked test-amd64-i386-xl-xsm pass test-amd64-amd64-xl-pvh-amd fail test-amd64-i386-qemut-rhel6hvm-amd pass test-amd64-i386-qemuu-rhel6hvm-amd pass test-amd64-amd64-xl-qemut-debianhvm-amd64 pass test-amd64-i386-xl-qemut-debianhvm-amd64 pass test-amd64-amd64-xl-qemuu-debianhvm-amd64 pass test-amd64-i386-xl-qemuu-debianhvm-amd64 pass test-amd64-i386-freebsd10-amd64 pass test-amd64-amd64-xl-qemuu-ovmf-amd64 pass test-amd64-i386-xl-qemuu-ovmf-amd64 pass test-amd64-amd64-rumpuserxen-amd64 pass test-amd64-amd64-xl-qemut-win7-amd64 fail test-amd64-i386-xl-qemut-win7-amd64 fail test-amd64-amd64-xl-qemuu-win7-amd64 fail test-amd64-i386-xl-qemuu-win7-amd64 fail test-armhf-armhf-xl-arndale blocked test-amd64-amd64-xl-credit2 fail test-armhf-armhf-xl-credit2 blocked test-armhf-armhf-xl-cubietruck blocked test-amd64-i386-freebsd10-i386 pass test-amd64-i386-rumpuserxen-i386 fail test-amd64-amd64-xl-pvh-intel fail test-amd64-i386-qemut-rhel6hvm-intel pass test-amd64-i386-qemuu-rhel6hvm-intel pass test-amd64-amd64-libvirt pass test-armhf-armhf-libvirt blocked test-amd64-i386-libvirt pass test-amd64-amd64-xl-multivcpu fail test-armhf-armhf-xl-multivcpu blocked test-amd64-amd64-pair pass test-amd64-i386-pair pass test-amd64-amd64-libvirt-pair fail test-amd64-i386-libvirt-pair fail test-amd64-amd64-amd64-pvgrub pass test-amd64-amd64-i386-pvgrub pass test-amd64-amd64-pygrub pass test-amd64-amd64-libvirt-qcow2 pass test-armhf-armhf-libvirt-qcow2 blocked test-amd64-i386-libvirt-qcow2 pass test-amd64-amd64-xl-qcow2 pass test-armhf-armhf-xl-qcow2 blocked test-amd64-i386-xl-qcow2 pass test-amd64-amd64-libvirt-raw pass test-armhf-armhf-libvirt-raw blocked test-amd64-i386-libvirt-raw pass test-amd64-amd64-xl-raw pass test-armhf-armhf-xl-raw blocked test-amd64-i386-xl-raw pass test-amd64-amd64-xl-rtds fail test-armhf-armhf-xl-rtds blocked test-amd64-i386-xl-qemut-winxpsp3-vcpus1 pass test-amd64-i386-xl-qemuu-winxpsp3-vcpus1 pass test-amd64-amd64-libvirt-vhd pass test-armhf-armhf-libvirt-vhd blocked test-amd64-i386-libvirt-vhd pass test-amd64-amd64-xl-vhd pass test-armhf-armhf-xl-vhd blocked test-amd64-i386-xl-vhd pass test-amd64-amd64-xl-qemut-winxpsp3 pass test-amd64-i386-xl-qemut-winxpsp3 pass test-amd64-amd64-xl-qemuu-winxpsp3 pass test-amd64-i386-xl-qemuu-winxpsp3 pass ------------------------------------------------------------ sg-report-flight on osstest.test-lab.xenproject.org logs: /home/logs/logs images: /home/logs/images Logs, config files, etc. are available at http://logs.test-lab.xenproject.org/osstest/logs Explanation of these reports, and of osstest in general, is at http://xenbits.xen.org/gitweb/=3Fp=3Dosstest.git;a=3Dblob;f=3DREADME.email;hb=3Dmaster http://xenbits.xen.org/gitweb/=3Fp=3Dosstest.git;a=3Dblob;f=3DREADME;hb=3Dmaster Test harness code can be found at http://xenbits.xen.org/gitweb=3Fp=3Dosstest.git;a=3Dsummary Not pushing. (No revision log; it would be 4590 lines long.) --===============7847272870663396777== Content-Type: text/plain; charset="us-ascii" MIME-Version: 1.0 Content-Transfer-Encoding: 7bit Content-Disposition: inline _______________________________________________ Xen-devel mailing list Xen-devel@lists.xen.org http://lists.xen.org/xen-devel --===============7847272870663396777==--